{"id":620,"date":"2023-02-09T23:20:42","date_gmt":"2023-02-09T22:20:42","guid":{"rendered":"https:\/\/site.educa.madrid.org\/cp.teresadecalcuta.sansebastian\/?page_id=620"},"modified":"2024-02-05T18:30:08","modified_gmt":"2024-02-05T17:30:08","slug":"plan-de-atencion-a-la-diversidad","status":"publish","type":"page","link":"https:\/\/site.educa.madrid.org\/cp.teresadecalcuta.sansebastian\/index.php\/plan-de-atencion-a-la-diversidad\/","title":{"rendered":"PLAN DE ATENCI\u00d3N A LA DIVERSIDAD"},"content":{"rendered":"\n<figure class=\"wp-block-image alignfull size-large\"><img loading=\"lazy\" decoding=\"async\" width=\"1024\" height=\"194\" src=\"https:\/\/site.educa.madrid.org\/cp.teresadecalcuta.sansebastian\/\/wp-content\/uploads\/cp.teresadecalcuta.sansebastian\/2024\/02\/plan-incluyo-1024x194.png\" alt=\"\" class=\"wp-image-1335\" srcset=\"https:\/\/site.educa.madrid.org\/cp.teresadecalcuta.sansebastian\/\/wp-content\/uploads\/cp.teresadecalcuta.sansebastian\/2024\/02\/plan-incluyo-1024x194.png 1024w, https:\/\/site.educa.madrid.org\/cp.teresadecalcuta.sansebastian\/\/wp-content\/uploads\/cp.teresadecalcuta.sansebastian\/2024\/02\/plan-incluyo-300x57.png 300w, https:\/\/site.educa.madrid.org\/cp.teresadecalcuta.sansebastian\/\/wp-content\/uploads\/cp.teresadecalcuta.sansebastian\/2024\/02\/plan-incluyo-768x146.png 768w, https:\/\/site.educa.madrid.org\/cp.teresadecalcuta.sansebastian\/\/wp-content\/uploads\/cp.teresadecalcuta.sansebastian\/2024\/02\/plan-incluyo-1536x292.png 1536w, https:\/\/site.educa.madrid.org\/cp.teresadecalcuta.sansebastian\/\/wp-content\/uploads\/cp.teresadecalcuta.sansebastian\/2024\/02\/plan-incluyo-2048x389.png 2048w\" sizes=\"auto, (max-width: 1024px) 100vw, 1024px\" \/><\/figure>\n\n\n\n<p>Mediante este programa pretendemos proporcionar al alumnado la respuesta m\u00e1s ajustada a sus necesidades&nbsp;educativas, mediante medidas de apoyo y atenci\u00f3n a estos alumnos.<\/p>\n\n\n\n<p><strong>Equipo de Apoyo:<\/strong><\/p>\n\n\n\n<ul class=\"wp-block-list\">\n<li>El colegio es un centro de escolarizaci\u00f3n preferente con dos aulas TEA.<\/li>\n\n\n\n<li>Los alumnos \/ as con necesidades especificas de apoyo educativo son atendidos por el profesorado especialista en Pedagog\u00eda Terap\u00e9utica y en Audici\u00f3n y Lenguaje dentro de su aula o bien en las tutor\u00edas habilitadas al efecto de forma individual o en peque\u00f1o grupo.<\/li>\n<\/ul>\n\n\n\n<p><strong>Refuerzo:<\/strong><\/p>\n\n\n\n<p>Este programa atiende al alumnado con dificultades de aprendizaje transitorias o desfase en alg\u00fan contenido b\u00e1sico. Esta actuaci\u00f3n se lleva a cabo preferentemente dentro del aula.<\/p>\n\n\n\n<p><strong>Orientaci\u00f3n de equipos externos:<\/strong><\/p>\n\n\n\n<p>El Orientador del E.O.E.P. atiende en nuestro colegio tres veces a la semana.<\/p>\n\n\n\n<p><strong>Profesor T\u00e9cnico de Servicios a la Comunidad.<\/strong><\/p>\n\n\n\n<p>Acude al centro una vez a la semana.<\/p>\n\n\n\n<div data-wp-interactive=\"core\/file\" class=\"wp-block-file alignfull\"><object data-wp-bind--hidden=\"!state.hasPdfPreview\" hidden class=\"wp-block-file__embed\" data=\"https:\/\/site.educa.madrid.org\/cp.teresadecalcuta.sansebastian\/\/wp-content\/uploads\/cp.teresadecalcuta.sansebastian\/2024\/02\/DECRETO-23.pdf\" type=\"application\/pdf\" style=\"width:100%;height:600px\" aria-label=\"Incrustado de DECRETO-23.\"><\/object><a id=\"wp-block-file--media-da689f7f-0330-41f0-a0f4-4c3871201da3\" href=\"https:\/\/site.educa.madrid.org\/cp.teresadecalcuta.sansebastian\/\/wp-content\/uploads\/cp.teresadecalcuta.sansebastian\/2024\/02\/DECRETO-23.pdf\">DECRETO-23<\/a><a href=\"https:\/\/site.educa.madrid.org\/cp.teresadecalcuta.sansebastian\/\/wp-content\/uploads\/cp.teresadecalcuta.sansebastian\/2024\/02\/DECRETO-23.pdf\" class=\"wp-block-file__button wp-element-button\" download aria-describedby=\"wp-block-file--media-da689f7f-0330-41f0-a0f4-4c3871201da3\">Descarga<\/a><\/div>\n","protected":false},"excerpt":{"rendered":"<p>Mediante este programa pretendemos proporcionar al alumnado la respuesta m\u00e1s ajustada a sus necesidades&nbsp;educativas, mediante medidas de apoyo y atenci\u00f3n a estos alumnos. Equipo de Apoyo: Refuerzo: Este programa atiende &#8230;<\/p>\n","protected":false},"author":9,"featured_media":0,"parent":0,"menu_order":0,"comment_status":"closed","ping_status":"closed","template":"","meta":{"footnotes":""},"folder":[],"class_list":["post-620","page","type-page","status-publish","hentry"],"rttpg_featured_image_url":null,"rttpg_author":{"display_name":"Juani Ruiz Quesada","author_link":"https:\/\/site.educa.madrid.org\/cp.teresadecalcuta.sansebastian\/index.php\/author\/juana-isabel_ruiz-quesada\/"},"rttpg_comment":0,"rttpg_category":false,"rttpg_excerpt":"Mediante este programa pretendemos proporcionar al alumnado la respuesta m\u00e1s ajustada a sus necesidades&nbsp;educativas, mediante medidas de apoyo y atenci\u00f3n a estos alumnos. Equipo de Apoyo: Refuerzo: Este programa atiende ...","post_mailing_queue_ids":[],"_links":{"self":[{"href":"https:\/\/site.educa.madrid.org\/cp.teresadecalcuta.sansebastian\/index.php\/wp-json\/wp\/v2\/pages\/620","targetHints":{"allow":["GET"]}}],"collection":[{"href":"https:\/\/site.educa.madrid.org\/cp.teresadecalcuta.sansebastian\/index.php\/wp-json\/wp\/v2\/pages"}],"about":[{"href":"https:\/\/site.educa.madrid.org\/cp.teresadecalcuta.sansebastian\/index.php\/wp-json\/wp\/v2\/types\/page"}],"author":[{"embeddable":true,"href":"https:\/\/site.educa.madrid.org\/cp.teresadecalcuta.sansebastian\/index.php\/wp-json\/wp\/v2\/users\/9"}],"replies":[{"embeddable":true,"href":"https:\/\/site.educa.madrid.org\/cp.teresadecalcuta.sansebastian\/index.php\/wp-json\/wp\/v2\/comments?post=620"}],"version-history":[{"count":4,"href":"https:\/\/site.educa.madrid.org\/cp.teresadecalcuta.sansebastian\/index.php\/wp-json\/wp\/v2\/pages\/620\/revisions"}],"predecessor-version":[{"id":1336,"href":"https:\/\/site.educa.madrid.org\/cp.teresadecalcuta.sansebastian\/index.php\/wp-json\/wp\/v2\/pages\/620\/revisions\/1336"}],"wp:attachment":[{"href":"https:\/\/site.educa.madrid.org\/cp.teresadecalcuta.sansebastian\/index.php\/wp-json\/wp\/v2\/media?parent=620"}],"wp:term":[{"taxonomy":"folder","embeddable":true,"href":"https:\/\/site.educa.madrid.org\/cp.teresadecalcuta.sansebastian\/index.php\/wp-json\/wp\/v2\/folder?post=620"}],"curies":[{"name":"wp","href":"https:\/\/api.w.org\/{rel}","templated":true}]}}

PLAN DE ATENCIÓN A LA DIVERSIDAD

<figure class="wp-block-image alignfull size-large"><img loading="lazy" decoding="async" width="1024" height="194" src="https://site.educa.madrid.org/cp.teresadecalcuta.sansebastian//wp-content/uploads/cp.teresadecalcuta.sansebastian/2024/02/plan-incluyo-1024x194.png" alt="" class="wp-image-1335" srcset="https://site.educa.madrid.org/cp.teresadecalcuta.sansebastian//wp-content/uploads/cp.teresadecalcuta.sansebastian/2024/02/plan-incluyo-1024x194.png 1024w, https://site.educa.madrid.org/cp.teresadecalcuta.sansebastian//wp-content/uploads/cp.teresadecalcuta.sansebastian/2024/02/plan-incluyo-300x57.png 300w, https://site.educa.madrid.org/cp.teresadecalcuta.sansebastian//wp-content/uploads/cp.teresadecalcuta.sansebastian/2024/02/plan-incluyo-768x146.png 768w, https://site.educa.madrid.org/cp.teresadecalcuta.sansebastian//wp-content/uploads/cp.teresadecalcuta.sansebastian/2024/02/plan-incluyo-1536x292.png 1536w, https://site.educa.madrid.org/cp.teresadecalcuta.sansebastian//wp-content/uploads/cp.teresadecalcuta.sansebastian/2024/02/plan-incluyo-2048x389.png 2048w" sizes="auto, (max-width: 1024px) 100vw, 1024px" /></figure>



<p>Mediante este programa pretendemos proporcionar al alumnado la respuesta más ajustada a sus necesidades&nbsp;educativas, mediante medidas de apoyo y atención a estos alumnos.</p>



<p><strong>Equipo de Apoyo:</strong></p>



<ul class="wp-block-list">
<li>El colegio es un centro de escolarización preferente con dos aulas TEA.</li>



<li>Los alumnos / as con necesidades especificas de apoyo educativo son atendidos por el profesorado especialista en Pedagogía Terapéutica y en Audición y Lenguaje dentro de su aula o bien en las tutorías habilitadas al efecto de forma individual o en pequeño grupo.</li>
</ul>



<p><strong>Refuerzo:</strong></p>



<p>Este programa atiende al alumnado con dificultades de aprendizaje transitorias o desfase en algún contenido básico. Esta actuación se lleva a cabo preferentemente dentro del aula.</p>



<p><strong>Orientación de equipos externos:</strong></p>



<p>El Orientador del E.O.E.P. atiende en nuestro colegio tres veces a la semana.</p>



<p><strong>Profesor Técnico de Servicios a la Comunidad.</strong></p>



<p>Acude al centro una vez a la semana.</p>



<div data-wp-interactive="core/file" class="wp-block-file alignfull"><object data-wp-bind--hidden="!state.hasPdfPreview" hidden class="wp-block-file__embed" data="https://site.educa.madrid.org/cp.teresadecalcuta.sansebastian//wp-content/uploads/cp.teresadecalcuta.sansebastian/2024/02/DECRETO-23.pdf" type="application/pdf" style="width:100%;height:600px" aria-label="Incrustado de DECRETO-23."></object><a id="wp-block-file--media-da689f7f-0330-41f0-a0f4-4c3871201da3" href="https://site.educa.madrid.org/cp.teresadecalcuta.sansebastian//wp-content/uploads/cp.teresadecalcuta.sansebastian/2024/02/DECRETO-23.pdf">DECRETO-23</a><a href="https://site.educa.madrid.org/cp.teresadecalcuta.sansebastian//wp-content/uploads/cp.teresadecalcuta.sansebastian/2024/02/DECRETO-23.pdf" class="wp-block-file__button wp-element-button" download aria-describedby="wp-block-file--media-da689f7f-0330-41f0-a0f4-4c3871201da3">Descarga</a></div>

<p>Mediante este programa pretendemos proporcionar al alumnado la respuesta más ajustada a sus necesidades&nbsp;educativas, mediante medidas de apoyo y atención a estos alumnos. Equipo de Apoyo: Refuerzo: Este programa atiende &#8230;</p>

Mediante este programa pretendemos proporcionar al alumnado la respuesta más ajustada a sus necesidades&nbsp;educativas, mediante medidas de apoyo y atención a estos alumnos. Equipo de Apoyo: Refuerzo: Este programa atiende ...
