{"id":624,"date":"2023-02-09T23:20:42","date_gmt":"2023-02-09T22:20:42","guid":{"rendered":"https:\/\/site.educa.madrid.org\/cp.teresadecalcuta.sansebastian\/?page_id=624"},"modified":"2024-02-05T14:33:54","modified_gmt":"2024-02-05T13:33:54","slug":"proyecto-de-innovacion-educativa-aula-del-futuro","status":"publish","type":"page","link":"https:\/\/site.educa.madrid.org\/cp.teresadecalcuta.sansebastian\/index.php\/proyecto-de-innovacion-educativa-aula-del-futuro\/","title":{"rendered":"PROYECTO DE INNOVACI\u00d3N EDUCATIVA: AULA DEL FUTURO"},"content":{"rendered":"\n<figure class=\"wp-block-image alignfull size-large\"><img loading=\"lazy\" decoding=\"async\" width=\"1024\" height=\"173\" src=\"https:\/\/site.educa.madrid.org\/cp.teresadecalcuta.sansebastian\/\/wp-content\/uploads\/cp.teresadecalcuta.sansebastian\/2024\/01\/FUTURO-1024x173.png\" alt=\"\" class=\"wp-image-1158\" srcset=\"https:\/\/site.educa.madrid.org\/cp.teresadecalcuta.sansebastian\/\/wp-content\/uploads\/cp.teresadecalcuta.sansebastian\/2024\/01\/FUTURO-1024x173.png 1024w, https:\/\/site.educa.madrid.org\/cp.teresadecalcuta.sansebastian\/\/wp-content\/uploads\/cp.teresadecalcuta.sansebastian\/2024\/01\/FUTURO-300x51.png 300w, https:\/\/site.educa.madrid.org\/cp.teresadecalcuta.sansebastian\/\/wp-content\/uploads\/cp.teresadecalcuta.sansebastian\/2024\/01\/FUTURO-768x130.png 768w, https:\/\/site.educa.madrid.org\/cp.teresadecalcuta.sansebastian\/\/wp-content\/uploads\/cp.teresadecalcuta.sansebastian\/2024\/01\/FUTURO-1536x260.png 1536w, https:\/\/site.educa.madrid.org\/cp.teresadecalcuta.sansebastian\/\/wp-content\/uploads\/cp.teresadecalcuta.sansebastian\/2024\/01\/FUTURO-2048x346.png 2048w\" sizes=\"auto, (max-width: 1024px) 100vw, 1024px\" \/><\/figure>\n\n\n\n<div class=\"wp-block-media-text alignfull is-stacked-on-mobile\"><figure class=\"wp-block-media-text__media\"><img loading=\"lazy\" decoding=\"async\" width=\"1024\" height=\"576\" src=\"https:\/\/site.educa.madrid.org\/cp.teresadecalcuta.sansebastian\/\/wp-content\/uploads\/cp.teresadecalcuta.sansebastian\/2024\/02\/WhatsApp-Image-2024-01-23-at-10.12.22-1.jpeg\" alt=\"\" class=\"wp-image-1273 size-full\" srcset=\"https:\/\/site.educa.madrid.org\/cp.teresadecalcuta.sansebastian\/\/wp-content\/uploads\/cp.teresadecalcuta.sansebastian\/2024\/02\/WhatsApp-Image-2024-01-23-at-10.12.22-1.jpeg 1024w, https:\/\/site.educa.madrid.org\/cp.teresadecalcuta.sansebastian\/\/wp-content\/uploads\/cp.teresadecalcuta.sansebastian\/2024\/02\/WhatsApp-Image-2024-01-23-at-10.12.22-1-300x169.jpeg 300w, https:\/\/site.educa.madrid.org\/cp.teresadecalcuta.sansebastian\/\/wp-content\/uploads\/cp.teresadecalcuta.sansebastian\/2024\/02\/WhatsApp-Image-2024-01-23-at-10.12.22-1-768x432.jpeg 768w\" sizes=\"auto, (max-width: 1024px) 100vw, 1024px\" \/><\/figure><div class=\"wp-block-media-text__content\">\n<p>1. Dise\u00f1ar un espacio con una zona que fomente la exploraci\u00f3n y la investigaci\u00f3n,<br>otra para la interacci\u00f3n donde planifiquen el trabajo a desarrollar, otra para desarrollar creativamente el trabajo y otra zona para presentar el proyecto realizado por los alumnos.<\/p>\n\n\n\n<p><br>2. Trabajar de manera inclusiva y normalizada la atenci\u00f3n a la diversidad de alumnos con necesidades educativas especiales y de alumnos con necesidad espec\u00edfica de apoyo educativo.<\/p>\n\n\n\n<p><br>3. Fomentar el aprendizaje significativo partiendo de los conocimientos previos.<\/p>\n\n\n\n<p><br>4. Redise\u00f1ar roles, convirtiendo al alumno en el verdadero protagonista de sus aprendizajes y fomentando el desarrollo de un pensamiento cr\u00edtico.<\/p>\n<\/div><\/div>\n\n\n\n<div class=\"wp-block-media-text alignfull has-media-on-the-right is-stacked-on-mobile\"><div class=\"wp-block-media-text__content\">\n<p>5. Centralizar los recursos tecnol\u00f3gicos en un espacio para favorecer la accesibilidad a los mismos y su uso.<\/p>\n\n\n\n<p><br>6. Formar a los docentes en aspectos relativos a las metodolog\u00edas activas, al uso de tecnolog\u00edas digitales en el aula y al uso en el aula de modelos pedag\u00f3gicos activos.<\/p>\n\n\n\n<p><br>7. Establecer redes de colaboraci\u00f3n entre docentes dentro del centro en las que unos ayuden y gu\u00eden a otros hacia la consecuci\u00f3n de los objetivos programados.<\/p>\n\n\n\n<p><br>8. Colaborar en la creaci\u00f3n de una red externa al compartir todos los objetos y materiales creados a trav\u00e9s de la mediateca de EducaMadrid, cloud y otras plataformas respaldadas por EducaMadrid, de modo que est\u00e9n al alcance de cualquier docente.<\/p>\n<\/div><figure class=\"wp-block-media-text__media\"><img loading=\"lazy\" decoding=\"async\" width=\"1024\" height=\"576\" src=\"https:\/\/site.educa.madrid.org\/cp.teresadecalcuta.sansebastian\/\/wp-content\/uploads\/cp.teresadecalcuta.sansebastian\/2024\/02\/WhatsApp-Image-2024-01-23-at-10.12.20.jpeg\" alt=\"\" class=\"wp-image-1274 size-full\" srcset=\"https:\/\/site.educa.madrid.org\/cp.teresadecalcuta.sansebastian\/\/wp-content\/uploads\/cp.teresadecalcuta.sansebastian\/2024\/02\/WhatsApp-Image-2024-01-23-at-10.12.20.jpeg 1024w, https:\/\/site.educa.madrid.org\/cp.teresadecalcuta.sansebastian\/\/wp-content\/uploads\/cp.teresadecalcuta.sansebastian\/2024\/02\/WhatsApp-Image-2024-01-23-at-10.12.20-300x169.jpeg 300w, https:\/\/site.educa.madrid.org\/cp.teresadecalcuta.sansebastian\/\/wp-content\/uploads\/cp.teresadecalcuta.sansebastian\/2024\/02\/WhatsApp-Image-2024-01-23-at-10.12.20-768x432.jpeg 768w\" sizes=\"auto, (max-width: 1024px) 100vw, 1024px\" \/><\/figure><\/div>\n\n\n\n<div class=\"wp-block-columns is-layout-flex wp-container-core-columns-is-layout-9d6595d7 wp-block-columns-is-layout-flex\">\n<div class=\"wp-block-column is-layout-flow wp-block-column-is-layout-flow\">\n<figure class=\"wp-block-image alignfull size-full\"><img loading=\"lazy\" decoding=\"async\" width=\"1024\" height=\"576\" src=\"https:\/\/site.educa.madrid.org\/cp.teresadecalcuta.sansebastian\/\/wp-content\/uploads\/cp.teresadecalcuta.sansebastian\/2024\/02\/WhatsApp-Image-2024-01-23-at-10.12.19.jpeg\" alt=\"\" class=\"wp-image-1276\" srcset=\"https:\/\/site.educa.madrid.org\/cp.teresadecalcuta.sansebastian\/\/wp-content\/uploads\/cp.teresadecalcuta.sansebastian\/2024\/02\/WhatsApp-Image-2024-01-23-at-10.12.19.jpeg 1024w, https:\/\/site.educa.madrid.org\/cp.teresadecalcuta.sansebastian\/\/wp-content\/uploads\/cp.teresadecalcuta.sansebastian\/2024\/02\/WhatsApp-Image-2024-01-23-at-10.12.19-300x169.jpeg 300w, https:\/\/site.educa.madrid.org\/cp.teresadecalcuta.sansebastian\/\/wp-content\/uploads\/cp.teresadecalcuta.sansebastian\/2024\/02\/WhatsApp-Image-2024-01-23-at-10.12.19-768x432.jpeg 768w\" sizes=\"auto, (max-width: 1024px) 100vw, 1024px\" \/><\/figure>\n<\/div>\n\n\n\n<div class=\"wp-block-column is-layout-flow wp-block-column-is-layout-flow\">\n<figure class=\"wp-block-image alignfull size-full\"><img loading=\"lazy\" decoding=\"async\" width=\"1024\" height=\"576\" src=\"https:\/\/site.educa.madrid.org\/cp.teresadecalcuta.sansebastian\/\/wp-content\/uploads\/cp.teresadecalcuta.sansebastian\/2024\/02\/WhatsApp-Image-2024-01-23-at-10.12.21.jpeg\" alt=\"\" class=\"wp-image-1278\" srcset=\"https:\/\/site.educa.madrid.org\/cp.teresadecalcuta.sansebastian\/\/wp-content\/uploads\/cp.teresadecalcuta.sansebastian\/2024\/02\/WhatsApp-Image-2024-01-23-at-10.12.21.jpeg 1024w, https:\/\/site.educa.madrid.org\/cp.teresadecalcuta.sansebastian\/\/wp-content\/uploads\/cp.teresadecalcuta.sansebastian\/2024\/02\/WhatsApp-Image-2024-01-23-at-10.12.21-300x169.jpeg 300w, https:\/\/site.educa.madrid.org\/cp.teresadecalcuta.sansebastian\/\/wp-content\/uploads\/cp.teresadecalcuta.sansebastian\/2024\/02\/WhatsApp-Image-2024-01-23-at-10.12.21-768x432.jpeg 768w\" sizes=\"auto, (max-width: 1024px) 100vw, 1024px\" \/><\/figure>\n<\/div>\n\n\n\n<div class=\"wp-block-column is-layout-flow wp-block-column-is-layout-flow\">\n<figure class=\"wp-block-image alignfull size-full\"><img loading=\"lazy\" decoding=\"async\" width=\"1024\" height=\"576\" src=\"https:\/\/site.educa.madrid.org\/cp.teresadecalcuta.sansebastian\/\/wp-content\/uploads\/cp.teresadecalcuta.sansebastian\/2024\/02\/WhatsApp-Image-2024-01-23-at-10.12.17.jpeg\" alt=\"\" class=\"wp-image-1279\" srcset=\"https:\/\/site.educa.madrid.org\/cp.teresadecalcuta.sansebastian\/\/wp-content\/uploads\/cp.teresadecalcuta.sansebastian\/2024\/02\/WhatsApp-Image-2024-01-23-at-10.12.17.jpeg 1024w, https:\/\/site.educa.madrid.org\/cp.teresadecalcuta.sansebastian\/\/wp-content\/uploads\/cp.teresadecalcuta.sansebastian\/2024\/02\/WhatsApp-Image-2024-01-23-at-10.12.17-300x169.jpeg 300w, https:\/\/site.educa.madrid.org\/cp.teresadecalcuta.sansebastian\/\/wp-content\/uploads\/cp.teresadecalcuta.sansebastian\/2024\/02\/WhatsApp-Image-2024-01-23-at-10.12.17-768x432.jpeg 768w\" sizes=\"auto, (max-width: 1024px) 100vw, 1024px\" \/><\/figure>\n<\/div>\n<\/div>\n\n\n\n<div class=\"wp-block-columns is-layout-flex wp-container-core-columns-is-layout-9d6595d7 wp-block-columns-is-layout-flex\">\n<div class=\"wp-block-column is-layout-flow wp-block-column-is-layout-flow\">\n<div data-wp-interactive=\"core\/file\" class=\"wp-block-file alignfull\"><object data-wp-bind--hidden=\"!state.hasPdfPreview\" hidden class=\"wp-block-file__embed\" data=\"https:\/\/site.educa.madrid.org\/cp.teresadecalcuta.sansebastian\/\/wp-content\/uploads\/cp.teresadecalcuta.sansebastian\/2024\/01\/Proyecto-de-innovacion-educativa_-aula-.pdf\" type=\"application\/pdf\" style=\"width:100%;height:390px\" aria-label=\"Incrustado de Proyecto-de-innovacion-educativa_-aula-.\"><\/object><a id=\"wp-block-file--media-bf8983a0-5a8b-49a6-9e76-fcc6a9728d0a\" href=\"https:\/\/site.educa.madrid.org\/cp.teresadecalcuta.sansebastian\/\/wp-content\/uploads\/cp.teresadecalcuta.sansebastian\/2024\/01\/Proyecto-de-innovacion-educativa_-aula-.pdf\">Proyecto-de-innovacion-educativa_-aula-<\/a><a href=\"https:\/\/site.educa.madrid.org\/cp.teresadecalcuta.sansebastian\/\/wp-content\/uploads\/cp.teresadecalcuta.sansebastian\/2024\/01\/Proyecto-de-innovacion-educativa_-aula-.pdf\" class=\"wp-block-file__button wp-element-button\" download aria-describedby=\"wp-block-file--media-bf8983a0-5a8b-49a6-9e76-fcc6a9728d0a\">Descarga<\/a><\/div>\n<\/div>\n\n\n\n<div class=\"wp-block-column is-layout-flow wp-block-column-is-layout-flow\">\n<div data-wp-interactive=\"core\/file\" class=\"wp-block-file alignfull\"><object data-wp-bind--hidden=\"!state.hasPdfPreview\" hidden class=\"wp-block-file__embed\" data=\"https:\/\/site.educa.madrid.org\/cp.teresadecalcuta.sansebastian\/\/wp-content\/uploads\/cp.teresadecalcuta.sansebastian\/2024\/01\/CEIPTeresadeCalcuta_PDC-1.pdf\" type=\"application\/pdf\" style=\"width:100%;height:390px\" aria-label=\"Incrustado de CEIPTeresadeCalcuta_PDC-1.\"><\/object><a id=\"wp-block-file--media-ced6b444-e5b9-485e-8439-bfaa1435e78c\" href=\"https:\/\/site.educa.madrid.org\/cp.teresadecalcuta.sansebastian\/\/wp-content\/uploads\/cp.teresadecalcuta.sansebastian\/2024\/01\/CEIPTeresadeCalcuta_PDC-1.pdf\">CEIPTeresadeCalcuta_PDC-1<\/a><a href=\"https:\/\/site.educa.madrid.org\/cp.teresadecalcuta.sansebastian\/\/wp-content\/uploads\/cp.teresadecalcuta.sansebastian\/2024\/01\/CEIPTeresadeCalcuta_PDC-1.pdf\" class=\"wp-block-file__button wp-element-button\" download aria-describedby=\"wp-block-file--media-ced6b444-e5b9-485e-8439-bfaa1435e78c\"><\/a><\/div>\n<\/div>\n<\/div>\n","protected":false},"excerpt":{"rendered":"<p>1. Dise\u00f1ar un espacio con una zona que fomente la exploraci\u00f3n y la investigaci\u00f3n,otra para la interacci\u00f3n donde planifiquen el trabajo a desarrollar, otra para desarrollar creativamente el trabajo y &#8230;<\/p>\n","protected":false},"author":9,"featured_media":0,"parent":0,"menu_order":0,"comment_status":"closed","ping_status":"closed","template":"","meta":{"footnotes":""},"folder":[],"class_list":["post-624","page","type-page","status-publish","hentry"],"rttpg_featured_image_url":null,"rttpg_author":{"display_name":"Juani Ruiz Quesada","author_link":"https:\/\/site.educa.madrid.org\/cp.teresadecalcuta.sansebastian\/index.php\/author\/juana-isabel_ruiz-quesada\/"},"rttpg_comment":0,"rttpg_category":false,"rttpg_excerpt":"1. Dise\u00f1ar un espacio con una zona que fomente la exploraci\u00f3n y la investigaci\u00f3n,otra para la interacci\u00f3n donde planifiquen el trabajo a desarrollar, otra para desarrollar creativamente el trabajo y ...","post_mailing_queue_ids":[],"_links":{"self":[{"href":"https:\/\/site.educa.madrid.org\/cp.teresadecalcuta.sansebastian\/index.php\/wp-json\/wp\/v2\/pages\/624","targetHints":{"allow":["GET"]}}],"collection":[{"href":"https:\/\/site.educa.madrid.org\/cp.teresadecalcuta.sansebastian\/index.php\/wp-json\/wp\/v2\/pages"}],"about":[{"href":"https:\/\/site.educa.madrid.org\/cp.teresadecalcuta.sansebastian\/index.php\/wp-json\/wp\/v2\/types\/page"}],"author":[{"embeddable":true,"href":"https:\/\/site.educa.madrid.org\/cp.teresadecalcuta.sansebastian\/index.php\/wp-json\/wp\/v2\/users\/9"}],"replies":[{"embeddable":true,"href":"https:\/\/site.educa.madrid.org\/cp.teresadecalcuta.sansebastian\/index.php\/wp-json\/wp\/v2\/comments?post=624"}],"version-history":[{"count":12,"href":"https:\/\/site.educa.madrid.org\/cp.teresadecalcuta.sansebastian\/index.php\/wp-json\/wp\/v2\/pages\/624\/revisions"}],"predecessor-version":[{"id":1280,"href":"https:\/\/site.educa.madrid.org\/cp.teresadecalcuta.sansebastian\/index.php\/wp-json\/wp\/v2\/pages\/624\/revisions\/1280"}],"wp:attachment":[{"href":"https:\/\/site.educa.madrid.org\/cp.teresadecalcuta.sansebastian\/index.php\/wp-json\/wp\/v2\/media?parent=624"}],"wp:term":[{"taxonomy":"folder","embeddable":true,"href":"https:\/\/site.educa.madrid.org\/cp.teresadecalcuta.sansebastian\/index.php\/wp-json\/wp\/v2\/folder?post=624"}],"curies":[{"name":"wp","href":"https:\/\/api.w.org\/{rel}","templated":true}]}}

PROYECTO DE INNOVACIÓN EDUCATIVA: AULA DEL FUTURO

<figure class="wp-block-image alignfull size-large"><img loading="lazy" decoding="async" width="1024" height="173" src="https://site.educa.madrid.org/cp.teresadecalcuta.sansebastian//wp-content/uploads/cp.teresadecalcuta.sansebastian/2024/01/FUTURO-1024x173.png" alt="" class="wp-image-1158" srcset="https://site.educa.madrid.org/cp.teresadecalcuta.sansebastian//wp-content/uploads/cp.teresadecalcuta.sansebastian/2024/01/FUTURO-1024x173.png 1024w, https://site.educa.madrid.org/cp.teresadecalcuta.sansebastian//wp-content/uploads/cp.teresadecalcuta.sansebastian/2024/01/FUTURO-300x51.png 300w, https://site.educa.madrid.org/cp.teresadecalcuta.sansebastian//wp-content/uploads/cp.teresadecalcuta.sansebastian/2024/01/FUTURO-768x130.png 768w, https://site.educa.madrid.org/cp.teresadecalcuta.sansebastian//wp-content/uploads/cp.teresadecalcuta.sansebastian/2024/01/FUTURO-1536x260.png 1536w, https://site.educa.madrid.org/cp.teresadecalcuta.sansebastian//wp-content/uploads/cp.teresadecalcuta.sansebastian/2024/01/FUTURO-2048x346.png 2048w" sizes="auto, (max-width: 1024px) 100vw, 1024px" /></figure>



<div class="wp-block-media-text alignfull is-stacked-on-mobile"><figure class="wp-block-media-text__media"><img loading="lazy" decoding="async" width="1024" height="576" src="https://site.educa.madrid.org/cp.teresadecalcuta.sansebastian//wp-content/uploads/cp.teresadecalcuta.sansebastian/2024/02/WhatsApp-Image-2024-01-23-at-10.12.22-1.jpeg" alt="" class="wp-image-1273 size-full" srcset="https://site.educa.madrid.org/cp.teresadecalcuta.sansebastian//wp-content/uploads/cp.teresadecalcuta.sansebastian/2024/02/WhatsApp-Image-2024-01-23-at-10.12.22-1.jpeg 1024w, https://site.educa.madrid.org/cp.teresadecalcuta.sansebastian//wp-content/uploads/cp.teresadecalcuta.sansebastian/2024/02/WhatsApp-Image-2024-01-23-at-10.12.22-1-300x169.jpeg 300w, https://site.educa.madrid.org/cp.teresadecalcuta.sansebastian//wp-content/uploads/cp.teresadecalcuta.sansebastian/2024/02/WhatsApp-Image-2024-01-23-at-10.12.22-1-768x432.jpeg 768w" sizes="auto, (max-width: 1024px) 100vw, 1024px" /></figure><div class="wp-block-media-text__content">
<p>1. Diseñar un espacio con una zona que fomente la exploración y la investigación,<br>otra para la interacción donde planifiquen el trabajo a desarrollar, otra para desarrollar creativamente el trabajo y otra zona para presentar el proyecto realizado por los alumnos.</p>



<p><br>2. Trabajar de manera inclusiva y normalizada la atención a la diversidad de alumnos con necesidades educativas especiales y de alumnos con necesidad específica de apoyo educativo.</p>



<p><br>3. Fomentar el aprendizaje significativo partiendo de los conocimientos previos.</p>



<p><br>4. Rediseñar roles, convirtiendo al alumno en el verdadero protagonista de sus aprendizajes y fomentando el desarrollo de un pensamiento crítico.</p>
</div></div>



<div class="wp-block-media-text alignfull has-media-on-the-right is-stacked-on-mobile"><div class="wp-block-media-text__content">
<p>5. Centralizar los recursos tecnológicos en un espacio para favorecer la accesibilidad a los mismos y su uso.</p>



<p><br>6. Formar a los docentes en aspectos relativos a las metodologías activas, al uso de tecnologías digitales en el aula y al uso en el aula de modelos pedagógicos activos.</p>



<p><br>7. Establecer redes de colaboración entre docentes dentro del centro en las que unos ayuden y guíen a otros hacia la consecución de los objetivos programados.</p>



<p><br>8. Colaborar en la creación de una red externa al compartir todos los objetos y materiales creados a través de la mediateca de EducaMadrid, cloud y otras plataformas respaldadas por EducaMadrid, de modo que estén al alcance de cualquier docente.</p>
</div><figure class="wp-block-media-text__media"><img loading="lazy" decoding="async" width="1024" height="576" src="https://site.educa.madrid.org/cp.teresadecalcuta.sansebastian//wp-content/uploads/cp.teresadecalcuta.sansebastian/2024/02/WhatsApp-Image-2024-01-23-at-10.12.20.jpeg" alt="" class="wp-image-1274 size-full" srcset="https://site.educa.madrid.org/cp.teresadecalcuta.sansebastian//wp-content/uploads/cp.teresadecalcuta.sansebastian/2024/02/WhatsApp-Image-2024-01-23-at-10.12.20.jpeg 1024w, https://site.educa.madrid.org/cp.teresadecalcuta.sansebastian//wp-content/uploads/cp.teresadecalcuta.sansebastian/2024/02/WhatsApp-Image-2024-01-23-at-10.12.20-300x169.jpeg 300w, https://site.educa.madrid.org/cp.teresadecalcuta.sansebastian//wp-content/uploads/cp.teresadecalcuta.sansebastian/2024/02/WhatsApp-Image-2024-01-23-at-10.12.20-768x432.jpeg 768w" sizes="auto, (max-width: 1024px) 100vw, 1024px" /></figure></div>



<div class="wp-block-columns is-layout-flex wp-container-core-columns-is-layout-9d6595d7 wp-block-columns-is-layout-flex">
<div class="wp-block-column is-layout-flow wp-block-column-is-layout-flow">
<figure class="wp-block-image alignfull size-full"><img loading="lazy" decoding="async" width="1024" height="576" src="https://site.educa.madrid.org/cp.teresadecalcuta.sansebastian//wp-content/uploads/cp.teresadecalcuta.sansebastian/2024/02/WhatsApp-Image-2024-01-23-at-10.12.19.jpeg" alt="" class="wp-image-1276" srcset="https://site.educa.madrid.org/cp.teresadecalcuta.sansebastian//wp-content/uploads/cp.teresadecalcuta.sansebastian/2024/02/WhatsApp-Image-2024-01-23-at-10.12.19.jpeg 1024w, https://site.educa.madrid.org/cp.teresadecalcuta.sansebastian//wp-content/uploads/cp.teresadecalcuta.sansebastian/2024/02/WhatsApp-Image-2024-01-23-at-10.12.19-300x169.jpeg 300w, https://site.educa.madrid.org/cp.teresadecalcuta.sansebastian//wp-content/uploads/cp.teresadecalcuta.sansebastian/2024/02/WhatsApp-Image-2024-01-23-at-10.12.19-768x432.jpeg 768w" sizes="auto, (max-width: 1024px) 100vw, 1024px" /></figure>
</div>



<div class="wp-block-column is-layout-flow wp-block-column-is-layout-flow">
<figure class="wp-block-image alignfull size-full"><img loading="lazy" decoding="async" width="1024" height="576" src="https://site.educa.madrid.org/cp.teresadecalcuta.sansebastian//wp-content/uploads/cp.teresadecalcuta.sansebastian/2024/02/WhatsApp-Image-2024-01-23-at-10.12.21.jpeg" alt="" class="wp-image-1278" srcset="https://site.educa.madrid.org/cp.teresadecalcuta.sansebastian//wp-content/uploads/cp.teresadecalcuta.sansebastian/2024/02/WhatsApp-Image-2024-01-23-at-10.12.21.jpeg 1024w, https://site.educa.madrid.org/cp.teresadecalcuta.sansebastian//wp-content/uploads/cp.teresadecalcuta.sansebastian/2024/02/WhatsApp-Image-2024-01-23-at-10.12.21-300x169.jpeg 300w, https://site.educa.madrid.org/cp.teresadecalcuta.sansebastian//wp-content/uploads/cp.teresadecalcuta.sansebastian/2024/02/WhatsApp-Image-2024-01-23-at-10.12.21-768x432.jpeg 768w" sizes="auto, (max-width: 1024px) 100vw, 1024px" /></figure>
</div>



<div class="wp-block-column is-layout-flow wp-block-column-is-layout-flow">
<figure class="wp-block-image alignfull size-full"><img loading="lazy" decoding="async" width="1024" height="576" src="https://site.educa.madrid.org/cp.teresadecalcuta.sansebastian//wp-content/uploads/cp.teresadecalcuta.sansebastian/2024/02/WhatsApp-Image-2024-01-23-at-10.12.17.jpeg" alt="" class="wp-image-1279" srcset="https://site.educa.madrid.org/cp.teresadecalcuta.sansebastian//wp-content/uploads/cp.teresadecalcuta.sansebastian/2024/02/WhatsApp-Image-2024-01-23-at-10.12.17.jpeg 1024w, https://site.educa.madrid.org/cp.teresadecalcuta.sansebastian//wp-content/uploads/cp.teresadecalcuta.sansebastian/2024/02/WhatsApp-Image-2024-01-23-at-10.12.17-300x169.jpeg 300w, https://site.educa.madrid.org/cp.teresadecalcuta.sansebastian//wp-content/uploads/cp.teresadecalcuta.sansebastian/2024/02/WhatsApp-Image-2024-01-23-at-10.12.17-768x432.jpeg 768w" sizes="auto, (max-width: 1024px) 100vw, 1024px" /></figure>
</div>
</div>



<div class="wp-block-columns is-layout-flex wp-container-core-columns-is-layout-9d6595d7 wp-block-columns-is-layout-flex">
<div class="wp-block-column is-layout-flow wp-block-column-is-layout-flow">
<div data-wp-interactive="core/file" class="wp-block-file alignfull"><object data-wp-bind--hidden="!state.hasPdfPreview" hidden class="wp-block-file__embed" data="https://site.educa.madrid.org/cp.teresadecalcuta.sansebastian//wp-content/uploads/cp.teresadecalcuta.sansebastian/2024/01/Proyecto-de-innovacion-educativa_-aula-.pdf" type="application/pdf" style="width:100%;height:390px" aria-label="Incrustado de Proyecto-de-innovacion-educativa_-aula-."></object><a id="wp-block-file--media-bf8983a0-5a8b-49a6-9e76-fcc6a9728d0a" href="https://site.educa.madrid.org/cp.teresadecalcuta.sansebastian//wp-content/uploads/cp.teresadecalcuta.sansebastian/2024/01/Proyecto-de-innovacion-educativa_-aula-.pdf">Proyecto-de-innovacion-educativa_-aula-</a><a href="https://site.educa.madrid.org/cp.teresadecalcuta.sansebastian//wp-content/uploads/cp.teresadecalcuta.sansebastian/2024/01/Proyecto-de-innovacion-educativa_-aula-.pdf" class="wp-block-file__button wp-element-button" download aria-describedby="wp-block-file--media-bf8983a0-5a8b-49a6-9e76-fcc6a9728d0a">Descarga</a></div>
</div>



<div class="wp-block-column is-layout-flow wp-block-column-is-layout-flow">
<div data-wp-interactive="core/file" class="wp-block-file alignfull"><object data-wp-bind--hidden="!state.hasPdfPreview" hidden class="wp-block-file__embed" data="https://site.educa.madrid.org/cp.teresadecalcuta.sansebastian//wp-content/uploads/cp.teresadecalcuta.sansebastian/2024/01/CEIPTeresadeCalcuta_PDC-1.pdf" type="application/pdf" style="width:100%;height:390px" aria-label="Incrustado de CEIPTeresadeCalcuta_PDC-1."></object><a id="wp-block-file--media-ced6b444-e5b9-485e-8439-bfaa1435e78c" href="https://site.educa.madrid.org/cp.teresadecalcuta.sansebastian//wp-content/uploads/cp.teresadecalcuta.sansebastian/2024/01/CEIPTeresadeCalcuta_PDC-1.pdf">CEIPTeresadeCalcuta_PDC-1</a><a href="https://site.educa.madrid.org/cp.teresadecalcuta.sansebastian//wp-content/uploads/cp.teresadecalcuta.sansebastian/2024/01/CEIPTeresadeCalcuta_PDC-1.pdf" class="wp-block-file__button wp-element-button" download aria-describedby="wp-block-file--media-ced6b444-e5b9-485e-8439-bfaa1435e78c"></a></div>
</div>
</div>

<p>1. Diseñar un espacio con una zona que fomente la exploración y la investigación,otra para la interacción donde planifiquen el trabajo a desarrollar, otra para desarrollar creativamente el trabajo y &#8230;</p>

1. Diseñar un espacio con una zona que fomente la exploración y la investigación,otra para la interacción donde planifiquen el trabajo a desarrollar, otra para desarrollar creativamente el trabajo y ...
