{"id":625,"date":"2023-02-09T23:20:42","date_gmt":"2023-02-09T22:20:42","guid":{"rendered":"https:\/\/site.educa.madrid.org\/cp.teresadecalcuta.sansebastian\/?page_id=625"},"modified":"2024-01-15T17:18:35","modified_gmt":"2024-01-15T16:18:35","slug":"aula-de-las-estrellas-y-las-lunas","status":"publish","type":"page","link":"https:\/\/site.educa.madrid.org\/cp.teresadecalcuta.sansebastian\/index.php\/aula-de-las-estrellas-y-las-lunas\/","title":{"rendered":"AULA DE LAS ESTRELLAS Y LAS LUNAS"},"content":{"rendered":"\n<figure class=\"wp-block-image alignfull size-large\"><img loading=\"lazy\" decoding=\"async\" width=\"1024\" height=\"234\" src=\"https:\/\/site.educa.madrid.org\/cp.teresadecalcuta.sansebastian\/\/wp-content\/uploads\/cp.teresadecalcuta.sansebastian\/2024\/01\/AULA-ESTRELLAS-1024x234.png\" alt=\"\" class=\"wp-image-1162\" srcset=\"https:\/\/site.educa.madrid.org\/cp.teresadecalcuta.sansebastian\/\/wp-content\/uploads\/cp.teresadecalcuta.sansebastian\/2024\/01\/AULA-ESTRELLAS-1024x234.png 1024w, https:\/\/site.educa.madrid.org\/cp.teresadecalcuta.sansebastian\/\/wp-content\/uploads\/cp.teresadecalcuta.sansebastian\/2024\/01\/AULA-ESTRELLAS-300x69.png 300w, https:\/\/site.educa.madrid.org\/cp.teresadecalcuta.sansebastian\/\/wp-content\/uploads\/cp.teresadecalcuta.sansebastian\/2024\/01\/AULA-ESTRELLAS-768x176.png 768w, https:\/\/site.educa.madrid.org\/cp.teresadecalcuta.sansebastian\/\/wp-content\/uploads\/cp.teresadecalcuta.sansebastian\/2024\/01\/AULA-ESTRELLAS-1536x351.png 1536w, https:\/\/site.educa.madrid.org\/cp.teresadecalcuta.sansebastian\/\/wp-content\/uploads\/cp.teresadecalcuta.sansebastian\/2024\/01\/AULA-ESTRELLAS-2048x468.png 2048w\" sizes=\"auto, (max-width: 1024px) 100vw, 1024px\" \/><\/figure>\n\n\n\n<div class=\"wp-block-media-text alignfull is-stacked-on-mobile\"><figure class=\"wp-block-media-text__media\"><video controls src=\"https:\/\/site.educa.madrid.org\/cp.teresadecalcuta.sansebastian\/\/wp-content\/uploads\/cp.teresadecalcuta.sansebastian\/2023\/02\/20220606_110436.mp4\"><\/video><\/figure><div class=\"wp-block-media-text__content\">\n<p><strong>OBJETIVOS<\/strong><\/p>\n\n\n\n<p>1.&nbsp;Potenciar&nbsp;&nbsp; al&nbsp;&nbsp; m\u00e1ximo&nbsp;&nbsp; los&nbsp;&nbsp; niveles&nbsp;&nbsp; de&nbsp;&nbsp; autonom\u00eda&nbsp;&nbsp; e&nbsp;&nbsp; independencia&nbsp;&nbsp; personal&nbsp;&nbsp; logrando&nbsp;&nbsp; un desarrollo ajustado al entorno.<\/p>\n\n\n\n<p>2.&nbsp;Desarrollar&nbsp;&nbsp; habilidades&nbsp;&nbsp; de&nbsp;&nbsp; interacci\u00f3n&nbsp;&nbsp; social, potenciar&nbsp;&nbsp; la&nbsp;&nbsp; atenci\u00f3n&nbsp;&nbsp; conjunta&nbsp;&nbsp; y&nbsp;&nbsp; la comprensi\u00f3n de claves socio-emocionales.<\/p>\n\n\n\n<p>3.&nbsp;Desarrollar estrategias de comunicaci\u00f3n funcional e intenci\u00f3n comunicativa, espont\u00e1nea y generalizada&nbsp;&nbsp; a&nbsp;&nbsp; trav\u00e9s&nbsp;&nbsp; de&nbsp;&nbsp; signos, pictogramas,&nbsp;&nbsp; acciones&nbsp;&nbsp; b\u00e1sicas&nbsp;&nbsp; y&nbsp;&nbsp; otros&nbsp;&nbsp; sistemas&nbsp;&nbsp; de comunicaci\u00f3n.<\/p>\n\n\n\n<p>4.&nbsp;Desarrollar el \u00e1rea acad\u00e9mico-funcional, conceptos b\u00e1sicos y procesos cognitivos (atenci\u00f3n, memoria, abstracci\u00f3n).<\/p>\n<\/div><\/div>\n\n\n\n<div class=\"wp-block-columns is-layout-flex wp-container-core-columns-is-layout-9d6595d7 wp-block-columns-is-layout-flex\">\n<div class=\"wp-block-column is-layout-flow wp-block-column-is-layout-flow\">\n<figure class=\"wp-block-image alignfull size-full\"><img loading=\"lazy\" decoding=\"async\" width=\"550\" height=\"412\" src=\"https:\/\/site.educa.madrid.org\/cp.teresadecalcuta.sansebastian\/\/wp-content\/uploads\/cp.teresadecalcuta.sansebastian\/2024\/01\/ESTRELLAS.jpg\" alt=\"\" class=\"wp-image-1072\" srcset=\"https:\/\/site.educa.madrid.org\/cp.teresadecalcuta.sansebastian\/\/wp-content\/uploads\/cp.teresadecalcuta.sansebastian\/2024\/01\/ESTRELLAS.jpg 550w, https:\/\/site.educa.madrid.org\/cp.teresadecalcuta.sansebastian\/\/wp-content\/uploads\/cp.teresadecalcuta.sansebastian\/2024\/01\/ESTRELLAS-300x225.jpg 300w\" sizes=\"auto, (max-width: 550px) 100vw, 550px\" \/><\/figure>\n<\/div>\n\n\n\n<div class=\"wp-block-column is-layout-flow wp-block-column-is-layout-flow\">\n<figure class=\"wp-block-image alignfull size-large\"><img loading=\"lazy\" decoding=\"async\" width=\"1024\" height=\"768\" src=\"https:\/\/site.educa.madrid.org\/cp.teresadecalcuta.sansebastian\/\/wp-content\/uploads\/cp.teresadecalcuta.sansebastian\/2023\/02\/AULA-ESTRELLAS-1024x768.jpg\" alt=\"\" class=\"wp-image-765\" srcset=\"https:\/\/site.educa.madrid.org\/cp.teresadecalcuta.sansebastian\/\/wp-content\/uploads\/cp.teresadecalcuta.sansebastian\/2023\/02\/AULA-ESTRELLAS-1024x768.jpg 1024w, https:\/\/site.educa.madrid.org\/cp.teresadecalcuta.sansebastian\/\/wp-content\/uploads\/cp.teresadecalcuta.sansebastian\/2023\/02\/AULA-ESTRELLAS-300x225.jpg 300w, https:\/\/site.educa.madrid.org\/cp.teresadecalcuta.sansebastian\/\/wp-content\/uploads\/cp.teresadecalcuta.sansebastian\/2023\/02\/AULA-ESTRELLAS-768x576.jpg 768w, https:\/\/site.educa.madrid.org\/cp.teresadecalcuta.sansebastian\/\/wp-content\/uploads\/cp.teresadecalcuta.sansebastian\/2023\/02\/AULA-ESTRELLAS-1536x1152.jpg 1536w, https:\/\/site.educa.madrid.org\/cp.teresadecalcuta.sansebastian\/\/wp-content\/uploads\/cp.teresadecalcuta.sansebastian\/2023\/02\/AULA-ESTRELLAS-2048x1536.jpg 2048w\" sizes=\"auto, (max-width: 1024px) 100vw, 1024px\" \/><\/figure>\n<\/div>\n\n\n\n<div class=\"wp-block-column is-layout-flow wp-block-column-is-layout-flow\">\n<figure class=\"wp-block-image alignfull size-full\"><img loading=\"lazy\" decoding=\"async\" width=\"904\" height=\"678\" src=\"https:\/\/site.educa.madrid.org\/cp.teresadecalcuta.sansebastian\/\/wp-content\/uploads\/cp.teresadecalcuta.sansebastian\/2024\/01\/INFANTIL.jpg\" alt=\"\" class=\"wp-image-1073\" srcset=\"https:\/\/site.educa.madrid.org\/cp.teresadecalcuta.sansebastian\/\/wp-content\/uploads\/cp.teresadecalcuta.sansebastian\/2024\/01\/INFANTIL.jpg 904w, https:\/\/site.educa.madrid.org\/cp.teresadecalcuta.sansebastian\/\/wp-content\/uploads\/cp.teresadecalcuta.sansebastian\/2024\/01\/INFANTIL-300x225.jpg 300w, https:\/\/site.educa.madrid.org\/cp.teresadecalcuta.sansebastian\/\/wp-content\/uploads\/cp.teresadecalcuta.sansebastian\/2024\/01\/INFANTIL-768x576.jpg 768w\" sizes=\"auto, (max-width: 904px) 100vw, 904px\" \/><\/figure>\n<\/div>\n<\/div>\n","protected":false},"excerpt":{"rendered":"<p>OBJETIVOS 1.&nbsp;Potenciar&nbsp;&nbsp; al&nbsp;&nbsp; m\u00e1ximo&nbsp;&nbsp; los&nbsp;&nbsp; niveles&nbsp;&nbsp; de&nbsp;&nbsp; autonom\u00eda&nbsp;&nbsp; e&nbsp;&nbsp; independencia&nbsp;&nbsp; personal&nbsp;&nbsp; logrando&nbsp;&nbsp; un desarrollo ajustado al entorno. 2.&nbsp;Desarrollar&nbsp;&nbsp; habilidades&nbsp;&nbsp; de&nbsp;&nbsp; interacci\u00f3n&nbsp;&nbsp; social, potenciar&nbsp;&nbsp; la&nbsp;&nbsp; atenci\u00f3n&nbsp;&nbsp; conjunta&nbsp;&nbsp; y&nbsp;&nbsp; la comprensi\u00f3n de &#8230;<\/p>\n","protected":false},"author":9,"featured_media":0,"parent":0,"menu_order":0,"comment_status":"closed","ping_status":"closed","template":"","meta":{"footnotes":""},"folder":[],"class_list":["post-625","page","type-page","status-publish","hentry"],"rttpg_featured_image_url":null,"rttpg_author":{"display_name":"Juani Ruiz Quesada","author_link":"https:\/\/site.educa.madrid.org\/cp.teresadecalcuta.sansebastian\/index.php\/author\/juana-isabel_ruiz-quesada\/"},"rttpg_comment":0,"rttpg_category":false,"rttpg_excerpt":"OBJETIVOS 1.&nbsp;Potenciar&nbsp;&nbsp; al&nbsp;&nbsp; m\u00e1ximo&nbsp;&nbsp; los&nbsp;&nbsp; niveles&nbsp;&nbsp; de&nbsp;&nbsp; autonom\u00eda&nbsp;&nbsp; e&nbsp;&nbsp; independencia&nbsp;&nbsp; personal&nbsp;&nbsp; logrando&nbsp;&nbsp; un desarrollo ajustado al entorno. 2.&nbsp;Desarrollar&nbsp;&nbsp; habilidades&nbsp;&nbsp; de&nbsp;&nbsp; interacci\u00f3n&nbsp;&nbsp; social, potenciar&nbsp;&nbsp; la&nbsp;&nbsp; atenci\u00f3n&nbsp;&nbsp; conjunta&nbsp;&nbsp; y&nbsp;&nbsp; la comprensi\u00f3n de ...","post_mailing_queue_ids":[],"_links":{"self":[{"href":"https:\/\/site.educa.madrid.org\/cp.teresadecalcuta.sansebastian\/index.php\/wp-json\/wp\/v2\/pages\/625","targetHints":{"allow":["GET"]}}],"collection":[{"href":"https:\/\/site.educa.madrid.org\/cp.teresadecalcuta.sansebastian\/index.php\/wp-json\/wp\/v2\/pages"}],"about":[{"href":"https:\/\/site.educa.madrid.org\/cp.teresadecalcuta.sansebastian\/index.php\/wp-json\/wp\/v2\/types\/page"}],"author":[{"embeddable":true,"href":"https:\/\/site.educa.madrid.org\/cp.teresadecalcuta.sansebastian\/index.php\/wp-json\/wp\/v2\/users\/9"}],"replies":[{"embeddable":true,"href":"https:\/\/site.educa.madrid.org\/cp.teresadecalcuta.sansebastian\/index.php\/wp-json\/wp\/v2\/comments?post=625"}],"version-history":[{"count":3,"href":"https:\/\/site.educa.madrid.org\/cp.teresadecalcuta.sansebastian\/index.php\/wp-json\/wp\/v2\/pages\/625\/revisions"}],"predecessor-version":[{"id":1164,"href":"https:\/\/site.educa.madrid.org\/cp.teresadecalcuta.sansebastian\/index.php\/wp-json\/wp\/v2\/pages\/625\/revisions\/1164"}],"wp:attachment":[{"href":"https:\/\/site.educa.madrid.org\/cp.teresadecalcuta.sansebastian\/index.php\/wp-json\/wp\/v2\/media?parent=625"}],"wp:term":[{"taxonomy":"folder","embeddable":true,"href":"https:\/\/site.educa.madrid.org\/cp.teresadecalcuta.sansebastian\/index.php\/wp-json\/wp\/v2\/folder?post=625"}],"curies":[{"name":"wp","href":"https:\/\/api.w.org\/{rel}","templated":true}]}}

<figure class="wp-block-image alignfull size-large"><img loading="lazy" decoding="async" width="1024" height="234" src="https://site.educa.madrid.org/cp.teresadecalcuta.sansebastian//wp-content/uploads/cp.teresadecalcuta.sansebastian/2024/01/AULA-ESTRELLAS-1024x234.png" alt="" class="wp-image-1162" srcset="https://site.educa.madrid.org/cp.teresadecalcuta.sansebastian//wp-content/uploads/cp.teresadecalcuta.sansebastian/2024/01/AULA-ESTRELLAS-1024x234.png 1024w, https://site.educa.madrid.org/cp.teresadecalcuta.sansebastian//wp-content/uploads/cp.teresadecalcuta.sansebastian/2024/01/AULA-ESTRELLAS-300x69.png 300w, https://site.educa.madrid.org/cp.teresadecalcuta.sansebastian//wp-content/uploads/cp.teresadecalcuta.sansebastian/2024/01/AULA-ESTRELLAS-768x176.png 768w, https://site.educa.madrid.org/cp.teresadecalcuta.sansebastian//wp-content/uploads/cp.teresadecalcuta.sansebastian/2024/01/AULA-ESTRELLAS-1536x351.png 1536w, https://site.educa.madrid.org/cp.teresadecalcuta.sansebastian//wp-content/uploads/cp.teresadecalcuta.sansebastian/2024/01/AULA-ESTRELLAS-2048x468.png 2048w" sizes="auto, (max-width: 1024px) 100vw, 1024px" /></figure>



<div class="wp-block-media-text alignfull is-stacked-on-mobile"><figure class="wp-block-media-text__media"><video controls src="https://site.educa.madrid.org/cp.teresadecalcuta.sansebastian//wp-content/uploads/cp.teresadecalcuta.sansebastian/2023/02/20220606_110436.mp4"></video></figure><div class="wp-block-media-text__content">
<p><strong>OBJETIVOS</strong></p>



<p>1.&nbsp;Potenciar&nbsp;&nbsp; al&nbsp;&nbsp; máximo&nbsp;&nbsp; los&nbsp;&nbsp; niveles&nbsp;&nbsp; de&nbsp;&nbsp; autonomía&nbsp;&nbsp; e&nbsp;&nbsp; independencia&nbsp;&nbsp; personal&nbsp;&nbsp; logrando&nbsp;&nbsp; un desarrollo ajustado al entorno.</p>



<p>2.&nbsp;Desarrollar&nbsp;&nbsp; habilidades&nbsp;&nbsp; de&nbsp;&nbsp; interacción&nbsp;&nbsp; social, potenciar&nbsp;&nbsp; la&nbsp;&nbsp; atención&nbsp;&nbsp; conjunta&nbsp;&nbsp; y&nbsp;&nbsp; la comprensión de claves socio-emocionales.</p>



<p>3.&nbsp;Desarrollar estrategias de comunicación funcional e intención comunicativa, espontánea y generalizada&nbsp;&nbsp; a&nbsp;&nbsp; través&nbsp;&nbsp; de&nbsp;&nbsp; signos, pictogramas,&nbsp;&nbsp; acciones&nbsp;&nbsp; básicas&nbsp;&nbsp; y&nbsp;&nbsp; otros&nbsp;&nbsp; sistemas&nbsp;&nbsp; de comunicación.</p>



<p>4.&nbsp;Desarrollar el área académico-funcional, conceptos básicos y procesos cognitivos (atención, memoria, abstracción).</p>
</div></div>



<div class="wp-block-columns is-layout-flex wp-container-core-columns-is-layout-9d6595d7 wp-block-columns-is-layout-flex">
<div class="wp-block-column is-layout-flow wp-block-column-is-layout-flow">
<figure class="wp-block-image alignfull size-full"><img loading="lazy" decoding="async" width="550" height="412" src="https://site.educa.madrid.org/cp.teresadecalcuta.sansebastian//wp-content/uploads/cp.teresadecalcuta.sansebastian/2024/01/ESTRELLAS.jpg" alt="" class="wp-image-1072" srcset="https://site.educa.madrid.org/cp.teresadecalcuta.sansebastian//wp-content/uploads/cp.teresadecalcuta.sansebastian/2024/01/ESTRELLAS.jpg 550w, https://site.educa.madrid.org/cp.teresadecalcuta.sansebastian//wp-content/uploads/cp.teresadecalcuta.sansebastian/2024/01/ESTRELLAS-300x225.jpg 300w" sizes="auto, (max-width: 550px) 100vw, 550px" /></figure>
</div>



<div class="wp-block-column is-layout-flow wp-block-column-is-layout-flow">
<figure class="wp-block-image alignfull size-large"><img loading="lazy" decoding="async" width="1024" height="768" src="https://site.educa.madrid.org/cp.teresadecalcuta.sansebastian//wp-content/uploads/cp.teresadecalcuta.sansebastian/2023/02/AULA-ESTRELLAS-1024x768.jpg" alt="" class="wp-image-765" srcset="https://site.educa.madrid.org/cp.teresadecalcuta.sansebastian//wp-content/uploads/cp.teresadecalcuta.sansebastian/2023/02/AULA-ESTRELLAS-1024x768.jpg 1024w, https://site.educa.madrid.org/cp.teresadecalcuta.sansebastian//wp-content/uploads/cp.teresadecalcuta.sansebastian/2023/02/AULA-ESTRELLAS-300x225.jpg 300w, https://site.educa.madrid.org/cp.teresadecalcuta.sansebastian//wp-content/uploads/cp.teresadecalcuta.sansebastian/2023/02/AULA-ESTRELLAS-768x576.jpg 768w, https://site.educa.madrid.org/cp.teresadecalcuta.sansebastian//wp-content/uploads/cp.teresadecalcuta.sansebastian/2023/02/AULA-ESTRELLAS-1536x1152.jpg 1536w, https://site.educa.madrid.org/cp.teresadecalcuta.sansebastian//wp-content/uploads/cp.teresadecalcuta.sansebastian/2023/02/AULA-ESTRELLAS-2048x1536.jpg 2048w" sizes="auto, (max-width: 1024px) 100vw, 1024px" /></figure>
</div>



<div class="wp-block-column is-layout-flow wp-block-column-is-layout-flow">
<figure class="wp-block-image alignfull size-full"><img loading="lazy" decoding="async" width="904" height="678" src="https://site.educa.madrid.org/cp.teresadecalcuta.sansebastian//wp-content/uploads/cp.teresadecalcuta.sansebastian/2024/01/INFANTIL.jpg" alt="" class="wp-image-1073" srcset="https://site.educa.madrid.org/cp.teresadecalcuta.sansebastian//wp-content/uploads/cp.teresadecalcuta.sansebastian/2024/01/INFANTIL.jpg 904w, https://site.educa.madrid.org/cp.teresadecalcuta.sansebastian//wp-content/uploads/cp.teresadecalcuta.sansebastian/2024/01/INFANTIL-300x225.jpg 300w, https://site.educa.madrid.org/cp.teresadecalcuta.sansebastian//wp-content/uploads/cp.teresadecalcuta.sansebastian/2024/01/INFANTIL-768x576.jpg 768w" sizes="auto, (max-width: 904px) 100vw, 904px" /></figure>
</div>
</div>

<p>OBJETIVOS 1.&nbsp;Potenciar&nbsp;&nbsp; al&nbsp;&nbsp; máximo&nbsp;&nbsp; los&nbsp;&nbsp; niveles&nbsp;&nbsp; de&nbsp;&nbsp; autonomía&nbsp;&nbsp; e&nbsp;&nbsp; independencia&nbsp;&nbsp; personal&nbsp;&nbsp; logrando&nbsp;&nbsp; un desarrollo ajustado al entorno. 2.&nbsp;Desarrollar&nbsp;&nbsp; habilidades&nbsp;&nbsp; de&nbsp;&nbsp; interacción&nbsp;&nbsp; social, potenciar&nbsp;&nbsp; la&nbsp;&nbsp; atención&nbsp;&nbsp; conjunta&nbsp;&nbsp; y&nbsp;&nbsp; la comprensión de &#8230;</p>

OBJETIVOS 1.&nbsp;Potenciar&nbsp;&nbsp; al&nbsp;&nbsp; máximo&nbsp;&nbsp; los&nbsp;&nbsp; niveles&nbsp;&nbsp; de&nbsp;&nbsp; autonomía&nbsp;&nbsp; e&nbsp;&nbsp; independencia&nbsp;&nbsp; personal&nbsp;&nbsp; logrando&nbsp;&nbsp; un desarrollo ajustado al entorno. 2.&nbsp;Desarrollar&nbsp;&nbsp; habilidades&nbsp;&nbsp; de&nbsp;&nbsp; interacción&nbsp;&nbsp; social, potenciar&nbsp;&nbsp; la&nbsp;&nbsp; atención&nbsp;&nbsp; conjunta&nbsp;&nbsp; y&nbsp;&nbsp; la comprensión de ...
