{"id":632,"date":"2023-02-09T23:20:42","date_gmt":"2023-02-09T22:20:42","guid":{"rendered":"https:\/\/site.educa.madrid.org\/cp.teresadecalcuta.sansebastian\/?page_id=632"},"modified":"2024-01-22T14:30:15","modified_gmt":"2024-01-22T13:30:15","slug":"actividades-extraescolares","status":"publish","type":"page","link":"https:\/\/site.educa.madrid.org\/cp.teresadecalcuta.sansebastian\/index.php\/actividades-extraescolares\/","title":{"rendered":"ACTIVIDADES EXTRAESCOLARES"},"content":{"rendered":"\n<div class=\"wp-block-columns is-layout-flex wp-container-core-columns-is-layout-9d6595d7 wp-block-columns-is-layout-flex\">\n<div class=\"wp-block-column is-layout-flow wp-block-column-is-layout-flow\">\n<p><strong>ACTIVIDADES ORGANIZADAS POR EL AYUNTAMIENTO<\/strong><br><strong><\/strong><\/p>\n\n\n\n<p><strong>Las tardes del cole<\/strong><a href=\"http:\/\/www.ssreyes.org\/acces\/recursos\/doc\/Servicios_municipales\/Educacion\/Programas_educativos\/1528974194_207201185741.pdf\"><\/a><\/p>\n\n\n\n<p>Recurso municipal para facilitar la conciliaci\u00f3n a las familias despu\u00e9s de la jornada escolar<\/p>\n\n\n\n<p>Servicio de desayuno<\/p>\n\n\n\n<p>De lunes a viernes de 7:30 a 9:00<\/p>\n\n\n\n<p>Servicio de merienda<\/p>\n\n\n\n<p>De 16.00 a 18.00 h durante todo el curso escolar. Durante los periodos de jornada continua de junio y septiembre, de 15.30 a 17.30 h<\/p>\n\n\n\n<ul class=\"wp-block-list\">\n<li>En Educaci\u00f3n Infantil y 1\u00ba Y 2\u00ba de Primaria, merienda y juegos<\/li>\n\n\n\n<li>De 3\u00ba A 6\u00ba de Primaria, apoyo en la realizaci\u00f3n de tareas escolares<\/li>\n<\/ul>\n\n\n\n<p>Inscripci\u00f3n: Permanece abierta durante el curso siempre que haya plazas disponibles.<\/p>\n\n\n\n<p>Para contratar el servicio, dirigirse a Avenida Baunatal, 4\u00aa planta, servicio de educaci\u00f3n del Ayuntamiento de San Sebasti\u00e1n de los Reyes, o llamar al tel\u00e9fono 916588990.<\/p>\n<\/div>\n\n\n\n<div class=\"wp-block-column is-layout-flow wp-block-column-is-layout-flow\">\n<p><strong>ACTIVIDADES DEPORTIVAS<\/strong><\/p>\n\n\n\n<p>Balonmano: Martes y Jueves de 16 a 17 horas.<\/p>\n\n\n\n<p><br>Baloncesto: Lunes y Mi\u00e9rcoles de 16 a 17 horas<\/p>\n\n\n\n<p><br>Voleibol: Lunes, Martes, Mi\u00e9rcoles y Jueves de 16 a 17 horas<\/p>\n\n\n\n<p><br>Taekwondo: Lunes y Mi\u00e9rcoles de 16 a 17 horas<\/p>\n\n\n\n<p><br>F\u00fatbol: Martes y Jueves de 16 a 17 horas<\/p>\n\n\n\n<p><br>Patinaje: Lunes, Martes, Mi\u00e9rcoles y Jueves de 16 a 17 horas<\/p>\n\n\n\n<p><strong>ACTIVIDADES EN LAS QUE PARTICIPA EL AMPA<\/strong><\/p>\n\n\n\n<p>Navidad realizando un bel\u00e9n viviente. Visita de los Reyes Magos. Visita de Pap\u00e1 Noel.<br>Carnaval colaborando en el desfile.<br>Talleres relacionados con el proyecto Ecocalcuta.<br>Todas las actividades que est\u00e9n programadas por niveles educativos, Halloween, d\u00eda de la paz, d\u00eda del libro, etc, en las que los tutores pidan la colaboraci\u00f3n y participaci\u00f3n de las familias.<\/p>\n<\/div>\n\n\n\n<div class=\"wp-block-column is-layout-flow wp-block-column-is-layout-flow\">\n<p><strong>ACTIVIDADES ORGANIZADAS POR EL AMPA<\/strong><\/p>\n\n\n\n<p><a href=\"http:\/\/www.ampateresadecalcuta.net\/\" target=\"_blank\" rel=\"noreferrer noopener\"><strong>Visitar web del AMPA Teresa de Calcuta<\/strong><\/a><\/p>\n\n\n\n<p>Danza espa\u00f1ol y moderno: De Lunes a Viernes de 16 a 17 horas.<\/p>\n\n\n\n<p><br>Teatro musical: De Lunes a Jueves de 16 a 17 horas.<\/p>\n\n\n\n<p><br>Rob\u00f3tica: Lunes de 16 a 17 horas<\/p>\n\n\n\n<p><br>Cient\u00edficos: Martes y jueves de 16 a 17 horas<\/p>\n\n\n\n<p><br>Manualidades: Lunes y mi\u00e9rcoles de 16 a 17 horas<\/p>\n\n\n\n<p><br>Judo: Viernes. De 16 a 17:30 horas para alumnos de primaria e infantil.<\/p>\n\n\n\n<p><br>Jornada de convivencia 15 de mayo<\/p>\n\n\n\n<p><br>Tres excursiones realizadas en fin de semana y abiertas a toda la comunidad educativa, una en cada trimestre.<br>Diverjunio y Diverseptiembre: actividades l\u00fadicas en horario de 15 a 17 horas.<\/p>\n<\/div>\n<\/div>\n","protected":false},"excerpt":{"rendered":"<p>ACTIVIDADES ORGANIZADAS POR EL AYUNTAMIENTO Las tardes del cole Recurso municipal para facilitar la conciliaci\u00f3n a las familias despu\u00e9s de la jornada escolar Servicio de desayuno De lunes a viernes &#8230;<\/p>\n","protected":false},"author":9,"featured_media":0,"parent":0,"menu_order":0,"comment_status":"closed","ping_status":"closed","template":"","meta":{"footnotes":""},"folder":[],"class_list":["post-632","page","type-page","status-publish","hentry"],"rttpg_featured_image_url":null,"rttpg_author":{"display_name":"Juani Ruiz Quesada","author_link":"https:\/\/site.educa.madrid.org\/cp.teresadecalcuta.sansebastian\/index.php\/author\/juana-isabel_ruiz-quesada\/"},"rttpg_comment":0,"rttpg_category":false,"rttpg_excerpt":"ACTIVIDADES ORGANIZADAS POR EL AYUNTAMIENTO Las tardes del cole Recurso municipal para facilitar la conciliaci\u00f3n a las familias despu\u00e9s de la jornada escolar Servicio de desayuno De lunes a viernes ...","post_mailing_queue_ids":[],"_links":{"self":[{"href":"https:\/\/site.educa.madrid.org\/cp.teresadecalcuta.sansebastian\/index.php\/wp-json\/wp\/v2\/pages\/632","targetHints":{"allow":["GET"]}}],"collection":[{"href":"https:\/\/site.educa.madrid.org\/cp.teresadecalcuta.sansebastian\/index.php\/wp-json\/wp\/v2\/pages"}],"about":[{"href":"https:\/\/site.educa.madrid.org\/cp.teresadecalcuta.sansebastian\/index.php\/wp-json\/wp\/v2\/types\/page"}],"author":[{"embeddable":true,"href":"https:\/\/site.educa.madrid.org\/cp.teresadecalcuta.sansebastian\/index.php\/wp-json\/wp\/v2\/users\/9"}],"replies":[{"embeddable":true,"href":"https:\/\/site.educa.madrid.org\/cp.teresadecalcuta.sansebastian\/index.php\/wp-json\/wp\/v2\/comments?post=632"}],"version-history":[{"count":3,"href":"https:\/\/site.educa.madrid.org\/cp.teresadecalcuta.sansebastian\/index.php\/wp-json\/wp\/v2\/pages\/632\/revisions"}],"predecessor-version":[{"id":1222,"href":"https:\/\/site.educa.madrid.org\/cp.teresadecalcuta.sansebastian\/index.php\/wp-json\/wp\/v2\/pages\/632\/revisions\/1222"}],"wp:attachment":[{"href":"https:\/\/site.educa.madrid.org\/cp.teresadecalcuta.sansebastian\/index.php\/wp-json\/wp\/v2\/media?parent=632"}],"wp:term":[{"taxonomy":"folder","embeddable":true,"href":"https:\/\/site.educa.madrid.org\/cp.teresadecalcuta.sansebastian\/index.php\/wp-json\/wp\/v2\/folder?post=632"}],"curies":[{"name":"wp","href":"https:\/\/api.w.org\/{rel}","templated":true}]}}

<div class="wp-block-columns is-layout-flex wp-container-core-columns-is-layout-9d6595d7 wp-block-columns-is-layout-flex">
<div class="wp-block-column is-layout-flow wp-block-column-is-layout-flow">
<p><strong>ACTIVIDADES ORGANIZADAS POR EL AYUNTAMIENTO</strong><br><strong></strong></p>



<p><strong>Las tardes del cole</strong><a href="http://www.ssreyes.org/acces/recursos/doc/Servicios_municipales/Educacion/Programas_educativos/1528974194_207201185741.pdf"></a></p>



<p>Recurso municipal para facilitar la conciliación a las familias después de la jornada escolar</p>



<p>Servicio de desayuno</p>



<p>De lunes a viernes de 7:30 a 9:00</p>



<p>Servicio de merienda</p>



<p>De 16.00 a 18.00 h durante todo el curso escolar. Durante los periodos de jornada continua de junio y septiembre, de 15.30 a 17.30 h</p>



<ul class="wp-block-list">
<li>En Educación Infantil y 1º Y 2º de Primaria, merienda y juegos</li>



<li>De 3º A 6º de Primaria, apoyo en la realización de tareas escolares</li>
</ul>



<p>Inscripción: Permanece abierta durante el curso siempre que haya plazas disponibles.</p>



<p>Para contratar el servicio, dirigirse a Avenida Baunatal, 4ª planta, servicio de educación del Ayuntamiento de San Sebastián de los Reyes, o llamar al teléfono 916588990.</p>
</div>



<div class="wp-block-column is-layout-flow wp-block-column-is-layout-flow">
<p><strong>ACTIVIDADES DEPORTIVAS</strong></p>



<p>Balonmano: Martes y Jueves de 16 a 17 horas.</p>



<p><br>Baloncesto: Lunes y Miércoles de 16 a 17 horas</p>



<p><br>Voleibol: Lunes, Martes, Miércoles y Jueves de 16 a 17 horas</p>



<p><br>Taekwondo: Lunes y Miércoles de 16 a 17 horas</p>



<p><br>Fútbol: Martes y Jueves de 16 a 17 horas</p>



<p><br>Patinaje: Lunes, Martes, Miércoles y Jueves de 16 a 17 horas</p>



<p><strong>ACTIVIDADES EN LAS QUE PARTICIPA EL AMPA</strong></p>



<p>Navidad realizando un belén viviente. Visita de los Reyes Magos. Visita de Papá Noel.<br>Carnaval colaborando en el desfile.<br>Talleres relacionados con el proyecto Ecocalcuta.<br>Todas las actividades que estén programadas por niveles educativos, Halloween, día de la paz, día del libro, etc, en las que los tutores pidan la colaboración y participación de las familias.</p>
</div>



<div class="wp-block-column is-layout-flow wp-block-column-is-layout-flow">
<p><strong>ACTIVIDADES ORGANIZADAS POR EL AMPA</strong></p>



<p><a href="http://www.ampateresadecalcuta.net/" target="_blank" rel="noreferrer noopener"><strong>Visitar web del AMPA Teresa de Calcuta</strong></a></p>



<p>Danza español y moderno: De Lunes a Viernes de 16 a 17 horas.</p>



<p><br>Teatro musical: De Lunes a Jueves de 16 a 17 horas.</p>



<p><br>Robótica: Lunes de 16 a 17 horas</p>



<p><br>Científicos: Martes y jueves de 16 a 17 horas</p>



<p><br>Manualidades: Lunes y miércoles de 16 a 17 horas</p>



<p><br>Judo: Viernes. De 16 a 17:30 horas para alumnos de primaria e infantil.</p>



<p><br>Jornada de convivencia 15 de mayo</p>



<p><br>Tres excursiones realizadas en fin de semana y abiertas a toda la comunidad educativa, una en cada trimestre.<br>Diverjunio y Diverseptiembre: actividades lúdicas en horario de 15 a 17 horas.</p>
</div>
</div>

<p>ACTIVIDADES ORGANIZADAS POR EL AYUNTAMIENTO Las tardes del cole Recurso municipal para facilitar la conciliación a las familias después de la jornada escolar Servicio de desayuno De lunes a viernes &#8230;</p>

ACTIVIDADES ORGANIZADAS POR EL AYUNTAMIENTO Las tardes del cole Recurso municipal para facilitar la conciliación a las familias después de la jornada escolar Servicio de desayuno De lunes a viernes ...
