{"id":1055,"date":"2017-11-13T18:24:31","date_gmt":"2017-11-13T18:24:31","guid":{"rendered":"https:\/\/www.ceipenriquetiernogalvan.es\/?page_id=1055"},"modified":"2026-03-30T17:05:06","modified_gmt":"2026-03-30T15:05:06","slug":"comedor","status":"publish","type":"page","link":"https:\/\/site.educa.madrid.org\/cp.tiernogalvan.sanfernando\/index.php\/comedor\/","title":{"rendered":"Comedor"},"content":{"rendered":"\n<p>El colegio dispone de su<strong> propia cocina<\/strong> y <strong>personal altamente cualificado<\/strong> para la elaboraci\u00f3n de la comida. Los men\u00fas, que cuentan con la supervisi\u00f3n de la Consejer\u00eda de Sanidad de la Comunidad de Madrid, son <strong>entregados mensualmente<\/strong> al alumnado con el fin de complementar adecuadamente la dieta diaria en casa.<\/p>\n\n\n\n<p>Desde la etapa de Educaci\u00f3n Infantil hasta la Educaci\u00f3n Primaria, las <strong>monitoras de comedor, supervisan a sus alumnos\/as<\/strong> con el objetivo de educarlos en unos h\u00e1bitos adecuados de alimentaci\u00f3n, higiene y salud.<\/p>\n\n\n\n<p>El servicio de comedor est\u00e1 introduciendo paulatinamente <strong>productos ecol\u00f3gicos<\/strong>&nbsp; en la elaboraci\u00f3n de sus men\u00fas. Estamos inmersos en un programa de alimentaci\u00f3n saludable porque consideramos que la <strong>alimentaci\u00f3n equilibrada y sana<\/strong> en nuestros alumnos es primordial (<a href=\"https:\/\/cloud.educa.madrid.org\/s\/jpdyEWDNediDK2i\">VER PROGRAMA DE ACTIVIDADES DE SERUNION<\/a>).<\/p>\n\n\n\n<p>En el servicio de comedor, adem\u00e1s de ofrecerse el men\u00fa diario,&nbsp;<strong>se atienden necesidades especiales permanentes<\/strong>&nbsp;(por motivos de salud o de religi\u00f3n)&nbsp;<strong>o eventuales<\/strong>&nbsp;(tales como dietas blandas en caso de enfermedad puntual).<\/p>\n\n\n\n<p>Los alumnos pueden utilizar el comedor&nbsp;<strong>d\u00edas sueltos<\/strong>&nbsp;si es necesario al precio de 6,50 euros.<\/p>\n\n\n\n<p>El&nbsp;<strong>horario de comedor<\/strong>&nbsp;es hasta las 16:00 h. a partir de octubre a mayo. En septiembre y Junio, el horario de comedor es hasta las 15:00 h. A partir de esa, el alumnado pasar\u00eda a actividades extraescolares. La empresa de comedor que gestiona el servicio es SERUNI\u00d3N SL (<a href=\"https:\/\/www.serunion.es\/es\">P\u00c1GINA WEB<\/a>). A continuaci\u00f3n, os mostramos el&nbsp;<strong>men\u00fa de comedor<\/strong>&nbsp;del mes:<\/p>\n\n\n\n<div class=\"wp-block-cover alignwide is-light\"><span aria-hidden=\"true\" class=\"wp-block-cover__background has-background-dim\"><\/span><img loading=\"lazy\" decoding=\"async\" width=\"667\" height=\"375\" class=\"wp-block-cover__image-background wp-image-9135\" alt=\"\" src=\"https:\/\/site.educa.madrid.org\/cp.tiernogalvan.sanfernando\/\/wp-content\/uploads\/cp.tiernogalvan.sanfernando\/2024\/04\/comedor.jpg\" data-object-fit=\"cover\" srcset=\"https:\/\/site.educa.madrid.org\/cp.tiernogalvan.sanfernando\/\/wp-content\/uploads\/cp.tiernogalvan.sanfernando\/2024\/04\/comedor.jpg 667w, https:\/\/site.educa.madrid.org\/cp.tiernogalvan.sanfernando\/\/wp-content\/uploads\/cp.tiernogalvan.sanfernando\/2024\/04\/comedor-300x169.jpg 300w, https:\/\/site.educa.madrid.org\/cp.tiernogalvan.sanfernando\/\/wp-content\/uploads\/cp.tiernogalvan.sanfernando\/2024\/04\/comedor-230x129.jpg 230w, https:\/\/site.educa.madrid.org\/cp.tiernogalvan.sanfernando\/\/wp-content\/uploads\/cp.tiernogalvan.sanfernando\/2024\/04\/comedor-350x197.jpg 350w, https:\/\/site.educa.madrid.org\/cp.tiernogalvan.sanfernando\/\/wp-content\/uploads\/cp.tiernogalvan.sanfernando\/2024\/04\/comedor-480x270.jpg 480w\" sizes=\"auto, (max-width: 667px) 100vw, 667px\" \/><div class=\"wp-block-cover__inner-container is-layout-flow wp-block-cover-is-layout-flow\">\n<h2 class=\"wp-block-heading has-text-align-center has-white-color has-text-color has-large-font-size\">MEN\u00da GENERAL E INTOLERANCIAS<\/h2>\n\n\n\n<div class=\"wp-block-buttons is-content-justification-center is-layout-flex wp-container-core-buttons-is-layout-16018d1d wp-block-buttons-is-layout-flex\">\n<div class=\"wp-block-button\"><a class=\"wp-block-button__link wp-element-button\" href=\"https:\/\/cloud.educa.madrid.org\/f\/660059916\" target=\"_blank\" rel=\"noreferrer noopener\">VER EL MEN\u00da DEL MES<\/a><\/div>\n<\/div>\n<\/div><\/div>\n\n\n\n<div style=\"height:100px\" aria-hidden=\"true\" class=\"wp-block-spacer\"><\/div>\n\n\n\n<h2 class=\"wp-block-heading has-text-align-left\">\u00bfC\u00f3mo pagar comidas sueltas?<\/h2>\n\n\n\n<figure class=\"wp-block-image size-full is-resized\"><img loading=\"lazy\" decoding=\"async\" width=\"785\" height=\"515\" src=\"https:\/\/site.educa.madrid.org\/cp.tiernogalvan.sanfernando\/\/wp-content\/uploads\/cp.tiernogalvan.sanfernando\/2024\/04\/comedor-pago-1.jpg\" alt=\"\" class=\"wp-image-9136\" style=\"aspect-ratio:1.5253012048192771;width:633px;height:auto\" srcset=\"https:\/\/site.educa.madrid.org\/cp.tiernogalvan.sanfernando\/\/wp-content\/uploads\/cp.tiernogalvan.sanfernando\/2024\/04\/comedor-pago-1.jpg 785w, https:\/\/site.educa.madrid.org\/cp.tiernogalvan.sanfernando\/\/wp-content\/uploads\/cp.tiernogalvan.sanfernando\/2024\/04\/comedor-pago-1-300x197.jpg 300w, https:\/\/site.educa.madrid.org\/cp.tiernogalvan.sanfernando\/\/wp-content\/uploads\/cp.tiernogalvan.sanfernando\/2024\/04\/comedor-pago-1-768x504.jpg 768w, https:\/\/site.educa.madrid.org\/cp.tiernogalvan.sanfernando\/\/wp-content\/uploads\/cp.tiernogalvan.sanfernando\/2024\/04\/comedor-pago-1-230x151.jpg 230w, https:\/\/site.educa.madrid.org\/cp.tiernogalvan.sanfernando\/\/wp-content\/uploads\/cp.tiernogalvan.sanfernando\/2024\/04\/comedor-pago-1-350x230.jpg 350w, https:\/\/site.educa.madrid.org\/cp.tiernogalvan.sanfernando\/\/wp-content\/uploads\/cp.tiernogalvan.sanfernando\/2024\/04\/comedor-pago-1-480x315.jpg 480w\" sizes=\"auto, (max-width: 785px) 100vw, 785px\" \/><\/figure>\n\n\n\n<figure class=\"wp-block-image size-full\"><img loading=\"lazy\" decoding=\"async\" width=\"586\" height=\"730\" src=\"https:\/\/site.educa.madrid.org\/cp.tiernogalvan.sanfernando\/\/wp-content\/uploads\/cp.tiernogalvan.sanfernando\/2025\/10\/image-1.png\" alt=\"\" class=\"wp-image-9881\" srcset=\"https:\/\/site.educa.madrid.org\/cp.tiernogalvan.sanfernando\/\/wp-content\/uploads\/cp.tiernogalvan.sanfernando\/2025\/10\/image-1.png 586w, https:\/\/site.educa.madrid.org\/cp.tiernogalvan.sanfernando\/\/wp-content\/uploads\/cp.tiernogalvan.sanfernando\/2025\/10\/image-1-241x300.png 241w, https:\/\/site.educa.madrid.org\/cp.tiernogalvan.sanfernando\/\/wp-content\/uploads\/cp.tiernogalvan.sanfernando\/2025\/10\/image-1-230x287.png 230w, https:\/\/site.educa.madrid.org\/cp.tiernogalvan.sanfernando\/\/wp-content\/uploads\/cp.tiernogalvan.sanfernando\/2025\/10\/image-1-350x436.png 350w, https:\/\/site.educa.madrid.org\/cp.tiernogalvan.sanfernando\/\/wp-content\/uploads\/cp.tiernogalvan.sanfernando\/2025\/10\/image-1-480x598.png 480w\" sizes=\"auto, (max-width: 586px) 100vw, 586px\" \/><\/figure>\n\n\n\n<p><a href=\"https:\/\/www.comunidad.madrid\/servicios\/educacion\/regulacion-jornada-comedor-escolar#panel-92883\">Regulaci\u00f3n de Comedor Escolar en la Comunidad de Madrid <\/a><\/p>\n","protected":false},"excerpt":{"rendered":"<p>El colegio dispone de su propia cocina y personal altamente cualificado para la elaboraci\u00f3n de la comida. Los men\u00fas, que cuentan con [&hellip;]<\/p>\n","protected":false},"author":3,"featured_media":0,"parent":0,"menu_order":0,"comment_status":"closed","ping_status":"closed","template":"page-templates\/page_fullwidth.php","meta":{"footnotes":""},"folder":[],"class_list":["post-1055","page","type-page","status-publish","hentry"],"rttpg_featured_image_url":null,"rttpg_author":{"display_name":"cp.tiernogalvan.sanfernando","author_link":"https:\/\/site.educa.madrid.org\/cp.tiernogalvan.sanfernando\/index.php\/author\/cuenta_cp-tiernogalvan-sanfernando\/"},"rttpg_comment":0,"rttpg_category":false,"rttpg_excerpt":"El colegio dispone de su propia cocina y personal altamente cualificado para la elaboraci\u00f3n de la comida. Los men\u00fas, que cuentan con [&hellip;]","post_mailing_queue_ids":[],"_links":{"self":[{"href":"https:\/\/site.educa.madrid.org\/cp.tiernogalvan.sanfernando\/index.php\/wp-json\/wp\/v2\/pages\/1055","targetHints":{"allow":["GET"]}}],"collection":[{"href":"https:\/\/site.educa.madrid.org\/cp.tiernogalvan.sanfernando\/index.php\/wp-json\/wp\/v2\/pages"}],"about":[{"href":"https:\/\/site.educa.madrid.org\/cp.tiernogalvan.sanfernando\/index.php\/wp-json\/wp\/v2\/types\/page"}],"author":[{"embeddable":true,"href":"https:\/\/site.educa.madrid.org\/cp.tiernogalvan.sanfernando\/index.php\/wp-json\/wp\/v2\/users\/3"}],"replies":[{"embeddable":true,"href":"https:\/\/site.educa.madrid.org\/cp.tiernogalvan.sanfernando\/index.php\/wp-json\/wp\/v2\/comments?post=1055"}],"version-history":[{"count":30,"href":"https:\/\/site.educa.madrid.org\/cp.tiernogalvan.sanfernando\/index.php\/wp-json\/wp\/v2\/pages\/1055\/revisions"}],"predecessor-version":[{"id":10002,"href":"https:\/\/site.educa.madrid.org\/cp.tiernogalvan.sanfernando\/index.php\/wp-json\/wp\/v2\/pages\/1055\/revisions\/10002"}],"wp:attachment":[{"href":"https:\/\/site.educa.madrid.org\/cp.tiernogalvan.sanfernando\/index.php\/wp-json\/wp\/v2\/media?parent=1055"}],"wp:term":[{"taxonomy":"folder","embeddable":true,"href":"https:\/\/site.educa.madrid.org\/cp.tiernogalvan.sanfernando\/index.php\/wp-json\/wp\/v2\/folder?post=1055"}],"curies":[{"name":"wp","href":"https:\/\/api.w.org\/{rel}","templated":true}]}}