{"id":2050,"date":"2017-11-25T11:34:40","date_gmt":"2017-11-25T11:34:40","guid":{"rendered":"https:\/\/www.ceipenriquetiernogalvan.es\/?page_id=2050"},"modified":"2025-09-29T13:29:15","modified_gmt":"2025-09-29T11:29:15","slug":"criteriosquinto","status":"publish","type":"page","link":"https:\/\/site.educa.madrid.org\/cp.tiernogalvan.sanfernando\/index.php\/criteriosquinto\/","title":{"rendered":"Criterios de Calificaci\u00f3n 5\u00ba"},"content":{"rendered":"\n<p>M<strong>Ingl\u00e9s, Lengua, Matem\u00e1ticas, Sociales, Naturales&nbsp;<\/strong> &nbsp;<\/p>\n\n\n\n<p>Resultados de las pruebas de evaluaci\u00f3n orales o escritas. 70%<br>Cuaderno del alumno y trabajos individuales. 10%<\/p>\n\n\n\n<p>Trabajo en equipo. 10%<br>Trabajo competencial. 10%<\/p>\n\n\n\n<p><strong>Art\u00edstica<\/strong><\/p>\n\n\n\n<p>Producto final. 70%<br>Procedimientos y artes art\u00edsticas. 10%.<\/p>\n\n\n\n<p>Originalidad, creatividad, presentaci\u00f3n y limpieza en los trabajos. 10%.<\/p>\n\n\n\n<p>.Trabajo competencial. 10%<\/p>\n\n\n\n<p><strong>Educaci\u00f3n F\u00edsica<\/strong><\/p>\n\n\n\n<p>Conceptos, actividades, competencias: 30%.<\/p>\n\n\n\n<p>Trabajo motor diario: 40%.<\/p>\n\n\n\n<p>Actitud: 30%.<a href=\"https:\/\/genially.com\/es?from=view\"><\/a><\/p>\n\n\n\n<p><strong>M\u00fasica<\/strong><\/p>\n\n\n\n<p>Actividades realizadas en clase. 50%.<\/p>\n\n\n\n<p>Preguntas orales individuales. 30%.<\/p>\n\n\n\n<p>Evaluaci\u00f3n continua. 20%.<\/p>\n","protected":false},"excerpt":{"rendered":"<p>MIngl\u00e9s, Lengua, Matem\u00e1ticas, Sociales, Naturales&nbsp; &nbsp; Resultados de las pruebas de evaluaci\u00f3n orales o escritas. 70%Cuaderno del alumno y trabajos individuales. 10% [&hellip;]<\/p>\n","protected":false},"author":3,"featured_media":0,"parent":0,"menu_order":0,"comment_status":"closed","ping_status":"closed","template":"","meta":{"footnotes":""},"folder":[],"class_list":["post-2050","page","type-page","status-publish","hentry"],"rttpg_featured_image_url":null,"rttpg_author":{"display_name":"cp.tiernogalvan.sanfernando","author_link":"https:\/\/site.educa.madrid.org\/cp.tiernogalvan.sanfernando\/index.php\/author\/cuenta_cp-tiernogalvan-sanfernando\/"},"rttpg_comment":0,"rttpg_category":false,"rttpg_excerpt":"MIngl\u00e9s, Lengua, Matem\u00e1ticas, Sociales, Naturales&nbsp; &nbsp; Resultados de las pruebas de evaluaci\u00f3n orales o escritas. 70%Cuaderno del alumno y trabajos individuales. 10% [&hellip;]","post_mailing_queue_ids":[],"_links":{"self":[{"href":"https:\/\/site.educa.madrid.org\/cp.tiernogalvan.sanfernando\/index.php\/wp-json\/wp\/v2\/pages\/2050","targetHints":{"allow":["GET"]}}],"collection":[{"href":"https:\/\/site.educa.madrid.org\/cp.tiernogalvan.sanfernando\/index.php\/wp-json\/wp\/v2\/pages"}],"about":[{"href":"https:\/\/site.educa.madrid.org\/cp.tiernogalvan.sanfernando\/index.php\/wp-json\/wp\/v2\/types\/page"}],"author":[{"embeddable":true,"href":"https:\/\/site.educa.madrid.org\/cp.tiernogalvan.sanfernando\/index.php\/wp-json\/wp\/v2\/users\/3"}],"replies":[{"embeddable":true,"href":"https:\/\/site.educa.madrid.org\/cp.tiernogalvan.sanfernando\/index.php\/wp-json\/wp\/v2\/comments?post=2050"}],"version-history":[{"count":4,"href":"https:\/\/site.educa.madrid.org\/cp.tiernogalvan.sanfernando\/index.php\/wp-json\/wp\/v2\/pages\/2050\/revisions"}],"predecessor-version":[{"id":9871,"href":"https:\/\/site.educa.madrid.org\/cp.tiernogalvan.sanfernando\/index.php\/wp-json\/wp\/v2\/pages\/2050\/revisions\/9871"}],"wp:attachment":[{"href":"https:\/\/site.educa.madrid.org\/cp.tiernogalvan.sanfernando\/index.php\/wp-json\/wp\/v2\/media?parent=2050"}],"wp:term":[{"taxonomy":"folder","embeddable":true,"href":"https:\/\/site.educa.madrid.org\/cp.tiernogalvan.sanfernando\/index.php\/wp-json\/wp\/v2\/folder?post=2050"}],"curies":[{"name":"wp","href":"https:\/\/api.w.org\/{rel}","templated":true}]}}