{"id":4219,"date":"2017-11-25T19:02:01","date_gmt":"2017-11-25T19:02:01","guid":{"rendered":"https:\/\/www.ceipenriquetiernogalvan.es\/?page_id=4219"},"modified":"2024-11-18T14:53:04","modified_gmt":"2024-11-18T13:53:04","slug":"criterios-calificacion-1o","status":"publish","type":"page","link":"https:\/\/site.educa.madrid.org\/cp.tiernogalvan.sanfernando\/index.php\/criterios-calificacion-1o\/","title":{"rendered":"Criterios de Calificaci\u00f3n 1\u00ba"},"content":{"rendered":"\n<p>Lengua, Matem\u00e1ticas, Ingl\u00e9s, Natural Science, Social Science:<\/p>\n\n\n\n<ul class=\"wp-block-list\">\n<li>Trabajo grupal 20%<\/li>\n\n\n\n<li>Trabajo individual 30%<\/li>\n\n\n\n<li>Pruebas orales o escritas 30%<\/li>\n\n\n\n<li>Participaci\u00f3n en actividades gran grupo 20%<\/li>\n<\/ul>\n\n\n\n<p>Educaci\u00f3n F\u00edsica<\/p>\n\n\n\n<p>Conceptos, actividades y competencias.<\/p>\n\n\n\n<p>&nbsp;&nbsp;&nbsp;&nbsp;&nbsp; Ficha te\u00f3rica o interactiva (10%)<\/p>\n\n\n\n<p>&nbsp;&nbsp;&nbsp;&nbsp;&nbsp;&nbsp;Realizaci\u00f3n y ejecuci\u00f3n de las actividades (20%)<\/p>\n\n\n\n<p>Valoraci\u00f3n del trabajo motor diario&nbsp;&nbsp;&nbsp;&nbsp;&nbsp;&nbsp;<\/p>\n\n\n\n<p>&nbsp;&nbsp;&nbsp;&nbsp; Observaci\u00f3n directa + R\u00fabrica (40%)<\/p>\n\n\n\n<p>Actitud<\/p>\n\n\n\n<p>\u00a0\u00a0\u00a0\u00a0\u00a0 Observaci\u00f3n directa + R\u00fabrica (30%)<\/p>\n\n\n\n<p>M\u00fasica<\/p>\n\n\n\n<p>TRABAJO DIARIO: 70%<\/p>\n\n\n\n<p>ACTITUD, COMPORTAMIENTO, ESFUERZO, NORMAS\u2026: 30%\u00a0<\/p>\n\n\n\n<p>ARTS AND GRAPHS<\/p>\n\n\n\n<p>Trabajos grupales e individuales: 70%<\/p>\n\n\n\n<p>Limpieza: 10%<\/p>\n\n\n\n<p>Esfuerzo y participaci\u00f3n: 20%<\/p>\n","protected":false},"excerpt":{"rendered":"<p>Lengua, Matem\u00e1ticas, Ingl\u00e9s, Natural Science, Social Science: Educaci\u00f3n F\u00edsica Conceptos, actividades y competencias. &nbsp;&nbsp;&nbsp;&nbsp;&nbsp; Ficha te\u00f3rica o interactiva (10%) &nbsp;&nbsp;&nbsp;&nbsp;&nbsp;&nbsp;Realizaci\u00f3n y ejecuci\u00f3n [&hellip;]<\/p>\n","protected":false},"author":3,"featured_media":0,"parent":0,"menu_order":0,"comment_status":"closed","ping_status":"closed","template":"","meta":{"footnotes":""},"folder":[],"class_list":["post-4219","page","type-page","status-publish","hentry"],"rttpg_featured_image_url":null,"rttpg_author":{"display_name":"cp.tiernogalvan.sanfernando","author_link":"https:\/\/site.educa.madrid.org\/cp.tiernogalvan.sanfernando\/index.php\/author\/cuenta_cp-tiernogalvan-sanfernando\/"},"rttpg_comment":0,"rttpg_category":false,"rttpg_excerpt":"Lengua, Matem\u00e1ticas, Ingl\u00e9s, Natural Science, Social Science: Educaci\u00f3n F\u00edsica Conceptos, actividades y competencias. &nbsp;&nbsp;&nbsp;&nbsp;&nbsp; Ficha te\u00f3rica o interactiva (10%) &nbsp;&nbsp;&nbsp;&nbsp;&nbsp;&nbsp;Realizaci\u00f3n y ejecuci\u00f3n [&hellip;]","post_mailing_queue_ids":[],"_links":{"self":[{"href":"https:\/\/site.educa.madrid.org\/cp.tiernogalvan.sanfernando\/index.php\/wp-json\/wp\/v2\/pages\/4219","targetHints":{"allow":["GET"]}}],"collection":[{"href":"https:\/\/site.educa.madrid.org\/cp.tiernogalvan.sanfernando\/index.php\/wp-json\/wp\/v2\/pages"}],"about":[{"href":"https:\/\/site.educa.madrid.org\/cp.tiernogalvan.sanfernando\/index.php\/wp-json\/wp\/v2\/types\/page"}],"author":[{"embeddable":true,"href":"https:\/\/site.educa.madrid.org\/cp.tiernogalvan.sanfernando\/index.php\/wp-json\/wp\/v2\/users\/3"}],"replies":[{"embeddable":true,"href":"https:\/\/site.educa.madrid.org\/cp.tiernogalvan.sanfernando\/index.php\/wp-json\/wp\/v2\/comments?post=4219"}],"version-history":[{"count":3,"href":"https:\/\/site.educa.madrid.org\/cp.tiernogalvan.sanfernando\/index.php\/wp-json\/wp\/v2\/pages\/4219\/revisions"}],"predecessor-version":[{"id":9629,"href":"https:\/\/site.educa.madrid.org\/cp.tiernogalvan.sanfernando\/index.php\/wp-json\/wp\/v2\/pages\/4219\/revisions\/9629"}],"wp:attachment":[{"href":"https:\/\/site.educa.madrid.org\/cp.tiernogalvan.sanfernando\/index.php\/wp-json\/wp\/v2\/media?parent=4219"}],"wp:term":[{"taxonomy":"folder","embeddable":true,"href":"https:\/\/site.educa.madrid.org\/cp.tiernogalvan.sanfernando\/index.php\/wp-json\/wp\/v2\/folder?post=4219"}],"curies":[{"name":"wp","href":"https:\/\/api.w.org\/{rel}","templated":true}]}}