{"id":752,"date":"2017-11-13T10:41:06","date_gmt":"2017-11-13T10:41:06","guid":{"rendered":"https:\/\/www.ceipenriquetiernogalvan.es\/?page_id=752"},"modified":"2025-09-05T13:46:29","modified_gmt":"2025-09-05T11:46:29","slug":"ampa","status":"publish","type":"page","link":"https:\/\/site.educa.madrid.org\/cp.tiernogalvan.sanfernando\/index.php\/ampa\/","title":{"rendered":"Ampa"},"content":{"rendered":"\n<div class=\"wp-block-columns alignwide is-layout-flex wp-container-core-columns-is-layout-9d6595d7 wp-block-columns-is-layout-flex\">\n<div class=\"wp-block-column has-background has-link-color wp-elements-3f5e07204a520608b421c8a336425d7a is-layout-flow wp-block-column-is-layout-flow\" style=\"background-color:#dce0ea;padding-top:2em;padding-right:2em;padding-bottom:2em;padding-left:2em;flex-basis:28%\">\n<h2 class=\"wp-block-heading has-text-align-center\" style=\"font-size:33px;line-height:1.5\">Qu\u00e9 es el AMPA<\/h2>\n\n\n\n<p>Es un organismo muy importante de participaci\u00f3n en la vida escolar y lectiva.<\/p>\n\n\n\n<div style=\"height:43px\" aria-hidden=\"true\" class=\"wp-block-spacer\"><\/div>\n\n\n\n<hr class=\"wp-block-separator has-text-color has-alpha-channel-opacity has-background is-style-default\" style=\"background-color:#b0b0b0;color:#b0b0b0\"\/>\n\n\n\n<div style=\"height:38px\" aria-hidden=\"true\" class=\"wp-block-spacer\"><\/div>\n\n\n\n<div class=\"wp-block-buttons is-content-justification-center is-layout-flex wp-container-core-buttons-is-layout-16018d1d wp-block-buttons-is-layout-flex\">\n<div class=\"wp-block-button has-custom-font-size has-medium-font-size\"><a class=\"wp-block-button__link has-white-color has-text-color has-background wp-element-button\" href=\"https:\/\/site.educa.madrid.org\/cp.tiernogalvan.sanfernando\/index.php\/que-es-el-ampa\/\" style=\"background-color:#533b4b\">acceder<\/a><\/div>\n<\/div>\n<\/div>\n\n\n\n<div class=\"wp-block-column has-background has-link-color wp-elements-c3d2701d604865ff52923c39c5644425 is-layout-flow wp-block-column-is-layout-flow\" style=\"background-color:#c7f2da;padding-top:2em;padding-right:2em;padding-bottom:2em;padding-left:2em;flex-basis:28%\">\n<h2 class=\"wp-block-heading has-text-align-center\" style=\"font-size:33px;line-height:1.5\">Horario Ampliado de ma\u00f1ana<\/h2>\n\n\n\n<p class=\"has-text-align-center is-style-wide\">Es este apartado, obtendr\u00e1s toda la informaci\u00f3n sobre el servicio del horario de ampliaci\u00f3n de ma\u00f1ana y de tarde.<\/p>\n\n\n\n<hr class=\"wp-block-separator has-text-color has-alpha-channel-opacity has-background is-style-default\" style=\"background-color:#b0b0b0;color:#b0b0b0\"\/>\n\n\n\n<div style=\"height:8px\" aria-hidden=\"true\" class=\"wp-block-spacer\"><\/div>\n\n\n\n<div class=\"wp-block-buttons is-content-justification-center is-layout-flex wp-container-core-buttons-is-layout-16018d1d wp-block-buttons-is-layout-flex\">\n<div class=\"wp-block-button has-custom-font-size has-medium-font-size\"><a class=\"wp-block-button__link has-white-color has-text-color has-background wp-element-button\" href=\"https:\/\/cloud.educa.madrid.org\/s\/WogAD7giHnsDxj8\" style=\"background-color:#533b4b\" target=\"_blank\" rel=\"noreferrer noopener\">PRECIOS<\/a><\/div>\n\n\n\n<div class=\"wp-block-button has-custom-font-size has-medium-font-size\"><a class=\"wp-block-button__link has-white-color has-text-color has-background wp-element-button\" href=\"https:\/\/cloud.educa.madrid.org\/s\/R7Ewp3RwEdWy8tz\" style=\"background-color:#533b4b\">INSCRIPCIONES<\/a><\/div>\n<\/div>\n<\/div>\n\n\n\n<div class=\"wp-block-column has-background has-link-color wp-elements-63833236c74553ab314ae8a389bbe2b5 is-layout-flow wp-block-column-is-layout-flow\" style=\"background-color:#f1d0d8;padding-top:2em;padding-right:2em;padding-bottom:2em;padding-left:2em;flex-basis:28%\">\n<h2 class=\"wp-block-heading has-text-align-center\" style=\"font-size:33px;line-height:1.5\">Contacto<\/h2>\n\n\n\n<p class=\"has-text-align-center is-style-wide\">SI deseas ponerte en contacto con el AMPA, puedes hacerlo a trav\u00e9s del correo electr\u00f3nico:<\/p>\n\n\n\n<p class=\"has-text-align-center is-style-wide has-medium-font-size\"> <a rel=\"noreferrer noopener\" href=\"mailto:ampatierno@gmail.com\" target=\"_blank\">ampatierno@gmail.com<\/a><\/p>\n\n\n\n<hr class=\"wp-block-separator has-text-color has-alpha-channel-opacity has-background is-style-default\" style=\"background-color:#b0b0b0;color:#b0b0b0\"\/>\n\n\n\n<div style=\"height:40px\" aria-hidden=\"true\" class=\"wp-block-spacer\"><\/div>\n<\/div>\n<\/div>\n\n\n\n<div class=\"wp-block-columns alignwide is-layout-flex wp-container-core-columns-is-layout-9d6595d7 wp-block-columns-is-layout-flex\">\n<div class=\"wp-block-column has-background has-link-color wp-elements-3be1bbcfe1eb74992f59bd53e97346a9 is-layout-flow wp-block-column-is-layout-flow\" style=\"background-color:#c0dff6;padding-top:2em;padding-right:2em;padding-bottom:2em;padding-left:2em;flex-basis:28%\">\n<h2 class=\"wp-block-heading has-text-align-center\" style=\"font-size:33px;line-height:1.5\">Extraescolares de tarde del AMPA<\/h2>\n\n\n\n<p>A continuaci\u00f3n, podr\u00e1s ver las actividades que se ofrecen desde el AMPA una vez terminado el horario lectivo<\/p>\n\n\n\n<div style=\"height:20px\" aria-hidden=\"true\" class=\"wp-block-spacer\"><\/div>\n\n\n\n<hr class=\"wp-block-separator has-text-color has-alpha-channel-opacity has-background is-style-default\" style=\"background-color:#b0b0b0;color:#b0b0b0\"\/>\n\n\n\n<div style=\"height:7px\" aria-hidden=\"true\" class=\"wp-block-spacer\"><\/div>\n\n\n\n<div class=\"wp-block-buttons is-content-justification-center is-layout-flex wp-container-core-buttons-is-layout-16018d1d wp-block-buttons-is-layout-flex\">\n<div class=\"wp-block-button has-custom-font-size has-medium-font-size\"><a class=\"wp-block-button__link has-white-color has-text-color has-background wp-element-button\" href=\"https:\/\/site.educa.madrid.org\/cp.tiernogalvan.sanfernando\/index.php\/actividades-ampa\/\" style=\"background-color:#533b4b\">acceder<\/a><\/div>\n<\/div>\n<\/div>\n\n\n\n<div class=\"wp-block-column has-background has-link-color wp-elements-309fa11612cbff058a919375efc58b6b is-layout-flow wp-block-column-is-layout-flow\" style=\"background-color:#d8d8d8;padding-top:2em;padding-right:2em;padding-bottom:2em;padding-left:2em;flex-basis:28%\">\n<h2 class=\"wp-block-heading has-text-align-center\" style=\"font-size:33px;line-height:1.5\">Actividades del Ayuntamiento<\/h2>\n\n\n\n<p class=\"has-text-align-center is-style-wide\">Es este apartado, obtendr\u00e1s toda la informaci\u00f3n sobre el servicio de actividades del Ayuntamiento.<\/p>\n\n\n\n<div style=\"height:8px\" aria-hidden=\"true\" class=\"wp-block-spacer\"><\/div>\n\n\n\n<hr class=\"wp-block-separator has-text-color has-alpha-channel-opacity has-background is-style-default\" style=\"background-color:#b0b0b0;color:#b0b0b0\"\/>\n\n\n\n<div style=\"height:10px\" aria-hidden=\"true\" class=\"wp-block-spacer\"><\/div>\n\n\n\n<div class=\"wp-block-buttons is-content-justification-center is-layout-flex wp-container-core-buttons-is-layout-16018d1d wp-block-buttons-is-layout-flex\">\n<div class=\"wp-block-button has-custom-font-size has-medium-font-size\"><a class=\"wp-block-button__link has-white-color has-text-color has-background wp-element-button\" href=\"https:\/\/www.ayto-sanfernando.com\/plazo-extraordinario-de-inscripcion-de-las-actividades-extraescolares\/\" style=\"background-color:#533b4b\" target=\"_blank\" rel=\"noreferrer noopener\">acceder<\/a><\/div>\n<\/div>\n<\/div>\n\n\n\n<div class=\"wp-block-column has-background has-link-color wp-elements-b7e58502c59bc9dff59e8861a18df3e4 is-layout-flow wp-block-column-is-layout-flow\" style=\"background-color:#feefbb;padding-top:2em;padding-right:2em;padding-bottom:2em;padding-left:2em;flex-basis:28%\">\n<h2 class=\"wp-block-heading has-text-align-center\" style=\"font-size:33px;line-height:1.5\">Cuota<\/h2>\n\n\n\n<p>Cuota anual del AMPA del colegio de <strong>12 euros<\/strong> por familia al a\u00f1o.<\/p>\n\n\n\n<p>N\u00ba de cuenta es el siguiente:<\/p>\n\n\n\n<p><strong>ES78 2100 5497 7313 0008 7323<\/strong><\/p>\n\n\n\n<hr class=\"wp-block-separator has-text-color has-alpha-channel-opacity has-background is-style-default\" style=\"background-color:#b0b0b0;color:#b0b0b0\"\/>\n\n\n\n<div style=\"height:40px\" aria-hidden=\"true\" class=\"wp-block-spacer\"><\/div>\n<\/div>\n<\/div>\n","protected":false},"excerpt":{"rendered":"<p>Qu\u00e9 es el AMPA Es un organismo muy importante de participaci\u00f3n en la vida escolar y lectiva. Horario Ampliado de ma\u00f1ana Es [&hellip;]<\/p>\n","protected":false},"author":3,"featured_media":0,"parent":0,"menu_order":0,"comment_status":"closed","ping_status":"closed","template":"page-templates\/page_fullwidth.php","meta":{"footnotes":""},"folder":[],"class_list":["post-752","page","type-page","status-publish","hentry"],"rttpg_featured_image_url":null,"rttpg_author":{"display_name":"cp.tiernogalvan.sanfernando","author_link":"https:\/\/site.educa.madrid.org\/cp.tiernogalvan.sanfernando\/index.php\/author\/cuenta_cp-tiernogalvan-sanfernando\/"},"rttpg_comment":0,"rttpg_category":false,"rttpg_excerpt":"Qu\u00e9 es el AMPA Es un organismo muy importante de participaci\u00f3n en la vida escolar y lectiva. Horario Ampliado de ma\u00f1ana Es [&hellip;]","post_mailing_queue_ids":[],"_links":{"self":[{"href":"https:\/\/site.educa.madrid.org\/cp.tiernogalvan.sanfernando\/index.php\/wp-json\/wp\/v2\/pages\/752","targetHints":{"allow":["GET"]}}],"collection":[{"href":"https:\/\/site.educa.madrid.org\/cp.tiernogalvan.sanfernando\/index.php\/wp-json\/wp\/v2\/pages"}],"about":[{"href":"https:\/\/site.educa.madrid.org\/cp.tiernogalvan.sanfernando\/index.php\/wp-json\/wp\/v2\/types\/page"}],"author":[{"embeddable":true,"href":"https:\/\/site.educa.madrid.org\/cp.tiernogalvan.sanfernando\/index.php\/wp-json\/wp\/v2\/users\/3"}],"replies":[{"embeddable":true,"href":"https:\/\/site.educa.madrid.org\/cp.tiernogalvan.sanfernando\/index.php\/wp-json\/wp\/v2\/comments?post=752"}],"version-history":[{"count":10,"href":"https:\/\/site.educa.madrid.org\/cp.tiernogalvan.sanfernando\/index.php\/wp-json\/wp\/v2\/pages\/752\/revisions"}],"predecessor-version":[{"id":9846,"href":"https:\/\/site.educa.madrid.org\/cp.tiernogalvan.sanfernando\/index.php\/wp-json\/wp\/v2\/pages\/752\/revisions\/9846"}],"wp:attachment":[{"href":"https:\/\/site.educa.madrid.org\/cp.tiernogalvan.sanfernando\/index.php\/wp-json\/wp\/v2\/media?parent=752"}],"wp:term":[{"taxonomy":"folder","embeddable":true,"href":"https:\/\/site.educa.madrid.org\/cp.tiernogalvan.sanfernando\/index.php\/wp-json\/wp\/v2\/folder?post=752"}],"curies":[{"name":"wp","href":"https:\/\/api.w.org\/{rel}","templated":true}]}}