{"id":758,"date":"2017-11-13T10:42:55","date_gmt":"2017-11-13T10:42:55","guid":{"rendered":"https:\/\/www.ceipenriquetiernogalvan.es\/?page_id=758"},"modified":"2024-04-15T12:35:13","modified_gmt":"2024-04-15T10:35:13","slug":"laboral","status":"publish","type":"page","link":"https:\/\/site.educa.madrid.org\/cp.tiernogalvan.sanfernando\/index.php\/laboral\/","title":{"rendered":"Personal no docente"},"content":{"rendered":"\n<p>El colegio cuenta con un gran equipo no docente. En \u00e9l, destaca la presencia de una auxiliar administrativa, que realiza trabajos de&nbsp; atenci\u00f3n&nbsp; al p\u00fablico y de administraci\u00f3n de documentos. Tambi\u00e9n contamos con un conserje, el cual, nos ayuda con el mantenimiento integral del centro.<\/p>\n\n\n\n<p>Por otro lado, el centro dispone de una integradora social, la cual, apoya al alumnado con trastorno del espectro autista. Adem\u00e1s, tenemos una responsable de comedor que es la encargada de coordinar el buen funcionamiento del comedor.&nbsp;Todos ellos cumplen funciones fundamentales para la buena marcha de la vida en el centro y permiten que la jornada escolar transcurra en las mejores condiciones.<\/p>\n\n\n\n<div style=\"height:27px\" aria-hidden=\"true\" class=\"wp-block-spacer\"><\/div>\n\n\n\n<p>Auxiliar administrativa: Yolanda.<\/p>\n\n\n\n<p>Conserje: Quique.<\/p>\n\n\n\n<p>Coordinadora de comedor: Lourdes Alegre.<\/p>\n\n\n\n<p>Integradora social: Mar\u00eda Tomeo.<\/p>\n","protected":false},"excerpt":{"rendered":"<p>El colegio cuenta con un gran equipo no docente. En \u00e9l, destaca la presencia de una auxiliar administrativa, que realiza trabajos de&nbsp; [&hellip;]<\/p>\n","protected":false},"author":3,"featured_media":0,"parent":0,"menu_order":0,"comment_status":"closed","ping_status":"closed","template":"","meta":{"footnotes":""},"folder":[],"class_list":["post-758","page","type-page","status-publish","hentry"],"rttpg_featured_image_url":null,"rttpg_author":{"display_name":"cp.tiernogalvan.sanfernando","author_link":"https:\/\/site.educa.madrid.org\/cp.tiernogalvan.sanfernando\/index.php\/author\/cuenta_cp-tiernogalvan-sanfernando\/"},"rttpg_comment":0,"rttpg_category":false,"rttpg_excerpt":"El colegio cuenta con un gran equipo no docente. En \u00e9l, destaca la presencia de una auxiliar administrativa, que realiza trabajos de&nbsp; [&hellip;]","post_mailing_queue_ids":[],"_links":{"self":[{"href":"https:\/\/site.educa.madrid.org\/cp.tiernogalvan.sanfernando\/index.php\/wp-json\/wp\/v2\/pages\/758","targetHints":{"allow":["GET"]}}],"collection":[{"href":"https:\/\/site.educa.madrid.org\/cp.tiernogalvan.sanfernando\/index.php\/wp-json\/wp\/v2\/pages"}],"about":[{"href":"https:\/\/site.educa.madrid.org\/cp.tiernogalvan.sanfernando\/index.php\/wp-json\/wp\/v2\/types\/page"}],"author":[{"embeddable":true,"href":"https:\/\/site.educa.madrid.org\/cp.tiernogalvan.sanfernando\/index.php\/wp-json\/wp\/v2\/users\/3"}],"replies":[{"embeddable":true,"href":"https:\/\/site.educa.madrid.org\/cp.tiernogalvan.sanfernando\/index.php\/wp-json\/wp\/v2\/comments?post=758"}],"version-history":[{"count":1,"href":"https:\/\/site.educa.madrid.org\/cp.tiernogalvan.sanfernando\/index.php\/wp-json\/wp\/v2\/pages\/758\/revisions"}],"predecessor-version":[{"id":8858,"href":"https:\/\/site.educa.madrid.org\/cp.tiernogalvan.sanfernando\/index.php\/wp-json\/wp\/v2\/pages\/758\/revisions\/8858"}],"wp:attachment":[{"href":"https:\/\/site.educa.madrid.org\/cp.tiernogalvan.sanfernando\/index.php\/wp-json\/wp\/v2\/media?parent=758"}],"wp:term":[{"taxonomy":"folder","embeddable":true,"href":"https:\/\/site.educa.madrid.org\/cp.tiernogalvan.sanfernando\/index.php\/wp-json\/wp\/v2\/folder?post=758"}],"curies":[{"name":"wp","href":"https:\/\/api.w.org\/{rel}","templated":true}]}}