{"id":2096,"date":"2025-03-10T19:57:22","date_gmt":"2025-03-10T18:57:22","guid":{"rendered":"https:\/\/site.educa.madrid.org\/cp.tiernogalvan.trescantos\/?page_id=2096"},"modified":"2025-11-03T20:31:22","modified_gmt":"2025-11-03T19:31:22","slug":"orientacion","status":"publish","type":"page","link":"https:\/\/site.educa.madrid.org\/cp.tiernogalvan.trescantos\/index.php\/orientacion\/","title":{"rendered":"Orientaci\u00f3n"},"content":{"rendered":"<div id=\"pl-gb2096-6a03586854980\"  class=\"panel-layout panel-layout\" ><div id=\"pg-gb2096-6a03586854980-0\"  class=\"panel-grid panel-no-style\"  data-style=\"{&quot;background_image_attachment&quot;:false,&quot;background_display&quot;:&quot;tile&quot;,&quot;background_image_size&quot;:&quot;full&quot;,&quot;background_image_opacity&quot;:&quot;100&quot;,&quot;border_thickness&quot;:&quot;1px&quot;,&quot;full_height&quot;:&quot;&quot;,&quot;cell_alignment&quot;:&quot;flex-start&quot;,&quot;link_overlay_new_window&quot;:&quot;&quot;}\" ><div id=\"pgc-gb2096-6a03586854980-0-0\"  class=\"panel-grid-cell\"  data-weight=\"1\" ><div id=\"panel-gb2096-6a03586854980-0-0-0\" class=\"so-panel widget widget_text panel-first-child panel-last-child\" data-index=\"0\" data-style=\"{&quot;background_image_attachment&quot;:false,&quot;background_display&quot;:&quot;tile&quot;,&quot;background_image_size&quot;:&quot;full&quot;,&quot;background_image_opacity&quot;:&quot;100&quot;,&quot;border_thickness&quot;:&quot;1px&quot;,&quot;link_overlay_new_window&quot;:&quot;&quot;}\" >\t\t\t<div class=\"textwidget\"><p>El Equipo de Orientaci\u00f3n Educativa y Psicopedag\u00f3gica (EOEP) es un servicio externo de car\u00e1cter educativo que atiende a todos los colegios del sector en el que est\u00e1 ubicado. En el caso de nuestro colegio \u00a0el EOEP de referencia se encuentra en la localidad de Colmenar Viejo.<\/p>\n<p>Un profesional con perfil de orientador, trabajador social \u00a0y TIS atienden al centro.<\/p>\n<p>Estos profesionales, junto con las maestras de Pedagog\u00eda Terap\u00e9utica, Audici\u00f3n y Lenguaje\u00a0 forman el Equipo de Apoyo del centro.<\/p>\n<p>Entre los objetivos principales que se desarrollan desde el EOEP en el colegio se encuentran:<\/p>\n<ul>\n<li>Contribuir a la mejora de la ense\u00f1anza y la calidad de los aprendizajes favoreciendo la atenci\u00f3n a la diversidad.<\/li>\n<li>Prevenir y detectar las dificultades que inciden en el aprendizaje.<\/li>\n<li>Asesorar y colaborar en la elaboraci\u00f3n, desarrollo, evaluaci\u00f3n y revisi\u00f3n del Plan de Atenci\u00f3n a la Diversidad del Centro.<\/li>\n<li>Evaluar las necesidades educativas de los alumnos.<\/li>\n<li>Colaborar en el seguimiento de los alumnos con necesidades educativas especiales.<\/li>\n<li>Mejorar la Atenci\u00f3n del alumnado procedente de minor\u00edas \u00e9tnicas, sociales y culturales asesorando al profesorado para paliar la situaci\u00f3n de desventaja.<\/li>\n<li>Contribuir a la mejora del funcionamiento de estructuras internas del centro.<\/li>\n<li>Contribuir al desarrollo profesional de los docentes desde el trabajo de asesoramiento.<\/li>\n<li>Promover la cooperaci\u00f3n familia y escuela.<\/li>\n<li>Proporcionar a las familias orientaci\u00f3n sobre aspectos sociofamiliares referentes a las necesidades en el trato con sus hijos.<\/li>\n<\/ul>\n<\/div>\n\t\t<\/div><\/div><\/div><\/div>","protected":false},"excerpt":{"rendered":"<p>El Equipo de Orientaci\u00f3n Educativa y Psicopedag\u00f3gica (EOEP) es un servicio externo de car\u00e1cter educativo que atiende a todos los colegios del sector en el que est\u00e1 ubicado. En el caso de nuestro colegio \u00a0el EOEP de referencia se encuentra en la localidad de Colmenar Viejo. Un profesional con perfil de orientador, trabajador social \u00a0y<\/p><\/div>\n<div class=\"blog-btn\"><a href=\"https:\/\/site.educa.madrid.org\/cp.tiernogalvan.trescantos\/index.php\/orientacion\/\" class=\"home-blog-btn\">Leer m\u00e1s<\/a><\/p>\n","protected":false},"author":2,"featured_media":0,"parent":0,"menu_order":0,"comment_status":"closed","ping_status":"closed","template":"template\/template-page-full-width.php","meta":{"footnotes":""},"folder":[],"class_list":["post-2096","page","type-page","status-publish","hentry"],"rttpg_featured_image_url":null,"rttpg_author":{"display_name":"tic.cp.tiernogalvan.trescantos","author_link":"https:\/\/site.educa.madrid.org\/cp.tiernogalvan.trescantos\/index.php\/author\/cuenta_tic-cp-tiernogalvan-trescantos\/"},"rttpg_comment":0,"rttpg_category":false,"rttpg_excerpt":"El Equipo de Orientaci\u00f3n Educativa y Psicopedag\u00f3gica (EOEP) es un servicio externo de car\u00e1cter educativo que atiende a todos los colegios del sector en el que est\u00e1 ubicado. En el caso de nuestro colegio \u00a0el EOEP de referencia se encuentra en la localidad de Colmenar Viejo. Un profesional con perfil de orientador, trabajador social \u00a0yLeer&hellip;","post_mailing_queue_ids":[],"_links":{"self":[{"href":"https:\/\/site.educa.madrid.org\/cp.tiernogalvan.trescantos\/index.php\/wp-json\/wp\/v2\/pages\/2096","targetHints":{"allow":["GET"]}}],"collection":[{"href":"https:\/\/site.educa.madrid.org\/cp.tiernogalvan.trescantos\/index.php\/wp-json\/wp\/v2\/pages"}],"about":[{"href":"https:\/\/site.educa.madrid.org\/cp.tiernogalvan.trescantos\/index.php\/wp-json\/wp\/v2\/types\/page"}],"author":[{"embeddable":true,"href":"https:\/\/site.educa.madrid.org\/cp.tiernogalvan.trescantos\/index.php\/wp-json\/wp\/v2\/users\/2"}],"replies":[{"embeddable":true,"href":"https:\/\/site.educa.madrid.org\/cp.tiernogalvan.trescantos\/index.php\/wp-json\/wp\/v2\/comments?post=2096"}],"version-history":[{"count":6,"href":"https:\/\/site.educa.madrid.org\/cp.tiernogalvan.trescantos\/index.php\/wp-json\/wp\/v2\/pages\/2096\/revisions"}],"predecessor-version":[{"id":2265,"href":"https:\/\/site.educa.madrid.org\/cp.tiernogalvan.trescantos\/index.php\/wp-json\/wp\/v2\/pages\/2096\/revisions\/2265"}],"wp:attachment":[{"href":"https:\/\/site.educa.madrid.org\/cp.tiernogalvan.trescantos\/index.php\/wp-json\/wp\/v2\/media?parent=2096"}],"wp:term":[{"taxonomy":"folder","embeddable":true,"href":"https:\/\/site.educa.madrid.org\/cp.tiernogalvan.trescantos\/index.php\/wp-json\/wp\/v2\/folder?post=2096"}],"curies":[{"name":"wp","href":"https:\/\/api.w.org\/{rel}","templated":true}]}}