{"id":635,"date":"2021-04-10T10:57:16","date_gmt":"2021-04-10T10:57:16","guid":{"rendered":"https:\/\/site.educa.madrid.org\/cp.tiernogalvan.trescantos\/?page_id=635"},"modified":"2025-03-10T20:36:38","modified_gmt":"2025-03-10T19:36:38","slug":"proyecto-trilingue-de-la-comunidad-de-madrid","status":"publish","type":"page","link":"https:\/\/site.educa.madrid.org\/cp.tiernogalvan.trescantos\/index.php\/proyectos\/proyecto-trilingue-de-la-comunidad-de-madrid\/","title":{"rendered":"Proyecto Triling\u00fce de la Comunidad de Madrid"},"content":{"rendered":"\n<div class=\"wp-block-image\"><figure class=\"aligncenter size-large\"><img loading=\"lazy\" decoding=\"async\" width=\"1024\" height=\"845\" src=\"https:\/\/site.educa.madrid.org\/cp.tiernogalvan.trescantos\/\/wp-content\/uploads\/cp.tiernogalvan.trescantos\/2023\/05\/logo_colegio_trilingue-1024x845.png\" alt=\"\" class=\"wp-image-1273\" srcset=\"https:\/\/site.educa.madrid.org\/cp.tiernogalvan.trescantos\/\/wp-content\/uploads\/cp.tiernogalvan.trescantos\/2023\/05\/logo_colegio_trilingue-1024x845.png 1024w, https:\/\/site.educa.madrid.org\/cp.tiernogalvan.trescantos\/\/wp-content\/uploads\/cp.tiernogalvan.trescantos\/2023\/05\/logo_colegio_trilingue-300x248.png 300w, https:\/\/site.educa.madrid.org\/cp.tiernogalvan.trescantos\/\/wp-content\/uploads\/cp.tiernogalvan.trescantos\/2023\/05\/logo_colegio_trilingue-768x634.png 768w, https:\/\/site.educa.madrid.org\/cp.tiernogalvan.trescantos\/\/wp-content\/uploads\/cp.tiernogalvan.trescantos\/2023\/05\/logo_colegio_trilingue-1536x1267.png 1536w, https:\/\/site.educa.madrid.org\/cp.tiernogalvan.trescantos\/\/wp-content\/uploads\/cp.tiernogalvan.trescantos\/2023\/05\/logo_colegio_trilingue.png 2000w\" sizes=\"auto, (max-width: 1024px) 100vw, 1024px\" \/><\/figure><\/div>\n\n\n\n<h2 class=\"wp-block-heading\">Proyecto Triling\u00fce de la Comunidad de Madrid<\/h2>\n\n\n\n<p>Desde el curso 2010 &#8211; 2011, nuestro colegio pertenece a la red de colegios biling\u00fces de la Comunidad de Madrid. Los alumnos reciben clase en ingl\u00e9s en las asignaturas de Naturales, Pl\u00e1stica y Educaci\u00f3n F\u00edsica, adem\u00e1s de la asignatura de Ingl\u00e9s.<\/p>\n\n\n\n<p>En septiembre de 2017 comenzamos a implantar tambi\u00e9n el biling\u00fcismo en Infantil. Pasando a ser el primer colegio de Tres Cantos que empez\u00f3 a formar parte de este programa.<\/p>\n\n\n\n<p>Desde septiembre de 2019 estamos formando parte de un Proyecto Piloto al impartir una sesi\u00f3n semanal de franc\u00e9s en 5\u00ba y 6\u00ba de primaria.&nbsp;<\/p>\n\n\n\n<p>Para facilitar la informaci\u00f3n y la comunicaci\u00f3n&nbsp;con las familias, actividades de repaso y refuerzo&nbsp;para nuestros alumnos y mostrar las actividades que se realizan en este proyecto, todo el equipo docente que participa en dicho proyecto ha puesto en marcha el blog ENGLISH CORNER para tener acceso a multitud de recursos para mejorar la competencia en lengua inglesa de una forma amena.<\/p>\n\n\n\n<p>Tenemos 4 auxiliares nativos de lengua inglesa y una auxiliar nativa francesa para la conversaci\u00f3n en ambos idiomas.<\/p>\n\n\n\n<div style=\"height:100px\" aria-hidden=\"true\" class=\"wp-block-spacer\"><\/div>\n\n\n\n<div class=\"wp-block-image\"><figure class=\"aligncenter size-large\"><a href=\"http:\/\/englishcornertc.blogspot.com\/\"><img loading=\"lazy\" decoding=\"async\" width=\"270\" height=\"54\" src=\"https:\/\/site.educa.madrid.org\/cp.tiernogalvan.trescantos\/\/wp-content\/uploads\/cp.tiernogalvan.trescantos\/2021\/04\/cache_2412054844.png\" alt=\"\" class=\"wp-image-638\"\/><\/a><figcaption><strong>Haz clic en la imagen para acceder al Blog<\/strong><\/figcaption><\/figure><\/div>\n","protected":false},"excerpt":{"rendered":"<p>Proyecto Triling\u00fce de la Comunidad de Madrid Desde el curso 2010 &#8211; 2011, nuestro colegio pertenece a la red de colegios biling\u00fces de la Comunidad de Madrid. Los alumnos reciben clase en ingl\u00e9s en las asignaturas de Naturales, Pl\u00e1stica y Educaci\u00f3n F\u00edsica, adem\u00e1s de la asignatura de Ingl\u00e9s. En septiembre de 2017 comenzamos a implantar<\/p><\/div>\n<div class=\"blog-btn\"><a href=\"https:\/\/site.educa.madrid.org\/cp.tiernogalvan.trescantos\/index.php\/proyectos\/proyecto-trilingue-de-la-comunidad-de-madrid\/\" class=\"home-blog-btn\">Leer m\u00e1s<\/a><\/p>\n","protected":false},"author":2,"featured_media":0,"parent":147,"menu_order":0,"comment_status":"closed","ping_status":"closed","template":"","meta":{"footnotes":""},"folder":[],"class_list":["post-635","page","type-page","status-publish","hentry"],"rttpg_featured_image_url":null,"rttpg_author":{"display_name":"tic.cp.tiernogalvan.trescantos","author_link":"https:\/\/site.educa.madrid.org\/cp.tiernogalvan.trescantos\/index.php\/author\/cuenta_tic-cp-tiernogalvan-trescantos\/"},"rttpg_comment":0,"rttpg_category":false,"rttpg_excerpt":"Proyecto Triling\u00fce de la Comunidad de Madrid Desde el curso 2010 &#8211; 2011, nuestro colegio pertenece a la red de colegios biling\u00fces de la Comunidad de Madrid. Los alumnos reciben clase en ingl\u00e9s en las asignaturas de Naturales, Pl\u00e1stica y Educaci\u00f3n F\u00edsica, adem\u00e1s de la asignatura de Ingl\u00e9s. En septiembre de 2017 comenzamos a implantarLeer&hellip;","post_mailing_queue_ids":[],"_links":{"self":[{"href":"https:\/\/site.educa.madrid.org\/cp.tiernogalvan.trescantos\/index.php\/wp-json\/wp\/v2\/pages\/635","targetHints":{"allow":["GET"]}}],"collection":[{"href":"https:\/\/site.educa.madrid.org\/cp.tiernogalvan.trescantos\/index.php\/wp-json\/wp\/v2\/pages"}],"about":[{"href":"https:\/\/site.educa.madrid.org\/cp.tiernogalvan.trescantos\/index.php\/wp-json\/wp\/v2\/types\/page"}],"author":[{"embeddable":true,"href":"https:\/\/site.educa.madrid.org\/cp.tiernogalvan.trescantos\/index.php\/wp-json\/wp\/v2\/users\/2"}],"replies":[{"embeddable":true,"href":"https:\/\/site.educa.madrid.org\/cp.tiernogalvan.trescantos\/index.php\/wp-json\/wp\/v2\/comments?post=635"}],"version-history":[{"count":3,"href":"https:\/\/site.educa.madrid.org\/cp.tiernogalvan.trescantos\/index.php\/wp-json\/wp\/v2\/pages\/635\/revisions"}],"predecessor-version":[{"id":1274,"href":"https:\/\/site.educa.madrid.org\/cp.tiernogalvan.trescantos\/index.php\/wp-json\/wp\/v2\/pages\/635\/revisions\/1274"}],"up":[{"embeddable":true,"href":"https:\/\/site.educa.madrid.org\/cp.tiernogalvan.trescantos\/index.php\/wp-json\/wp\/v2\/pages\/147"}],"wp:attachment":[{"href":"https:\/\/site.educa.madrid.org\/cp.tiernogalvan.trescantos\/index.php\/wp-json\/wp\/v2\/media?parent=635"}],"wp:term":[{"taxonomy":"folder","embeddable":true,"href":"https:\/\/site.educa.madrid.org\/cp.tiernogalvan.trescantos\/index.php\/wp-json\/wp\/v2\/folder?post=635"}],"curies":[{"name":"wp","href":"https:\/\/api.w.org\/{rel}","templated":true}]}}