{"id":1073,"date":"2023-11-24T12:44:57","date_gmt":"2023-11-24T11:44:57","guid":{"rendered":"https:\/\/site.educa.madrid.org\/cp.tirsodemolina.colmenarviejo\/?page_id=1073"},"modified":"2025-07-01T11:17:42","modified_gmt":"2025-07-01T09:17:42","slug":"charlas-con-familias","status":"publish","type":"page","link":"https:\/\/site.educa.madrid.org\/cp.tirsodemolina.colmenarviejo\/index.php\/charlas-con-familias\/","title":{"rendered":"DESAYUNOS CON FAMILIAS"},"content":{"rendered":"\n<p>Creemos que la participaci\u00f3n de las familias en la vida del centro es fundamental, por eso realizamos Desayunos con las familias del centro, con un tema de inter\u00e9s para las familias buscando su participaci\u00f3n e implicaci\u00f3n en la vida del centro.<\/p>\n\n\n\n<h2 class=\"wp-block-heading\">ACTIVIDADES REALIZADAS EN EL CURSO 2024-2025<\/h2>\n\n\n<div class=\"wp-block-image is-style-default\">\n<figure class=\"alignleft size-large is-resized\"><img loading=\"lazy\" decoding=\"async\" width=\"724\" height=\"1024\" src=\"https:\/\/site.educa.madrid.org\/cp.tirsodemolina.colmenarviejo\/\/wp-content\/uploads\/cp.tirsodemolina.colmenarviejo\/2025\/02\/ESCUELA-DE-FAMILIAS-PRIMEROS-AUXILIOS-724x1024.jpg\" alt=\"\" class=\"wp-image-1196\" style=\"width:511px;height:auto\" srcset=\"https:\/\/site.educa.madrid.org\/cp.tirsodemolina.colmenarviejo\/\/wp-content\/uploads\/cp.tirsodemolina.colmenarviejo\/2025\/02\/ESCUELA-DE-FAMILIAS-PRIMEROS-AUXILIOS-724x1024.jpg 724w, https:\/\/site.educa.madrid.org\/cp.tirsodemolina.colmenarviejo\/\/wp-content\/uploads\/cp.tirsodemolina.colmenarviejo\/2025\/02\/ESCUELA-DE-FAMILIAS-PRIMEROS-AUXILIOS-212x300.jpg 212w, https:\/\/site.educa.madrid.org\/cp.tirsodemolina.colmenarviejo\/\/wp-content\/uploads\/cp.tirsodemolina.colmenarviejo\/2025\/02\/ESCUELA-DE-FAMILIAS-PRIMEROS-AUXILIOS-768x1086.jpg 768w, https:\/\/site.educa.madrid.org\/cp.tirsodemolina.colmenarviejo\/\/wp-content\/uploads\/cp.tirsodemolina.colmenarviejo\/2025\/02\/ESCUELA-DE-FAMILIAS-PRIMEROS-AUXILIOS-1086x1536.jpg 1086w, https:\/\/site.educa.madrid.org\/cp.tirsodemolina.colmenarviejo\/\/wp-content\/uploads\/cp.tirsodemolina.colmenarviejo\/2025\/02\/ESCUELA-DE-FAMILIAS-PRIMEROS-AUXILIOS.jpg 1414w\" sizes=\"auto, (max-width: 724px) 100vw, 724px\" \/><\/figure>\n<\/div>\n\n\n<figure class=\"wp-block-gallery has-nested-images columns-default is-cropped wp-block-gallery-1 is-layout-flex wp-block-gallery-is-layout-flex\">\n<figure class=\"wp-block-image size-large\"><img loading=\"lazy\" decoding=\"async\" width=\"724\" height=\"1024\" data-id=\"1198\" src=\"https:\/\/site.educa.madrid.org\/cp.tirsodemolina.colmenarviejo\/\/wp-content\/uploads\/cp.tirsodemolina.colmenarviejo\/2025\/02\/CARTEL-ESCUELA-DE-FAMILIAS-724x1024.jpg\" alt=\"\" class=\"wp-image-1198\" srcset=\"https:\/\/site.educa.madrid.org\/cp.tirsodemolina.colmenarviejo\/\/wp-content\/uploads\/cp.tirsodemolina.colmenarviejo\/2025\/02\/CARTEL-ESCUELA-DE-FAMILIAS-724x1024.jpg 724w, https:\/\/site.educa.madrid.org\/cp.tirsodemolina.colmenarviejo\/\/wp-content\/uploads\/cp.tirsodemolina.colmenarviejo\/2025\/02\/CARTEL-ESCUELA-DE-FAMILIAS-212x300.jpg 212w, https:\/\/site.educa.madrid.org\/cp.tirsodemolina.colmenarviejo\/\/wp-content\/uploads\/cp.tirsodemolina.colmenarviejo\/2025\/02\/CARTEL-ESCUELA-DE-FAMILIAS-768x1086.jpg 768w, https:\/\/site.educa.madrid.org\/cp.tirsodemolina.colmenarviejo\/\/wp-content\/uploads\/cp.tirsodemolina.colmenarviejo\/2025\/02\/CARTEL-ESCUELA-DE-FAMILIAS-1086x1536.jpg 1086w, https:\/\/site.educa.madrid.org\/cp.tirsodemolina.colmenarviejo\/\/wp-content\/uploads\/cp.tirsodemolina.colmenarviejo\/2025\/02\/CARTEL-ESCUELA-DE-FAMILIAS.jpg 1414w\" sizes=\"auto, (max-width: 724px) 100vw, 724px\" \/><\/figure>\n<\/figure>\n\n\n<div class=\"wp-block-image\">\n<figure class=\"aligncenter size-full is-resized\"><img loading=\"lazy\" decoding=\"async\" width=\"419\" height=\"298\" src=\"https:\/\/site.educa.madrid.org\/cp.tirsodemolina.colmenarviejo\/\/wp-content\/uploads\/cp.tirsodemolina.colmenarviejo\/2023\/11\/Tarjeta-14.8x10.5-cm.jpeg\" alt=\"\" class=\"wp-image-1079\" style=\"width:640px;height:auto\" srcset=\"https:\/\/site.educa.madrid.org\/cp.tirsodemolina.colmenarviejo\/\/wp-content\/uploads\/cp.tirsodemolina.colmenarviejo\/2023\/11\/Tarjeta-14.8x10.5-cm.jpeg 419w, https:\/\/site.educa.madrid.org\/cp.tirsodemolina.colmenarviejo\/\/wp-content\/uploads\/cp.tirsodemolina.colmenarviejo\/2023\/11\/Tarjeta-14.8x10.5-cm-300x213.jpeg 300w\" sizes=\"auto, (max-width: 419px) 100vw, 419px\" \/><\/figure>\n<\/div>\n\n\n<p><\/p>\n","protected":false},"excerpt":{"rendered":"<p>Creemos que la participaci\u00f3n de las familias en la vida del centro es fundamental, por eso realizamos Desayunos con las familias del centro, con un tema de inter\u00e9s para las familias buscando su participaci\u00f3n e implicaci\u00f3n en la vida del centro. ACTIVIDADES REALIZADAS EN EL CURSO 2024-2025<\/p>\n","protected":false},"author":3,"featured_media":0,"parent":0,"menu_order":0,"comment_status":"closed","ping_status":"closed","template":"","meta":{"footnotes":""},"folder":[],"class_list":["post-1073","page","type-page","status-publish","hentry"],"rttpg_featured_image_url":null,"rttpg_author":{"display_name":"cp.tirsodemolina.colmenarviejo","author_link":"https:\/\/site.educa.madrid.org\/cp.tirsodemolina.colmenarviejo\/index.php\/author\/cuenta_cp-tirsodemolina-colmenarviejo\/"},"rttpg_comment":0,"rttpg_category":false,"rttpg_excerpt":"Creemos que la participaci\u00f3n de las familias en la vida del centro es fundamental, por eso realizamos Desayunos con las familias del centro, con un tema de inter\u00e9s para las familias buscando su participaci\u00f3n e implicaci\u00f3n en la vida del centro. ACTIVIDADES REALIZADAS EN EL CURSO 2024-2025","post_mailing_queue_ids":[],"_links":{"self":[{"href":"https:\/\/site.educa.madrid.org\/cp.tirsodemolina.colmenarviejo\/index.php\/wp-json\/wp\/v2\/pages\/1073","targetHints":{"allow":["GET"]}}],"collection":[{"href":"https:\/\/site.educa.madrid.org\/cp.tirsodemolina.colmenarviejo\/index.php\/wp-json\/wp\/v2\/pages"}],"about":[{"href":"https:\/\/site.educa.madrid.org\/cp.tirsodemolina.colmenarviejo\/index.php\/wp-json\/wp\/v2\/types\/page"}],"author":[{"embeddable":true,"href":"https:\/\/site.educa.madrid.org\/cp.tirsodemolina.colmenarviejo\/index.php\/wp-json\/wp\/v2\/users\/3"}],"replies":[{"embeddable":true,"href":"https:\/\/site.educa.madrid.org\/cp.tirsodemolina.colmenarviejo\/index.php\/wp-json\/wp\/v2\/comments?post=1073"}],"version-history":[{"count":5,"href":"https:\/\/site.educa.madrid.org\/cp.tirsodemolina.colmenarviejo\/index.php\/wp-json\/wp\/v2\/pages\/1073\/revisions"}],"predecessor-version":[{"id":1386,"href":"https:\/\/site.educa.madrid.org\/cp.tirsodemolina.colmenarviejo\/index.php\/wp-json\/wp\/v2\/pages\/1073\/revisions\/1386"}],"wp:attachment":[{"href":"https:\/\/site.educa.madrid.org\/cp.tirsodemolina.colmenarviejo\/index.php\/wp-json\/wp\/v2\/media?parent=1073"}],"wp:term":[{"taxonomy":"folder","embeddable":true,"href":"https:\/\/site.educa.madrid.org\/cp.tirsodemolina.colmenarviejo\/index.php\/wp-json\/wp\/v2\/folder?post=1073"}],"curies":[{"name":"wp","href":"https:\/\/api.w.org\/{rel}","templated":true}]}}

<p>Creemos que la participación de las familias en la vida del centro es fundamental, por eso realizamos Desayunos con las familias del centro, con un tema de interés para las familias buscando su participación e implicación en la vida del centro.</p>



<h2 class="wp-block-heading">ACTIVIDADES REALIZADAS EN EL CURSO 2024-2025</h2>


<div class="wp-block-image is-style-default">
<figure class="alignleft size-large is-resized"><img loading="lazy" decoding="async" width="724" height="1024" src="https://site.educa.madrid.org/cp.tirsodemolina.colmenarviejo//wp-content/uploads/cp.tirsodemolina.colmenarviejo/2025/02/ESCUELA-DE-FAMILIAS-PRIMEROS-AUXILIOS-724x1024.jpg" alt="" class="wp-image-1196" style="width:511px;height:auto" srcset="https://site.educa.madrid.org/cp.tirsodemolina.colmenarviejo//wp-content/uploads/cp.tirsodemolina.colmenarviejo/2025/02/ESCUELA-DE-FAMILIAS-PRIMEROS-AUXILIOS-724x1024.jpg 724w, https://site.educa.madrid.org/cp.tirsodemolina.colmenarviejo//wp-content/uploads/cp.tirsodemolina.colmenarviejo/2025/02/ESCUELA-DE-FAMILIAS-PRIMEROS-AUXILIOS-212x300.jpg 212w, https://site.educa.madrid.org/cp.tirsodemolina.colmenarviejo//wp-content/uploads/cp.tirsodemolina.colmenarviejo/2025/02/ESCUELA-DE-FAMILIAS-PRIMEROS-AUXILIOS-768x1086.jpg 768w, https://site.educa.madrid.org/cp.tirsodemolina.colmenarviejo//wp-content/uploads/cp.tirsodemolina.colmenarviejo/2025/02/ESCUELA-DE-FAMILIAS-PRIMEROS-AUXILIOS-1086x1536.jpg 1086w, https://site.educa.madrid.org/cp.tirsodemolina.colmenarviejo//wp-content/uploads/cp.tirsodemolina.colmenarviejo/2025/02/ESCUELA-DE-FAMILIAS-PRIMEROS-AUXILIOS.jpg 1414w" sizes="auto, (max-width: 724px) 100vw, 724px" /></figure>
</div>


<figure class="wp-block-gallery has-nested-images columns-default is-cropped wp-block-gallery-1 is-layout-flex wp-block-gallery-is-layout-flex">
<figure class="wp-block-image size-large"><img loading="lazy" decoding="async" width="724" height="1024" data-id="1198" src="https://site.educa.madrid.org/cp.tirsodemolina.colmenarviejo//wp-content/uploads/cp.tirsodemolina.colmenarviejo/2025/02/CARTEL-ESCUELA-DE-FAMILIAS-724x1024.jpg" alt="" class="wp-image-1198" srcset="https://site.educa.madrid.org/cp.tirsodemolina.colmenarviejo//wp-content/uploads/cp.tirsodemolina.colmenarviejo/2025/02/CARTEL-ESCUELA-DE-FAMILIAS-724x1024.jpg 724w, https://site.educa.madrid.org/cp.tirsodemolina.colmenarviejo//wp-content/uploads/cp.tirsodemolina.colmenarviejo/2025/02/CARTEL-ESCUELA-DE-FAMILIAS-212x300.jpg 212w, https://site.educa.madrid.org/cp.tirsodemolina.colmenarviejo//wp-content/uploads/cp.tirsodemolina.colmenarviejo/2025/02/CARTEL-ESCUELA-DE-FAMILIAS-768x1086.jpg 768w, https://site.educa.madrid.org/cp.tirsodemolina.colmenarviejo//wp-content/uploads/cp.tirsodemolina.colmenarviejo/2025/02/CARTEL-ESCUELA-DE-FAMILIAS-1086x1536.jpg 1086w, https://site.educa.madrid.org/cp.tirsodemolina.colmenarviejo//wp-content/uploads/cp.tirsodemolina.colmenarviejo/2025/02/CARTEL-ESCUELA-DE-FAMILIAS.jpg 1414w" sizes="auto, (max-width: 724px) 100vw, 724px" /></figure>
</figure>


<div class="wp-block-image">
<figure class="aligncenter size-full is-resized"><img loading="lazy" decoding="async" width="419" height="298" src="https://site.educa.madrid.org/cp.tirsodemolina.colmenarviejo//wp-content/uploads/cp.tirsodemolina.colmenarviejo/2023/11/Tarjeta-14.8x10.5-cm.jpeg" alt="" class="wp-image-1079" style="width:640px;height:auto" srcset="https://site.educa.madrid.org/cp.tirsodemolina.colmenarviejo//wp-content/uploads/cp.tirsodemolina.colmenarviejo/2023/11/Tarjeta-14.8x10.5-cm.jpeg 419w, https://site.educa.madrid.org/cp.tirsodemolina.colmenarviejo//wp-content/uploads/cp.tirsodemolina.colmenarviejo/2023/11/Tarjeta-14.8x10.5-cm-300x213.jpeg 300w" sizes="auto, (max-width: 419px) 100vw, 419px" /></figure>
</div>


<p></p>

<p>Creemos que la participación de las familias en la vida del centro es fundamental, por eso realizamos Desayunos con las familias del centro, con un tema de interés para las familias buscando su participación e implicación en la vida del centro. ACTIVIDADES REALIZADAS EN EL CURSO 2024-2025</p>

Creemos que la participación de las familias en la vida del centro es fundamental, por eso realizamos Desayunos con las familias del centro, con un tema de interés para las familias buscando su participación e implicación en la vida del centro. ACTIVIDADES REALIZADAS EN EL CURSO 2024-2025
