{"id":1160,"date":"2024-09-05T22:59:30","date_gmt":"2024-09-05T20:59:30","guid":{"rendered":"https:\/\/site.educa.madrid.org\/cp.tirsodemolina.colmenarviejo\/?page_id=1160"},"modified":"2025-07-01T10:52:07","modified_gmt":"2025-07-01T08:52:07","slug":"programa-accede-3","status":"publish","type":"page","link":"https:\/\/site.educa.madrid.org\/cp.tirsodemolina.colmenarviejo\/index.php\/programa-accede-3\/","title":{"rendered":"AYUDA LIBROS ED. INFANTIL"},"content":{"rendered":"\n<p><strong>Resoluci\u00f3n del Director General de Educaci\u00f3n Concertada, Becas y Ayudas al Estudio por la que se dictan Instrucciones para la aplicaci\u00f3n en el curso 2025\/2026 del procedimiento de gesti\u00f3n del Programa de pr\u00e9stamo de libros de texto y material did\u00e1ctico de alumnos en desventaja socioecon\u00f3mica de educaci\u00f3n infantil y alumnos tutelados en centros sostenidos con fondos p\u00fablicos no cubiertos por el Programa Accede, y justificaci\u00f3n&nbsp;del curso 2024\/2025.<\/strong><\/p>\n\n\n\n<div class=\"wp-block-file\"><a id=\"wp-block-file--media-24b9704a-4bba-4c30-a2b4-7550d055b6bd\" href=\"https:\/\/site.educa.madrid.org\/cp.tirsodemolina.colmenarviejo\/\/wp-content\/uploads\/cp.tirsodemolina.colmenarviejo\/2025\/07\/Instrucciones_AyudaLibros_ed.-Inf_curso_25-26.pdf\">Instrucciones_AyudaLibros_ed. Inf_curso_25-26<\/a><a href=\"https:\/\/site.educa.madrid.org\/cp.tirsodemolina.colmenarviejo\/\/wp-content\/uploads\/cp.tirsodemolina.colmenarviejo\/2025\/07\/Instrucciones_AyudaLibros_ed.-Inf_curso_25-26.pdf\" class=\"wp-block-file__button wp-element-button\" download aria-describedby=\"wp-block-file--media-24b9704a-4bba-4c30-a2b4-7550d055b6bd\">Descarga<\/a><\/div>\n","protected":false},"excerpt":{"rendered":"<p>Resoluci\u00f3n del Director General de Educaci\u00f3n Concertada, Becas y Ayudas al Estudio por la que se dictan Instrucciones para la aplicaci\u00f3n en el curso 2025\/2026 del procedimiento de gesti\u00f3n del Programa de pr\u00e9stamo de libros de texto y material did\u00e1ctico de alumnos en desventaja socioecon\u00f3mica de educaci\u00f3n infantil y alumnos tutelados en centros sostenidos con<\/p><\/div>\n<div class=\"blog-btn\"><a href=\"https:\/\/site.educa.madrid.org\/cp.tirsodemolina.colmenarviejo\/index.php\/programa-accede-3\/\" class=\"home-blog-btn\">Leer m\u00e1s<\/a><\/p>\n","protected":false},"author":3,"featured_media":0,"parent":0,"menu_order":0,"comment_status":"closed","ping_status":"closed","template":"","meta":{"footnotes":""},"folder":[],"class_list":["post-1160","page","type-page","status-publish","hentry"],"rttpg_featured_image_url":null,"rttpg_author":{"display_name":"cp.tirsodemolina.colmenarviejo","author_link":"https:\/\/site.educa.madrid.org\/cp.tirsodemolina.colmenarviejo\/index.php\/author\/cuenta_cp-tirsodemolina-colmenarviejo\/"},"rttpg_comment":0,"rttpg_category":false,"rttpg_excerpt":"Resoluci\u00f3n del Director General de Educaci\u00f3n Concertada, Becas y Ayudas al Estudio por la que se dictan Instrucciones para la aplicaci\u00f3n en el curso 2025\/2026 del procedimiento de gesti\u00f3n del Programa de pr\u00e9stamo de libros de texto y material did\u00e1ctico de alumnos en desventaja socioecon\u00f3mica de educaci\u00f3n infantil y alumnos tutelados en centros sostenidos conLeer&hellip;","post_mailing_queue_ids":[],"_links":{"self":[{"href":"https:\/\/site.educa.madrid.org\/cp.tirsodemolina.colmenarviejo\/index.php\/wp-json\/wp\/v2\/pages\/1160","targetHints":{"allow":["GET"]}}],"collection":[{"href":"https:\/\/site.educa.madrid.org\/cp.tirsodemolina.colmenarviejo\/index.php\/wp-json\/wp\/v2\/pages"}],"about":[{"href":"https:\/\/site.educa.madrid.org\/cp.tirsodemolina.colmenarviejo\/index.php\/wp-json\/wp\/v2\/types\/page"}],"author":[{"embeddable":true,"href":"https:\/\/site.educa.madrid.org\/cp.tirsodemolina.colmenarviejo\/index.php\/wp-json\/wp\/v2\/users\/3"}],"replies":[{"embeddable":true,"href":"https:\/\/site.educa.madrid.org\/cp.tirsodemolina.colmenarviejo\/index.php\/wp-json\/wp\/v2\/comments?post=1160"}],"version-history":[{"count":4,"href":"https:\/\/site.educa.madrid.org\/cp.tirsodemolina.colmenarviejo\/index.php\/wp-json\/wp\/v2\/pages\/1160\/revisions"}],"predecessor-version":[{"id":1376,"href":"https:\/\/site.educa.madrid.org\/cp.tirsodemolina.colmenarviejo\/index.php\/wp-json\/wp\/v2\/pages\/1160\/revisions\/1376"}],"wp:attachment":[{"href":"https:\/\/site.educa.madrid.org\/cp.tirsodemolina.colmenarviejo\/index.php\/wp-json\/wp\/v2\/media?parent=1160"}],"wp:term":[{"taxonomy":"folder","embeddable":true,"href":"https:\/\/site.educa.madrid.org\/cp.tirsodemolina.colmenarviejo\/index.php\/wp-json\/wp\/v2\/folder?post=1160"}],"curies":[{"name":"wp","href":"https:\/\/api.w.org\/{rel}","templated":true}]}}

<p><strong>Resolución del Director General de Educación Concertada, Becas y Ayudas al Estudio por la que se dictan Instrucciones para la aplicación en el curso 2025/2026 del procedimiento de gestión del Programa de préstamo de libros de texto y material didáctico de alumnos en desventaja socioeconómica de educación infantil y alumnos tutelados en centros sostenidos con fondos públicos no cubiertos por el Programa Accede, y justificación&nbsp;del curso 2024/2025.</strong></p>



<div class="wp-block-file"><a id="wp-block-file--media-24b9704a-4bba-4c30-a2b4-7550d055b6bd" href="https://site.educa.madrid.org/cp.tirsodemolina.colmenarviejo//wp-content/uploads/cp.tirsodemolina.colmenarviejo/2025/07/Instrucciones_AyudaLibros_ed.-Inf_curso_25-26.pdf">Instrucciones_AyudaLibros_ed. Inf_curso_25-26</a><a href="https://site.educa.madrid.org/cp.tirsodemolina.colmenarviejo//wp-content/uploads/cp.tirsodemolina.colmenarviejo/2025/07/Instrucciones_AyudaLibros_ed.-Inf_curso_25-26.pdf" class="wp-block-file__button wp-element-button" download aria-describedby="wp-block-file--media-24b9704a-4bba-4c30-a2b4-7550d055b6bd">Descarga</a></div>

<p>Resolución del Director General de Educación Concertada, Becas y Ayudas al Estudio por la que se dictan Instrucciones para la aplicación en el curso 2025/2026 del procedimiento de gestión del Programa de préstamo de libros de texto y material didáctico de alumnos en desventaja socioeconómica de educación infantil y alumnos tutelados en centros sostenidos con</p></div>
<div class="blog-btn"><a href="https://site.educa.madrid.org/cp.tirsodemolina.colmenarviejo/index.php/programa-accede-3/" class="home-blog-btn">Leer más</a></p>

Resolución del Director General de Educación Concertada, Becas y Ayudas al Estudio por la que se dictan Instrucciones para la aplicación en el curso 2025/2026 del procedimiento de gestión del Programa de préstamo de libros de texto y material didáctico de alumnos en desventaja socioeconómica de educación infantil y alumnos tutelados en centros sostenidos conLeer&hellip;
