{"id":1193,"date":"2025-02-12T19:45:41","date_gmt":"2025-02-12T18:45:41","guid":{"rendered":"https:\/\/site.educa.madrid.org\/cp.tirsodemolina.colmenarviejo\/?page_id=1193"},"modified":"2025-09-23T11:56:45","modified_gmt":"2025-09-23T09:56:45","slug":"enfermeria","status":"publish","type":"page","link":"https:\/\/site.educa.madrid.org\/cp.tirsodemolina.colmenarviejo\/index.php\/enfermeria\/","title":{"rendered":"ENFERMERIA"},"content":{"rendered":"\n<div class=\"wp-block-file\"><a id=\"wp-block-file--media-1fe66074-ee5b-4e43-8dce-91157bed3611\" href=\"https:\/\/site.educa.madrid.org\/cp.tirsodemolina.colmenarviejo\/\/wp-content\/uploads\/cp.tirsodemolina.colmenarviejo\/2025\/09\/CARTA-PRESENTACION-LAURA-DUE.pdf\">CARTA PRESENTACI\u00d3N LAURA DUE<\/a><a href=\"https:\/\/site.educa.madrid.org\/cp.tirsodemolina.colmenarviejo\/\/wp-content\/uploads\/cp.tirsodemolina.colmenarviejo\/2025\/09\/CARTA-PRESENTACION-LAURA-DUE.pdf\" class=\"wp-block-file__button wp-element-button\" download aria-describedby=\"wp-block-file--media-1fe66074-ee5b-4e43-8dce-91157bed3611\">Descarga<\/a><\/div>\n\n\n\n<div class=\"wp-block-file\"><a id=\"wp-block-file--media-88ae423f-22f6-4efd-8ec8-745ed442789f\" href=\"https:\/\/site.educa.madrid.org\/cp.tirsodemolina.colmenarviejo\/\/wp-content\/uploads\/cp.tirsodemolina.colmenarviejo\/2025\/09\/PROTOCOLO-Y-AUTORIZACION-ADMINISTRACION-MEDICAMENTOS.pdf\">PROTOCOLO Y AUTORIZACI\u00d3N ADMINISTRACI\u00d3N   MEDICAMENTOS<\/a><a href=\"https:\/\/site.educa.madrid.org\/cp.tirsodemolina.colmenarviejo\/\/wp-content\/uploads\/cp.tirsodemolina.colmenarviejo\/2025\/09\/PROTOCOLO-Y-AUTORIZACION-ADMINISTRACION-MEDICAMENTOS.pdf\" class=\"wp-block-file__button wp-element-button\" download aria-describedby=\"wp-block-file--media-88ae423f-22f6-4efd-8ec8-745ed442789f\">Descarga<\/a><\/div>\n\n\n\n<p>A continuaci\u00f3n os dejamos la carta de presentaci\u00f3n de la enfermera del centro, as\u00ed como algunos materiales que os pueden interesar.<\/p>\n\n\n<div class=\"wp-block-image\">\n<figure class=\"aligncenter size-large\"><img loading=\"lazy\" decoding=\"async\" width=\"683\" height=\"1024\" src=\"https:\/\/site.educa.madrid.org\/cp.tirsodemolina.colmenarviejo\/\/wp-content\/uploads\/cp.tirsodemolina.colmenarviejo\/2025\/09\/flyer-DUE-Laura-683x1024.jpg\" alt=\"\" class=\"wp-image-1470\" srcset=\"https:\/\/site.educa.madrid.org\/cp.tirsodemolina.colmenarviejo\/\/wp-content\/uploads\/cp.tirsodemolina.colmenarviejo\/2025\/09\/flyer-DUE-Laura-683x1024.jpg 683w, https:\/\/site.educa.madrid.org\/cp.tirsodemolina.colmenarviejo\/\/wp-content\/uploads\/cp.tirsodemolina.colmenarviejo\/2025\/09\/flyer-DUE-Laura-200x300.jpg 200w, https:\/\/site.educa.madrid.org\/cp.tirsodemolina.colmenarviejo\/\/wp-content\/uploads\/cp.tirsodemolina.colmenarviejo\/2025\/09\/flyer-DUE-Laura-768x1152.jpg 768w, https:\/\/site.educa.madrid.org\/cp.tirsodemolina.colmenarviejo\/\/wp-content\/uploads\/cp.tirsodemolina.colmenarviejo\/2025\/09\/flyer-DUE-Laura.jpg 1024w\" sizes=\"auto, (max-width: 683px) 100vw, 683px\" \/><figcaption class=\"wp-element-caption\">Quien soy Soy Laura, enfermera escolar. Me apasiona cuidar y acompa\u00f1ar a todos los peques de nuestro cole, un lugar donde la seguridad y la alegr\u00eda van de la mano. &#8211; 1<\/figcaption><\/figure>\n<\/div>\n\n\n<div data-wp-interactive=\"core\/file\" class=\"wp-block-file\"><object data-wp-bind--hidden=\"!state.hasPdfPreview\" hidden class=\"wp-block-file__embed\" data=\"https:\/\/site.educa.madrid.org\/cp.tirsodemolina.colmenarviejo\/\/wp-content\/uploads\/cp.tirsodemolina.colmenarviejo\/2025\/02\/Gripe-vs-resfriado.pdf\" type=\"application\/pdf\" style=\"width:100%;height:543px\" aria-label=\"Incrustado de Gripe-vs-resfriado.\"><\/object><a id=\"wp-block-file--media-6f390482-597e-4cd3-83c1-50a1a6567b4f\" href=\"https:\/\/site.educa.madrid.org\/cp.tirsodemolina.colmenarviejo\/\/wp-content\/uploads\/cp.tirsodemolina.colmenarviejo\/2025\/02\/Gripe-vs-resfriado.pdf\">Gripe-vs-resfriado<\/a><a href=\"https:\/\/site.educa.madrid.org\/cp.tirsodemolina.colmenarviejo\/\/wp-content\/uploads\/cp.tirsodemolina.colmenarviejo\/2025\/02\/Gripe-vs-resfriado.pdf\" class=\"wp-block-file__button wp-element-button\" download aria-describedby=\"wp-block-file--media-6f390482-597e-4cd3-83c1-50a1a6567b4f\">Descarga<\/a><\/div>\n\n\n\n<div data-wp-interactive=\"core\/file\" class=\"wp-block-file\"><object data-wp-bind--hidden=\"!state.hasPdfPreview\" hidden class=\"wp-block-file__embed\" data=\"https:\/\/site.educa.madrid.org\/cp.tirsodemolina.colmenarviejo\/\/wp-content\/uploads\/cp.tirsodemolina.colmenarviejo\/2025\/02\/consejos-invierno.pdf\" type=\"application\/pdf\" style=\"width:100%;height:600px\" aria-label=\"Incrustado de consejos-invierno.\"><\/object><a id=\"wp-block-file--media-29a04e76-5f67-450c-bcee-fa8359677a87\" href=\"https:\/\/site.educa.madrid.org\/cp.tirsodemolina.colmenarviejo\/\/wp-content\/uploads\/cp.tirsodemolina.colmenarviejo\/2025\/02\/consejos-invierno.pdf\">consejos-invierno<\/a><a href=\"https:\/\/site.educa.madrid.org\/cp.tirsodemolina.colmenarviejo\/\/wp-content\/uploads\/cp.tirsodemolina.colmenarviejo\/2025\/02\/consejos-invierno.pdf\" class=\"wp-block-file__button wp-element-button\" download aria-describedby=\"wp-block-file--media-29a04e76-5f67-450c-bcee-fa8359677a87\">Descarga<\/a><\/div>\n","protected":false},"excerpt":{"rendered":"<p>A continuaci\u00f3n os dejamos la carta de presentaci\u00f3n de la enfermera del centro, as\u00ed como algunos materiales que os pueden interesar.<\/p>\n","protected":false},"author":3,"featured_media":0,"parent":0,"menu_order":0,"comment_status":"closed","ping_status":"closed","template":"","meta":{"footnotes":""},"folder":[],"class_list":["post-1193","page","type-page","status-publish","hentry"],"rttpg_featured_image_url":null,"rttpg_author":{"display_name":"cp.tirsodemolina.colmenarviejo","author_link":"https:\/\/site.educa.madrid.org\/cp.tirsodemolina.colmenarviejo\/index.php\/author\/cuenta_cp-tirsodemolina-colmenarviejo\/"},"rttpg_comment":0,"rttpg_category":false,"rttpg_excerpt":"A continuaci\u00f3n os dejamos la carta de presentaci\u00f3n de la enfermera del centro, as\u00ed como algunos materiales que os pueden interesar.","post_mailing_queue_ids":[],"_links":{"self":[{"href":"https:\/\/site.educa.madrid.org\/cp.tirsodemolina.colmenarviejo\/index.php\/wp-json\/wp\/v2\/pages\/1193","targetHints":{"allow":["GET"]}}],"collection":[{"href":"https:\/\/site.educa.madrid.org\/cp.tirsodemolina.colmenarviejo\/index.php\/wp-json\/wp\/v2\/pages"}],"about":[{"href":"https:\/\/site.educa.madrid.org\/cp.tirsodemolina.colmenarviejo\/index.php\/wp-json\/wp\/v2\/types\/page"}],"author":[{"embeddable":true,"href":"https:\/\/site.educa.madrid.org\/cp.tirsodemolina.colmenarviejo\/index.php\/wp-json\/wp\/v2\/users\/3"}],"replies":[{"embeddable":true,"href":"https:\/\/site.educa.madrid.org\/cp.tirsodemolina.colmenarviejo\/index.php\/wp-json\/wp\/v2\/comments?post=1193"}],"version-history":[{"count":5,"href":"https:\/\/site.educa.madrid.org\/cp.tirsodemolina.colmenarviejo\/index.php\/wp-json\/wp\/v2\/pages\/1193\/revisions"}],"predecessor-version":[{"id":1471,"href":"https:\/\/site.educa.madrid.org\/cp.tirsodemolina.colmenarviejo\/index.php\/wp-json\/wp\/v2\/pages\/1193\/revisions\/1471"}],"wp:attachment":[{"href":"https:\/\/site.educa.madrid.org\/cp.tirsodemolina.colmenarviejo\/index.php\/wp-json\/wp\/v2\/media?parent=1193"}],"wp:term":[{"taxonomy":"folder","embeddable":true,"href":"https:\/\/site.educa.madrid.org\/cp.tirsodemolina.colmenarviejo\/index.php\/wp-json\/wp\/v2\/folder?post=1193"}],"curies":[{"name":"wp","href":"https:\/\/api.w.org\/{rel}","templated":true}]}}

<div class="wp-block-file"><a id="wp-block-file--media-1fe66074-ee5b-4e43-8dce-91157bed3611" href="https://site.educa.madrid.org/cp.tirsodemolina.colmenarviejo//wp-content/uploads/cp.tirsodemolina.colmenarviejo/2025/09/CARTA-PRESENTACION-LAURA-DUE.pdf">CARTA PRESENTACIÓN LAURA DUE</a><a href="https://site.educa.madrid.org/cp.tirsodemolina.colmenarviejo//wp-content/uploads/cp.tirsodemolina.colmenarviejo/2025/09/CARTA-PRESENTACION-LAURA-DUE.pdf" class="wp-block-file__button wp-element-button" download aria-describedby="wp-block-file--media-1fe66074-ee5b-4e43-8dce-91157bed3611">Descarga</a></div>



<div class="wp-block-file"><a id="wp-block-file--media-88ae423f-22f6-4efd-8ec8-745ed442789f" href="https://site.educa.madrid.org/cp.tirsodemolina.colmenarviejo//wp-content/uploads/cp.tirsodemolina.colmenarviejo/2025/09/PROTOCOLO-Y-AUTORIZACION-ADMINISTRACION-MEDICAMENTOS.pdf">PROTOCOLO Y AUTORIZACIÓN ADMINISTRACIÓN   MEDICAMENTOS</a><a href="https://site.educa.madrid.org/cp.tirsodemolina.colmenarviejo//wp-content/uploads/cp.tirsodemolina.colmenarviejo/2025/09/PROTOCOLO-Y-AUTORIZACION-ADMINISTRACION-MEDICAMENTOS.pdf" class="wp-block-file__button wp-element-button" download aria-describedby="wp-block-file--media-88ae423f-22f6-4efd-8ec8-745ed442789f">Descarga</a></div>



<p>A continuación os dejamos la carta de presentación de la enfermera del centro, así como algunos materiales que os pueden interesar.</p>


<div class="wp-block-image">
<figure class="aligncenter size-large"><img loading="lazy" decoding="async" width="683" height="1024" src="https://site.educa.madrid.org/cp.tirsodemolina.colmenarviejo//wp-content/uploads/cp.tirsodemolina.colmenarviejo/2025/09/flyer-DUE-Laura-683x1024.jpg" alt="" class="wp-image-1470" srcset="https://site.educa.madrid.org/cp.tirsodemolina.colmenarviejo//wp-content/uploads/cp.tirsodemolina.colmenarviejo/2025/09/flyer-DUE-Laura-683x1024.jpg 683w, https://site.educa.madrid.org/cp.tirsodemolina.colmenarviejo//wp-content/uploads/cp.tirsodemolina.colmenarviejo/2025/09/flyer-DUE-Laura-200x300.jpg 200w, https://site.educa.madrid.org/cp.tirsodemolina.colmenarviejo//wp-content/uploads/cp.tirsodemolina.colmenarviejo/2025/09/flyer-DUE-Laura-768x1152.jpg 768w, https://site.educa.madrid.org/cp.tirsodemolina.colmenarviejo//wp-content/uploads/cp.tirsodemolina.colmenarviejo/2025/09/flyer-DUE-Laura.jpg 1024w" sizes="auto, (max-width: 683px) 100vw, 683px" /><figcaption class="wp-element-caption">Quien soy Soy Laura, enfermera escolar. Me apasiona cuidar y acompañar a todos los peques de nuestro cole, un lugar donde la seguridad y la alegría van de la mano. &#8211; 1</figcaption></figure>
</div>


<div data-wp-interactive="core/file" class="wp-block-file"><object data-wp-bind--hidden="!state.hasPdfPreview" hidden class="wp-block-file__embed" data="https://site.educa.madrid.org/cp.tirsodemolina.colmenarviejo//wp-content/uploads/cp.tirsodemolina.colmenarviejo/2025/02/Gripe-vs-resfriado.pdf" type="application/pdf" style="width:100%;height:543px" aria-label="Incrustado de Gripe-vs-resfriado."></object><a id="wp-block-file--media-6f390482-597e-4cd3-83c1-50a1a6567b4f" href="https://site.educa.madrid.org/cp.tirsodemolina.colmenarviejo//wp-content/uploads/cp.tirsodemolina.colmenarviejo/2025/02/Gripe-vs-resfriado.pdf">Gripe-vs-resfriado</a><a href="https://site.educa.madrid.org/cp.tirsodemolina.colmenarviejo//wp-content/uploads/cp.tirsodemolina.colmenarviejo/2025/02/Gripe-vs-resfriado.pdf" class="wp-block-file__button wp-element-button" download aria-describedby="wp-block-file--media-6f390482-597e-4cd3-83c1-50a1a6567b4f">Descarga</a></div>



<div data-wp-interactive="core/file" class="wp-block-file"><object data-wp-bind--hidden="!state.hasPdfPreview" hidden class="wp-block-file__embed" data="https://site.educa.madrid.org/cp.tirsodemolina.colmenarviejo//wp-content/uploads/cp.tirsodemolina.colmenarviejo/2025/02/consejos-invierno.pdf" type="application/pdf" style="width:100%;height:600px" aria-label="Incrustado de consejos-invierno."></object><a id="wp-block-file--media-29a04e76-5f67-450c-bcee-fa8359677a87" href="https://site.educa.madrid.org/cp.tirsodemolina.colmenarviejo//wp-content/uploads/cp.tirsodemolina.colmenarviejo/2025/02/consejos-invierno.pdf">consejos-invierno</a><a href="https://site.educa.madrid.org/cp.tirsodemolina.colmenarviejo//wp-content/uploads/cp.tirsodemolina.colmenarviejo/2025/02/consejos-invierno.pdf" class="wp-block-file__button wp-element-button" download aria-describedby="wp-block-file--media-29a04e76-5f67-450c-bcee-fa8359677a87">Descarga</a></div>

<p>A continuación os dejamos la carta de presentación de la enfermera del centro, así como algunos materiales que os pueden interesar.</p>

A continuación os dejamos la carta de presentación de la enfermera del centro, así como algunos materiales que os pueden interesar.
