{"id":1248,"date":"2025-02-24T13:38:34","date_gmt":"2025-02-24T12:38:34","guid":{"rendered":"https:\/\/site.educa.madrid.org\/cp.tirsodemolina.colmenarviejo\/?page_id=1248"},"modified":"2025-03-10T14:38:44","modified_gmt":"2025-03-10T13:38:44","slug":"proceso-de-admision-2025-2026","status":"publish","type":"page","link":"https:\/\/site.educa.madrid.org\/cp.tirsodemolina.colmenarviejo\/index.php\/proceso-de-admision-2025-2026\/","title":{"rendered":"PROCESO DE ADMISI\u00d3N 2025\/2026"},"content":{"rendered":"\n<p class=\"has-text-align-left\">El plazo en el proceso ordinario de admisi\u00f3n de alumnos para la&nbsp;<strong>presentaci\u00f3n de solicitudes<\/strong>&nbsp;comprende&nbsp;<strong>desde el&nbsp;12 al 26 de marzo, ambos d\u00edas inclusive<\/strong>. <\/p>\n\n\n\n<p class=\"has-text-align-left has-text-color has-link-color wp-elements-e25cd71730a35b1635c6e64b1e2a3ef0\" style=\"color:#0f2d64fc\">Si desean entregar la solicitud de forma telem\u00e1tica podr\u00e1n hacerlo a trav\u00e9s de la secretar\u00eda virtual con el siguiente enlace: <a href=\"https:\/\/raices.madrid.org\/secretariavirtual\"><strong>https:\/\/raices.madrid.org\/secretariavirtual<\/strong><\/a><\/p>\n\n\n\n<p class=\"has-text-color has-link-color wp-elements-cf1b21a09b77044d3245a75a30b12afe\" style=\"color:#0f2d64fc\">Aqu\u00ed puede consultar la gu\u00eda para realizar la solicitud de admisi\u00f3n a trav\u00e9s de la secretar\u00eda virtual: <a href=\"https:\/\/site.educa.madrid.org\/cp.tirsodemolina.colmenarviejo\/\/wp-content\/uploads\/cp.tirsodemolina.colmenarviejo\/2025\/02\/guia_secretaria_virtual.pdf\"><strong>Gu\u00eda_secretar\u00eda_virtual    Descarga<\/strong><\/a><\/p>\n\n\n\n<div style=\"height:65px\" aria-hidden=\"true\" class=\"wp-block-spacer\"><\/div>\n\n\n\n<h2 class=\"wp-block-heading has-background\" style=\"background-color:#7bdbb570\">INFORMACI\u00d3N ESPEC\u00cdFICA DEL CENTRO EN RELACI\u00d3N CON EL PROCESO DE ADMISI\u00d3N<\/h2>\n\n\n\n<p>Puedes consultar las vacantes para el pr\u00f3ximo curso aqu\u00ed:  <\/p>\n\n\n\n<div class=\"wp-block-file\"><a id=\"wp-block-file--media-f75cee61-8481-4f74-a9ca-eb35cbb8fb74\" href=\"https:\/\/site.educa.madrid.org\/cp.tirsodemolina.colmenarviejo\/\/wp-content\/uploads\/cp.tirsodemolina.colmenarviejo\/2025\/03\/Vacantes-2025-26.pdf\"><mark style=\"background-color:rgba(0, 0, 0, 0)\" class=\"has-inline-color has-black-color\"><strong>Vacantes 2025-26<\/strong><\/mark><\/a><a href=\"https:\/\/site.educa.madrid.org\/cp.tirsodemolina.colmenarviejo\/\/wp-content\/uploads\/cp.tirsodemolina.colmenarviejo\/2025\/03\/Vacantes-2025-26.pdf\" class=\"wp-block-file__button wp-element-button\" download aria-describedby=\"wp-block-file--media-f75cee61-8481-4f74-a9ca-eb35cbb8fb74\">Descarga<\/a><\/div>\n\n\n\n<p>El centro est\u00e1 adscrito al IES \u00c1ngel Corella, teniendo los alumnos plaza asegurada en dicho instituto una vez acaben su etapa de Primaria. Si desean uno de los otros institutos tendr\u00e1n que solicitar plaza en el proceso de admisi\u00f3n correspondiente.<\/p>\n\n\n\n<p class=\"has-text-color has-link-color wp-elements-94b4160ef35b73b6661c67bfe307bcd0\" style=\"color:#0f2d64fc\"><a href=\"https:\/\/site.educa.madrid.org\/cp.sanjuandelacruz.madrid\/\/wp-content\/uploads\/cp.sanjuandelacruz.madrid\/2023\/03\/Criterio-complementario.pdf\"><strong>El centro no tiene punto  complementario<\/strong><\/a>\u00a0para el proceso de Admisi\u00f3n del curso 2025\/26.<\/p>\n\n\n\n<div style=\"height:60px\" aria-hidden=\"true\" class=\"wp-block-spacer\"><\/div>\n\n\n\n<h2 class=\"wp-block-heading has-background\" style=\"background-color:#7bdbb570\">SAE COLMENAR VIEJO<\/h2>\n\n\n\n<p>Concejal\u00eda de Educaci\u00f3n.  Plaza de Eulogio Carrasco n\u00ba 3, C.P. 28770 Colmenar Viejo<\/p>\n\n\n\n<p class=\"has-text-color has-link-color wp-elements-da8d16e33efd522d1ab6f75adbaec953\" style=\"color:#0f2d64fc\"><strong>EMAIL DE CONTACTO<\/strong>: <a href=\"mailto:saecolmenar.datnorte@madrid.org\"><strong>saecolmenar.datnorte@madrid.org<\/strong><\/a><\/p>\n\n\n\n<p><strong>TEL\u00c9FONO DE CONTACTO: <\/strong>91 720 22 99     Beatriz S\u00e1ez<\/p>\n\n\n\n<p><strong>Atenci\u00f3n presencial: mi\u00e9rcoles de 9:00 a 11:00 h.<\/strong><\/p>\n\n\n\n<div style=\"height:70px\" aria-hidden=\"true\" class=\"wp-block-spacer\"><\/div>\n\n\n\n<h2 class=\"wp-block-heading has-background\" style=\"background-color:#7bdbb570\">CALENDARIO DE ACTUACIONES DEL PROCESO DE ADMISI\u00d3N DE ALUMNOS<\/h2>\n\n\n\n<p><strong>Calendario de actuaciones del proceso de admisi\u00f3n de alumnos<\/strong><\/p>\n\n\n\n<ul class=\"wp-block-list\">\n<li><strong>12 al 26 de marzo:<\/strong>&nbsp;Plazo de&nbsp;<strong>presentaci\u00f3n&nbsp;<\/strong>de&nbsp;<strong>solicitudes&nbsp;<\/strong>para el proceso ordinario de admisi\u00f3n.<\/li>\n\n\n\n<li><strong>4 de abril:<\/strong>&nbsp;Los centros hacen p\u00fablico a trav\u00e9s de la secretaria el&nbsp;<strong>listado provisional de alumnos que han solicitado el centro<\/strong>&nbsp;en primera opci\u00f3n.<\/li>\n\n\n\n<li><strong>7, 8 y 9 de abril:<\/strong>&nbsp;Plazo de&nbsp;<strong>reclamaci\u00f3n<\/strong>&nbsp;a trav\u00e9s de la&nbsp;<strong>Secretar\u00eda Virtual<\/strong>&nbsp;a los listados de alumnos solicitantes.<\/li>\n\n\n\n<li><strong>24 de abril:<\/strong>&nbsp;Publicaci\u00f3n a trav\u00e9s de la Secretar\u00eda Virtual de los&nbsp;<strong>listados con la puntuaci\u00f3n provisional&nbsp;<\/strong>obtenida por los alumnos. Estos listados incluir\u00e1n la resoluci\u00f3n de las reclamaciones presentadas a los listados de alumnos solicitantes.<\/li>\n\n\n\n<li><strong>25, 28 y 29 de abril:<\/strong>&nbsp;Plazo de&nbsp;<strong>reclamaciones<\/strong>&nbsp;a trav\u00e9s de la&nbsp;<strong>Secretar\u00eda Virtual<\/strong>&nbsp;a la&nbsp;<strong>lista provisional de puntuaciones.<\/strong><\/li>\n\n\n\n<li><strong>8 de mayo:<\/strong>&nbsp;Publicaci\u00f3n del&nbsp;<strong>listado de puntuaciones definitivo<\/strong>, una vez revisadas las posibles reclamaciones.<\/li>\n\n\n\n<li><strong>28 de mayo:<\/strong>&nbsp;Publicaci\u00f3n a trav\u00e9s de la Secretar\u00eda Virtual de la&nbsp;<strong>lista de admitidos en cada centro<\/strong>.<\/li>\n\n\n\n<li><strong>29 y 30 de mayo:<\/strong>&nbsp;Plazo voluntario para realizar la solicitud complementaria de centros ante el SAE que corresponda para los alumnos que, habiendo participado en el proceso de admisi\u00f3n, no hayan obtenido plaza escolar en ninguno de los centros solicitados y hayan de ser escolarizados para el curso 2025-26.<\/li>\n\n\n\n<li><strong>12 al 26 de junio:<\/strong>&nbsp;Plazo de&nbsp;<strong>matriculaci\u00f3n&nbsp;<\/strong>en los centros de Educaci\u00f3n Infantil y Primaria.<\/li>\n\n\n\n<li>Los<strong>&nbsp;alumnos matriculados en 6\u00ba<\/strong>&nbsp;en nuestro centro tiene reservada su plaza en el IES \u00c1NGEL CORELLA. Si quieren solicitar plaza en otro centro, deber\u00e1n hacerlo ahora en el periodo ordinario. <\/li>\n<\/ul>\n\n\n\n<div style=\"height:27px\" aria-hidden=\"true\" class=\"wp-block-spacer\"><\/div>\n\n\n\n<div data-wp-interactive=\"core\/file\" class=\"wp-block-file\"><object data-wp-bind--hidden=\"!state.hasPdfPreview\" hidden class=\"wp-block-file__embed\" data=\"https:\/\/site.educa.madrid.org\/cp.tirsodemolina.colmenarviejo\/\/wp-content\/uploads\/cp.tirsodemolina.colmenarviejo\/2025\/03\/2-Calendario_PcOrdinarioAdmision25-26.pdf\" type=\"application\/pdf\" style=\"width:100%;height:600px\" aria-label=\"Incrustado de 2-Calendario_PcOrdinarioAdmision25-26.\"><\/object><a id=\"wp-block-file--media-c94ee6fc-af90-4678-be0a-a03b0b8f7e6e\" href=\"https:\/\/site.educa.madrid.org\/cp.tirsodemolina.colmenarviejo\/\/wp-content\/uploads\/cp.tirsodemolina.colmenarviejo\/2025\/03\/2-Calendario_PcOrdinarioAdmision25-26.pdf\">2-Calendario_PcOrdinarioAdmision25-26<\/a><a href=\"https:\/\/site.educa.madrid.org\/cp.tirsodemolina.colmenarviejo\/\/wp-content\/uploads\/cp.tirsodemolina.colmenarviejo\/2025\/03\/2-Calendario_PcOrdinarioAdmision25-26.pdf\" class=\"wp-block-file__button wp-element-button\" download aria-describedby=\"wp-block-file--media-c94ee6fc-af90-4678-be0a-a03b0b8f7e6e\">Descarga<\/a><\/div>\n\n\n\n<div style=\"height:66px\" aria-hidden=\"true\" class=\"wp-block-spacer\"><\/div>\n","protected":false},"excerpt":{"rendered":"<p>El plazo en el proceso ordinario de admisi\u00f3n de alumnos para la&nbsp;presentaci\u00f3n de solicitudes&nbsp;comprende&nbsp;desde el&nbsp;12 al 26 de marzo, ambos d\u00edas inclusive. Si desean entregar la solicitud de forma telem\u00e1tica podr\u00e1n hacerlo a trav\u00e9s de la secretar\u00eda virtual con el siguiente enlace: https:\/\/raices.madrid.org\/secretariavirtual Aqu\u00ed puede consultar la gu\u00eda para realizar la solicitud de admisi\u00f3n a<\/p><\/div>\n<div class=\"blog-btn\"><a href=\"https:\/\/site.educa.madrid.org\/cp.tirsodemolina.colmenarviejo\/index.php\/proceso-de-admision-2025-2026\/\" class=\"home-blog-btn\">Leer m\u00e1s<\/a><\/p>\n","protected":false},"author":3,"featured_media":0,"parent":0,"menu_order":0,"comment_status":"closed","ping_status":"closed","template":"","meta":{"footnotes":""},"folder":[],"class_list":["post-1248","page","type-page","status-publish","hentry"],"rttpg_featured_image_url":null,"rttpg_author":{"display_name":"cp.tirsodemolina.colmenarviejo","author_link":"https:\/\/site.educa.madrid.org\/cp.tirsodemolina.colmenarviejo\/index.php\/author\/cuenta_cp-tirsodemolina-colmenarviejo\/"},"rttpg_comment":0,"rttpg_category":false,"rttpg_excerpt":"El plazo en el proceso ordinario de admisi\u00f3n de alumnos para la&nbsp;presentaci\u00f3n de solicitudes&nbsp;comprende&nbsp;desde el&nbsp;12 al 26 de marzo, ambos d\u00edas inclusive. Si desean entregar la solicitud de forma telem\u00e1tica podr\u00e1n hacerlo a trav\u00e9s de la secretar\u00eda virtual con el siguiente enlace: https:\/\/raices.madrid.org\/secretariavirtual Aqu\u00ed puede consultar la gu\u00eda para realizar la solicitud de admisi\u00f3n aLeer&hellip;","post_mailing_queue_ids":[],"_links":{"self":[{"href":"https:\/\/site.educa.madrid.org\/cp.tirsodemolina.colmenarviejo\/index.php\/wp-json\/wp\/v2\/pages\/1248","targetHints":{"allow":["GET"]}}],"collection":[{"href":"https:\/\/site.educa.madrid.org\/cp.tirsodemolina.colmenarviejo\/index.php\/wp-json\/wp\/v2\/pages"}],"about":[{"href":"https:\/\/site.educa.madrid.org\/cp.tirsodemolina.colmenarviejo\/index.php\/wp-json\/wp\/v2\/types\/page"}],"author":[{"embeddable":true,"href":"https:\/\/site.educa.madrid.org\/cp.tirsodemolina.colmenarviejo\/index.php\/wp-json\/wp\/v2\/users\/3"}],"replies":[{"embeddable":true,"href":"https:\/\/site.educa.madrid.org\/cp.tirsodemolina.colmenarviejo\/index.php\/wp-json\/wp\/v2\/comments?post=1248"}],"version-history":[{"count":18,"href":"https:\/\/site.educa.madrid.org\/cp.tirsodemolina.colmenarviejo\/index.php\/wp-json\/wp\/v2\/pages\/1248\/revisions"}],"predecessor-version":[{"id":1333,"href":"https:\/\/site.educa.madrid.org\/cp.tirsodemolina.colmenarviejo\/index.php\/wp-json\/wp\/v2\/pages\/1248\/revisions\/1333"}],"wp:attachment":[{"href":"https:\/\/site.educa.madrid.org\/cp.tirsodemolina.colmenarviejo\/index.php\/wp-json\/wp\/v2\/media?parent=1248"}],"wp:term":[{"taxonomy":"folder","embeddable":true,"href":"https:\/\/site.educa.madrid.org\/cp.tirsodemolina.colmenarviejo\/index.php\/wp-json\/wp\/v2\/folder?post=1248"}],"curies":[{"name":"wp","href":"https:\/\/api.w.org\/{rel}","templated":true}]}}

PROCESO DE ADMISIÓN 2025/2026

<p class="has-text-align-left">El plazo en el proceso ordinario de admisión de alumnos para la&nbsp;<strong>presentación de solicitudes</strong>&nbsp;comprende&nbsp;<strong>desde el&nbsp;12 al 26 de marzo, ambos días inclusive</strong>. </p>



<p class="has-text-align-left has-text-color has-link-color wp-elements-e25cd71730a35b1635c6e64b1e2a3ef0" style="color:#0f2d64fc">Si desean entregar la solicitud de forma telemática podrán hacerlo a través de la secretaría virtual con el siguiente enlace: <a href="https://raices.madrid.org/secretariavirtual"><strong>https://raices.madrid.org/secretariavirtual</strong></a></p>



<p class="has-text-color has-link-color wp-elements-cf1b21a09b77044d3245a75a30b12afe" style="color:#0f2d64fc">Aquí puede consultar la guía para realizar la solicitud de admisión a través de la secretaría virtual: <a href="https://site.educa.madrid.org/cp.tirsodemolina.colmenarviejo//wp-content/uploads/cp.tirsodemolina.colmenarviejo/2025/02/guia_secretaria_virtual.pdf"><strong>Guía_secretaría_virtual    Descarga</strong></a></p>



<div style="height:65px" aria-hidden="true" class="wp-block-spacer"></div>



<h2 class="wp-block-heading has-background" style="background-color:#7bdbb570">INFORMACIÓN ESPECÍFICA DEL CENTRO EN RELACIÓN CON EL PROCESO DE ADMISIÓN</h2>



<p>Puedes consultar las vacantes para el próximo curso aquí:  </p>



<div class="wp-block-file"><a id="wp-block-file--media-f75cee61-8481-4f74-a9ca-eb35cbb8fb74" href="https://site.educa.madrid.org/cp.tirsodemolina.colmenarviejo//wp-content/uploads/cp.tirsodemolina.colmenarviejo/2025/03/Vacantes-2025-26.pdf"><mark style="background-color:rgba(0, 0, 0, 0)" class="has-inline-color has-black-color"><strong>Vacantes 2025-26</strong></mark></a><a href="https://site.educa.madrid.org/cp.tirsodemolina.colmenarviejo//wp-content/uploads/cp.tirsodemolina.colmenarviejo/2025/03/Vacantes-2025-26.pdf" class="wp-block-file__button wp-element-button" download aria-describedby="wp-block-file--media-f75cee61-8481-4f74-a9ca-eb35cbb8fb74">Descarga</a></div>



<p>El centro está adscrito al IES Ángel Corella, teniendo los alumnos plaza asegurada en dicho instituto una vez acaben su etapa de Primaria. Si desean uno de los otros institutos tendrán que solicitar plaza en el proceso de admisión correspondiente.</p>



<p class="has-text-color has-link-color wp-elements-94b4160ef35b73b6661c67bfe307bcd0" style="color:#0f2d64fc"><a href="https://site.educa.madrid.org/cp.sanjuandelacruz.madrid//wp-content/uploads/cp.sanjuandelacruz.madrid/2023/03/Criterio-complementario.pdf"><strong>El centro no tiene punto  complementario</strong></a> para el proceso de Admisión del curso 2025/26.</p>



<div style="height:60px" aria-hidden="true" class="wp-block-spacer"></div>



<h2 class="wp-block-heading has-background" style="background-color:#7bdbb570">SAE COLMENAR VIEJO</h2>



<p>Concejalía de Educación.  Plaza de Eulogio Carrasco nº 3, C.P. 28770 Colmenar Viejo</p>



<p class="has-text-color has-link-color wp-elements-da8d16e33efd522d1ab6f75adbaec953" style="color:#0f2d64fc"><strong>EMAIL DE CONTACTO</strong>: <a href="mailto:saecolmenar.datnorte@madrid.org"><strong>saecolmenar.datnorte@madrid.org</strong></a></p>



<p><strong>TELÉFONO DE CONTACTO: </strong>91 720 22 99     Beatriz Sáez</p>



<p><strong>Atención presencial: miércoles de 9:00 a 11:00 h.</strong></p>



<div style="height:70px" aria-hidden="true" class="wp-block-spacer"></div>



<h2 class="wp-block-heading has-background" style="background-color:#7bdbb570">CALENDARIO DE ACTUACIONES DEL PROCESO DE ADMISIÓN DE ALUMNOS</h2>



<p><strong>Calendario de actuaciones del proceso de admisión de alumnos</strong></p>



<ul class="wp-block-list">
<li><strong>12 al 26 de marzo:</strong>&nbsp;Plazo de&nbsp;<strong>presentación&nbsp;</strong>de&nbsp;<strong>solicitudes&nbsp;</strong>para el proceso ordinario de admisión.</li>



<li><strong>4 de abril:</strong>&nbsp;Los centros hacen público a través de la secretaria el&nbsp;<strong>listado provisional de alumnos que han solicitado el centro</strong>&nbsp;en primera opción.</li>



<li><strong>7, 8 y 9 de abril:</strong>&nbsp;Plazo de&nbsp;<strong>reclamación</strong>&nbsp;a través de la&nbsp;<strong>Secretaría Virtual</strong>&nbsp;a los listados de alumnos solicitantes.</li>



<li><strong>24 de abril:</strong>&nbsp;Publicación a través de la Secretaría Virtual de los&nbsp;<strong>listados con la puntuación provisional&nbsp;</strong>obtenida por los alumnos. Estos listados incluirán la resolución de las reclamaciones presentadas a los listados de alumnos solicitantes.</li>



<li><strong>25, 28 y 29 de abril:</strong>&nbsp;Plazo de&nbsp;<strong>reclamaciones</strong>&nbsp;a través de la&nbsp;<strong>Secretaría Virtual</strong>&nbsp;a la&nbsp;<strong>lista provisional de puntuaciones.</strong></li>



<li><strong>8 de mayo:</strong>&nbsp;Publicación del&nbsp;<strong>listado de puntuaciones definitivo</strong>, una vez revisadas las posibles reclamaciones.</li>



<li><strong>28 de mayo:</strong>&nbsp;Publicación a través de la Secretaría Virtual de la&nbsp;<strong>lista de admitidos en cada centro</strong>.</li>



<li><strong>29 y 30 de mayo:</strong>&nbsp;Plazo voluntario para realizar la solicitud complementaria de centros ante el SAE que corresponda para los alumnos que, habiendo participado en el proceso de admisión, no hayan obtenido plaza escolar en ninguno de los centros solicitados y hayan de ser escolarizados para el curso 2025-26.</li>



<li><strong>12 al 26 de junio:</strong>&nbsp;Plazo de&nbsp;<strong>matriculación&nbsp;</strong>en los centros de Educación Infantil y Primaria.</li>



<li>Los<strong>&nbsp;alumnos matriculados en 6º</strong>&nbsp;en nuestro centro tiene reservada su plaza en el IES ÁNGEL CORELLA. Si quieren solicitar plaza en otro centro, deberán hacerlo ahora en el periodo ordinario. </li>
</ul>



<div style="height:27px" aria-hidden="true" class="wp-block-spacer"></div>



<div data-wp-interactive="core/file" class="wp-block-file"><object data-wp-bind--hidden="!state.hasPdfPreview" hidden class="wp-block-file__embed" data="https://site.educa.madrid.org/cp.tirsodemolina.colmenarviejo//wp-content/uploads/cp.tirsodemolina.colmenarviejo/2025/03/2-Calendario_PcOrdinarioAdmision25-26.pdf" type="application/pdf" style="width:100%;height:600px" aria-label="Incrustado de 2-Calendario_PcOrdinarioAdmision25-26."></object><a id="wp-block-file--media-c94ee6fc-af90-4678-be0a-a03b0b8f7e6e" href="https://site.educa.madrid.org/cp.tirsodemolina.colmenarviejo//wp-content/uploads/cp.tirsodemolina.colmenarviejo/2025/03/2-Calendario_PcOrdinarioAdmision25-26.pdf">2-Calendario_PcOrdinarioAdmision25-26</a><a href="https://site.educa.madrid.org/cp.tirsodemolina.colmenarviejo//wp-content/uploads/cp.tirsodemolina.colmenarviejo/2025/03/2-Calendario_PcOrdinarioAdmision25-26.pdf" class="wp-block-file__button wp-element-button" download aria-describedby="wp-block-file--media-c94ee6fc-af90-4678-be0a-a03b0b8f7e6e">Descarga</a></div>



<div style="height:66px" aria-hidden="true" class="wp-block-spacer"></div>

<p>El plazo en el proceso ordinario de admisión de alumnos para la&nbsp;presentación de solicitudes&nbsp;comprende&nbsp;desde el&nbsp;12 al 26 de marzo, ambos días inclusive. Si desean entregar la solicitud de forma telemática podrán hacerlo a través de la secretaría virtual con el siguiente enlace: https://raices.madrid.org/secretariavirtual Aquí puede consultar la guía para realizar la solicitud de admisión a</p></div>
<div class="blog-btn"><a href="https://site.educa.madrid.org/cp.tirsodemolina.colmenarviejo/index.php/proceso-de-admision-2025-2026/" class="home-blog-btn">Leer más</a></p>

El plazo en el proceso ordinario de admisión de alumnos para la&nbsp;presentación de solicitudes&nbsp;comprende&nbsp;desde el&nbsp;12 al 26 de marzo, ambos días inclusive. Si desean entregar la solicitud de forma telemática podrán hacerlo a través de la secretaría virtual con el siguiente enlace: https://raices.madrid.org/secretariavirtual Aquí puede consultar la guía para realizar la solicitud de admisión aLeer&hellip;
