{"id":1310,"date":"2025-03-07T20:55:43","date_gmt":"2025-03-07T19:55:43","guid":{"rendered":"https:\/\/site.educa.madrid.org\/cp.tirsodemolina.colmenarviejo\/?page_id=1310"},"modified":"2025-03-07T21:02:08","modified_gmt":"2025-03-07T20:02:08","slug":"puertas-abiertas","status":"publish","type":"page","link":"https:\/\/site.educa.madrid.org\/cp.tirsodemolina.colmenarviejo\/index.php\/puertas-abiertas\/","title":{"rendered":"PUERTAS ABIERTAS"},"content":{"rendered":"\n<figure class=\"wp-block-image size-large\"><img loading=\"lazy\" decoding=\"async\" width=\"768\" height=\"1024\" src=\"https:\/\/site.educa.madrid.org\/cp.tirsodemolina.colmenarviejo\/\/wp-content\/uploads\/cp.tirsodemolina.colmenarviejo\/2022\/03\/20220309_164956-1-768x1024.jpg\" alt=\"\" class=\"wp-image-746\" srcset=\"https:\/\/site.educa.madrid.org\/cp.tirsodemolina.colmenarviejo\/\/wp-content\/uploads\/cp.tirsodemolina.colmenarviejo\/2022\/03\/20220309_164956-1-768x1024.jpg 768w, https:\/\/site.educa.madrid.org\/cp.tirsodemolina.colmenarviejo\/\/wp-content\/uploads\/cp.tirsodemolina.colmenarviejo\/2022\/03\/20220309_164956-1-225x300.jpg 225w, https:\/\/site.educa.madrid.org\/cp.tirsodemolina.colmenarviejo\/\/wp-content\/uploads\/cp.tirsodemolina.colmenarviejo\/2022\/03\/20220309_164956-1-300x400.jpg 300w, https:\/\/site.educa.madrid.org\/cp.tirsodemolina.colmenarviejo\/\/wp-content\/uploads\/cp.tirsodemolina.colmenarviejo\/2022\/03\/20220309_164956-1-1152x1536.jpg 1152w, https:\/\/site.educa.madrid.org\/cp.tirsodemolina.colmenarviejo\/\/wp-content\/uploads\/cp.tirsodemolina.colmenarviejo\/2022\/03\/20220309_164956-1-1536x2048.jpg 1536w, https:\/\/site.educa.madrid.org\/cp.tirsodemolina.colmenarviejo\/\/wp-content\/uploads\/cp.tirsodemolina.colmenarviejo\/2022\/03\/20220309_164956-1-scaled.jpg 1920w\" sizes=\"auto, (max-width: 768px) 100vw, 768px\" \/><\/figure>\n\n\n<p>Presentaci\u00f3n jornada de puertas abiertas 2025 -2026:<\/p>\n\n\n<div style=\"height:24px\" aria-hidden=\"true\" class=\"wp-block-spacer\"><\/div>\n\n\n\n<div class=\"wp-block-file\"><a id=\"wp-block-file--media-acc82b5d-941c-45d1-bfe0-d2b28f88279c\" href=\"https:\/\/site.educa.madrid.org\/cp.tirsodemolina.colmenarviejo\/\/wp-content\/uploads\/cp.tirsodemolina.colmenarviejo\/2025\/03\/PUERTAS-ABIERTAS-2025-2026.pdf\">PUERTAS ABIERTAS 2025 -2026<\/a><\/div>\n\n\n\n<p>Si se te olvid\u00f3 la jornada y a\u00fan quieres visitarnos puedes hacerlo llamando al 918452090  o escribiendo un mail a cp.tirsodemolina.colmenarviejo@educa.madrid.org. Estaremos encantados de atenderte.<\/p>\n\n\n\n<p><\/p>\n","protected":false},"excerpt":{"rendered":"<p>Presentaci\u00f3n jornada de puertas abiertas 2025 -2026: Si se te olvid\u00f3 la jornada y a\u00fan quieres visitarnos puedes hacerlo llamando al 918452090 o escribiendo un mail a cp.tirsodemolina.colmenarviejo@educa.madrid.org. Estaremos encantados de atenderte.<\/p>\n","protected":false},"author":3,"featured_media":0,"parent":0,"menu_order":0,"comment_status":"closed","ping_status":"closed","template":"","meta":{"footnotes":""},"folder":[],"class_list":["post-1310","page","type-page","status-publish","hentry"],"rttpg_featured_image_url":null,"rttpg_author":{"display_name":"cp.tirsodemolina.colmenarviejo","author_link":"https:\/\/site.educa.madrid.org\/cp.tirsodemolina.colmenarviejo\/index.php\/author\/cuenta_cp-tirsodemolina-colmenarviejo\/"},"rttpg_comment":0,"rttpg_category":false,"rttpg_excerpt":"Presentaci\u00f3n jornada de puertas abiertas 2025 -2026: Si se te olvid\u00f3 la jornada y a\u00fan quieres visitarnos puedes hacerlo llamando al 918452090 o escribiendo un mail a cp.tirsodemolina.colmenarviejo@educa.madrid.org. Estaremos encantados de atenderte.","post_mailing_queue_ids":[],"_links":{"self":[{"href":"https:\/\/site.educa.madrid.org\/cp.tirsodemolina.colmenarviejo\/index.php\/wp-json\/wp\/v2\/pages\/1310","targetHints":{"allow":["GET"]}}],"collection":[{"href":"https:\/\/site.educa.madrid.org\/cp.tirsodemolina.colmenarviejo\/index.php\/wp-json\/wp\/v2\/pages"}],"about":[{"href":"https:\/\/site.educa.madrid.org\/cp.tirsodemolina.colmenarviejo\/index.php\/wp-json\/wp\/v2\/types\/page"}],"author":[{"embeddable":true,"href":"https:\/\/site.educa.madrid.org\/cp.tirsodemolina.colmenarviejo\/index.php\/wp-json\/wp\/v2\/users\/3"}],"replies":[{"embeddable":true,"href":"https:\/\/site.educa.madrid.org\/cp.tirsodemolina.colmenarviejo\/index.php\/wp-json\/wp\/v2\/comments?post=1310"}],"version-history":[{"count":5,"href":"https:\/\/site.educa.madrid.org\/cp.tirsodemolina.colmenarviejo\/index.php\/wp-json\/wp\/v2\/pages\/1310\/revisions"}],"predecessor-version":[{"id":1319,"href":"https:\/\/site.educa.madrid.org\/cp.tirsodemolina.colmenarviejo\/index.php\/wp-json\/wp\/v2\/pages\/1310\/revisions\/1319"}],"wp:attachment":[{"href":"https:\/\/site.educa.madrid.org\/cp.tirsodemolina.colmenarviejo\/index.php\/wp-json\/wp\/v2\/media?parent=1310"}],"wp:term":[{"taxonomy":"folder","embeddable":true,"href":"https:\/\/site.educa.madrid.org\/cp.tirsodemolina.colmenarviejo\/index.php\/wp-json\/wp\/v2\/folder?post=1310"}],"curies":[{"name":"wp","href":"https:\/\/api.w.org\/{rel}","templated":true}]}}

<figure class="wp-block-image size-large"><img loading="lazy" decoding="async" width="768" height="1024" src="https://site.educa.madrid.org/cp.tirsodemolina.colmenarviejo//wp-content/uploads/cp.tirsodemolina.colmenarviejo/2022/03/20220309_164956-1-768x1024.jpg" alt="" class="wp-image-746" srcset="https://site.educa.madrid.org/cp.tirsodemolina.colmenarviejo//wp-content/uploads/cp.tirsodemolina.colmenarviejo/2022/03/20220309_164956-1-768x1024.jpg 768w, https://site.educa.madrid.org/cp.tirsodemolina.colmenarviejo//wp-content/uploads/cp.tirsodemolina.colmenarviejo/2022/03/20220309_164956-1-225x300.jpg 225w, https://site.educa.madrid.org/cp.tirsodemolina.colmenarviejo//wp-content/uploads/cp.tirsodemolina.colmenarviejo/2022/03/20220309_164956-1-300x400.jpg 300w, https://site.educa.madrid.org/cp.tirsodemolina.colmenarviejo//wp-content/uploads/cp.tirsodemolina.colmenarviejo/2022/03/20220309_164956-1-1152x1536.jpg 1152w, https://site.educa.madrid.org/cp.tirsodemolina.colmenarviejo//wp-content/uploads/cp.tirsodemolina.colmenarviejo/2022/03/20220309_164956-1-1536x2048.jpg 1536w, https://site.educa.madrid.org/cp.tirsodemolina.colmenarviejo//wp-content/uploads/cp.tirsodemolina.colmenarviejo/2022/03/20220309_164956-1-scaled.jpg 1920w" sizes="auto, (max-width: 768px) 100vw, 768px" /></figure>


<p>Presentación jornada de puertas abiertas 2025 -2026:</p>


<div style="height:24px" aria-hidden="true" class="wp-block-spacer"></div>



<div class="wp-block-file"><a id="wp-block-file--media-acc82b5d-941c-45d1-bfe0-d2b28f88279c" href="https://site.educa.madrid.org/cp.tirsodemolina.colmenarviejo//wp-content/uploads/cp.tirsodemolina.colmenarviejo/2025/03/PUERTAS-ABIERTAS-2025-2026.pdf">PUERTAS ABIERTAS 2025 -2026</a></div>



<p>Si se te olvidó la jornada y aún quieres visitarnos puedes hacerlo llamando al 918452090  o escribiendo un mail a cp.tirsodemolina.colmenarviejo@educa.madrid.org. Estaremos encantados de atenderte.</p>



<p></p>

<p>Presentación jornada de puertas abiertas 2025 -2026: Si se te olvidó la jornada y aún quieres visitarnos puedes hacerlo llamando al 918452090 o escribiendo un mail a cp.tirsodemolina.colmenarviejo@educa.madrid.org. Estaremos encantados de atenderte.</p>

Presentación jornada de puertas abiertas 2025 -2026: Si se te olvidó la jornada y aún quieres visitarnos puedes hacerlo llamando al 918452090 o escribiendo un mail a cp.tirsodemolina.colmenarviejo@educa.madrid.org. Estaremos encantados de atenderte.
