{"id":1421,"date":"2025-09-06T19:14:42","date_gmt":"2025-09-06T17:14:42","guid":{"rendered":"https:\/\/site.educa.madrid.org\/cp.tirsodemolina.colmenarviejo\/?page_id=1421"},"modified":"2025-09-06T19:16:21","modified_gmt":"2025-09-06T17:16:21","slug":"junta-directiva-de-la-ampa","status":"publish","type":"page","link":"https:\/\/site.educa.madrid.org\/cp.tirsodemolina.colmenarviejo\/index.php\/junta-directiva-de-la-ampa\/","title":{"rendered":"JUNTA DIRECTIVA DE LA AMPA"},"content":{"rendered":"\n<p><strong>La junta directiva de la AMPA esta formada por los siguientes miembros :<\/strong><\/p>\n\n\n\n<p><strong>Presidenta:<\/strong>&nbsp;D\u00f1a. Noemi Castillo<\/p>\n\n\n\n<p><strong>Vicepresidenta:<\/strong>&nbsp;D\u00f1a Rossana Falette<\/p>\n\n\n\n<p><strong>Secretaria<\/strong>&nbsp;D\u00f1a. Claudia Tejerina<\/p>\n\n\n\n<p><strong>Tesorer\u00eda<\/strong>&nbsp;D\u00f1a. Diana Guti\u00e9rrez<\/p>\n\n\n\n<p><strong>Vocal<\/strong>&nbsp;D\u00f1a. Jamila Ely<\/p>\n\n\n\n<p><strong>Vocal:<\/strong>&nbsp;D\u00f1a. Bel\u00e9n Horcajo<\/p>\n\n\n\n<p><strong>Vocal:<\/strong>&nbsp;D. Marcelo Iacopetti<\/p>\n\n\n\n<p><strong>Vocal:<\/strong>&nbsp;D\u00f1a. Wendy Proa\u00f1o<\/p>\n\n\n\n<p><strong>Vocal:<\/strong>&nbsp;D. Carlos Heredia<\/p>\n","protected":false},"excerpt":{"rendered":"<p>La junta directiva de la AMPA esta formada por los siguientes miembros : Presidenta:&nbsp;D\u00f1a. Noemi Castillo Vicepresidenta:&nbsp;D\u00f1a Rossana Falette Secretaria&nbsp;D\u00f1a. Claudia Tejerina Tesorer\u00eda&nbsp;D\u00f1a. Diana Guti\u00e9rrez Vocal&nbsp;D\u00f1a. Jamila Ely Vocal:&nbsp;D\u00f1a. Bel\u00e9n Horcajo Vocal:&nbsp;D. Marcelo Iacopetti Vocal:&nbsp;D\u00f1a. Wendy Proa\u00f1o Vocal:&nbsp;D. Carlos Heredia<\/p>\n","protected":false},"author":3,"featured_media":0,"parent":0,"menu_order":0,"comment_status":"closed","ping_status":"closed","template":"","meta":{"footnotes":""},"folder":[],"class_list":["post-1421","page","type-page","status-publish","hentry"],"rttpg_featured_image_url":null,"rttpg_author":{"display_name":"cp.tirsodemolina.colmenarviejo","author_link":"https:\/\/site.educa.madrid.org\/cp.tirsodemolina.colmenarviejo\/index.php\/author\/cuenta_cp-tirsodemolina-colmenarviejo\/"},"rttpg_comment":0,"rttpg_category":false,"rttpg_excerpt":"La junta directiva de la AMPA esta formada por los siguientes miembros : Presidenta:&nbsp;D\u00f1a. Noemi Castillo Vicepresidenta:&nbsp;D\u00f1a Rossana Falette Secretaria&nbsp;D\u00f1a. Claudia Tejerina Tesorer\u00eda&nbsp;D\u00f1a. Diana Guti\u00e9rrez Vocal&nbsp;D\u00f1a. Jamila Ely Vocal:&nbsp;D\u00f1a. Bel\u00e9n Horcajo Vocal:&nbsp;D. Marcelo Iacopetti Vocal:&nbsp;D\u00f1a. Wendy Proa\u00f1o Vocal:&nbsp;D. Carlos Heredia","post_mailing_queue_ids":[],"_links":{"self":[{"href":"https:\/\/site.educa.madrid.org\/cp.tirsodemolina.colmenarviejo\/index.php\/wp-json\/wp\/v2\/pages\/1421","targetHints":{"allow":["GET"]}}],"collection":[{"href":"https:\/\/site.educa.madrid.org\/cp.tirsodemolina.colmenarviejo\/index.php\/wp-json\/wp\/v2\/pages"}],"about":[{"href":"https:\/\/site.educa.madrid.org\/cp.tirsodemolina.colmenarviejo\/index.php\/wp-json\/wp\/v2\/types\/page"}],"author":[{"embeddable":true,"href":"https:\/\/site.educa.madrid.org\/cp.tirsodemolina.colmenarviejo\/index.php\/wp-json\/wp\/v2\/users\/3"}],"replies":[{"embeddable":true,"href":"https:\/\/site.educa.madrid.org\/cp.tirsodemolina.colmenarviejo\/index.php\/wp-json\/wp\/v2\/comments?post=1421"}],"version-history":[{"count":2,"href":"https:\/\/site.educa.madrid.org\/cp.tirsodemolina.colmenarviejo\/index.php\/wp-json\/wp\/v2\/pages\/1421\/revisions"}],"predecessor-version":[{"id":1424,"href":"https:\/\/site.educa.madrid.org\/cp.tirsodemolina.colmenarviejo\/index.php\/wp-json\/wp\/v2\/pages\/1421\/revisions\/1424"}],"wp:attachment":[{"href":"https:\/\/site.educa.madrid.org\/cp.tirsodemolina.colmenarviejo\/index.php\/wp-json\/wp\/v2\/media?parent=1421"}],"wp:term":[{"taxonomy":"folder","embeddable":true,"href":"https:\/\/site.educa.madrid.org\/cp.tirsodemolina.colmenarviejo\/index.php\/wp-json\/wp\/v2\/folder?post=1421"}],"curies":[{"name":"wp","href":"https:\/\/api.w.org\/{rel}","templated":true}]}}

<p><strong>La junta directiva de la AMPA esta formada por los siguientes miembros :</strong></p>



<p><strong>Presidenta:</strong>&nbsp;Dña. Noemi Castillo</p>



<p><strong>Vicepresidenta:</strong>&nbsp;Dña Rossana Falette</p>



<p><strong>Secretaria</strong>&nbsp;Dña. Claudia Tejerina</p>



<p><strong>Tesorería</strong>&nbsp;Dña. Diana Gutiérrez</p>



<p><strong>Vocal</strong>&nbsp;Dña. Jamila Ely</p>



<p><strong>Vocal:</strong>&nbsp;Dña. Belén Horcajo</p>



<p><strong>Vocal:</strong>&nbsp;D. Marcelo Iacopetti</p>



<p><strong>Vocal:</strong>&nbsp;Dña. Wendy Proaño</p>



<p><strong>Vocal:</strong>&nbsp;D. Carlos Heredia</p>

<p>La junta directiva de la AMPA esta formada por los siguientes miembros : Presidenta:&nbsp;Dña. Noemi Castillo Vicepresidenta:&nbsp;Dña Rossana Falette Secretaria&nbsp;Dña. Claudia Tejerina Tesorería&nbsp;Dña. Diana Gutiérrez Vocal&nbsp;Dña. Jamila Ely Vocal:&nbsp;Dña. Belén Horcajo Vocal:&nbsp;D. Marcelo Iacopetti Vocal:&nbsp;Dña. Wendy Proaño Vocal:&nbsp;D. Carlos Heredia</p>

La junta directiva de la AMPA esta formada por los siguientes miembros : Presidenta:&nbsp;Dña. Noemi Castillo Vicepresidenta:&nbsp;Dña Rossana Falette Secretaria&nbsp;Dña. Claudia Tejerina Tesorería&nbsp;Dña. Diana Gutiérrez Vocal&nbsp;Dña. Jamila Ely Vocal:&nbsp;Dña. Belén Horcajo Vocal:&nbsp;D. Marcelo Iacopetti Vocal:&nbsp;Dña. Wendy Proaño Vocal:&nbsp;D. Carlos Heredia
