{"id":332,"date":"2022-02-06T17:24:48","date_gmt":"2022-02-06T16:24:48","guid":{"rendered":"https:\/\/site.educa.madrid.org\/cp.tirsodemolina.colmenarviejo\/?page_id=332"},"modified":"2025-02-24T13:53:35","modified_gmt":"2025-02-24T12:53:35","slug":"un-poco-de-historia","status":"publish","type":"page","link":"https:\/\/site.educa.madrid.org\/cp.tirsodemolina.colmenarviejo\/index.php\/un-poco-de-historia\/","title":{"rendered":"UN POCO DE HISTORIA"},"content":{"rendered":"\n<p>El Colegio p\u00fablico biling\u00fce \u00abTirso de Molina\u00bb fue fundado el 26 de enero de 1930. Construido con piedra, tiene una arquitectura inconfundible por sus ventanales de arcada. Se reform\u00f3 en 1946 y  fue remodelado en 1988. En 2005 se hace una ampliaci\u00f3n adecu\u00e1ndolo a las necesidades educativas de espacios.<br>La creaci\u00f3n de esta escuela graduada al igual que su hom\u00f3loga \u201cSoledad Sainz\u201d, fueron motivo de orgullo para los Colmenare\u00f1os quienes con redobles de campanas, balcones engalanados y caramelos inauguraron la obra.<br>Conocido desde sus inicios como \u201cEl lavadero\u201d (debido a que este solar se dedicaba a estas funciones), a\u00fan mantiene esta identidad entre los lugare\u00f1os.<br>En sus inicios solo se escolarizaban ni\u00f1os, siendo en 1969 donde se convierte en centro mixto. En la actualidad es un colegio  de l\u00ednea uno que escolariza a alumnos de entre 3 y 12 a\u00f1os, donde la diversidad es una de nuestras se\u00f1as de identidad.<br>A lo largo de la historia , el centro ha cambiado de nombre en varias ocasiones:  Grupo Escolar de Ni\u00f1os, Colegio Nacional Carlos Mart\u00edn \u00c1lvarez, Colegio Nacional Mixto Virgen de Remedios y finalmente en  1979   recibe el nombre de Colegio Nacional Mixto Tirso de Molina.<br><\/p>\n\n\n\n<div style=\"height:61px\" aria-hidden=\"true\" class=\"wp-block-spacer\"><\/div>\n\n\n<div class=\"wp-block-image is-style-rounded\">\n<figure class=\"aligncenter size-large is-resized\"><img loading=\"lazy\" decoding=\"async\" width=\"1024\" height=\"744\" src=\"https:\/\/site.educa.madrid.org\/cp.tirsodemolina.colmenarviejo\/\/wp-content\/uploads\/cp.tirsodemolina.colmenarviejo\/2022\/03\/foto-cole-antigua002-1024x744.jpg\" alt=\"\" class=\"wp-image-692\" style=\"width:541px;height:393px\" srcset=\"https:\/\/site.educa.madrid.org\/cp.tirsodemolina.colmenarviejo\/\/wp-content\/uploads\/cp.tirsodemolina.colmenarviejo\/2022\/03\/foto-cole-antigua002-1024x744.jpg 1024w, https:\/\/site.educa.madrid.org\/cp.tirsodemolina.colmenarviejo\/\/wp-content\/uploads\/cp.tirsodemolina.colmenarviejo\/2022\/03\/foto-cole-antigua002-300x218.jpg 300w, https:\/\/site.educa.madrid.org\/cp.tirsodemolina.colmenarviejo\/\/wp-content\/uploads\/cp.tirsodemolina.colmenarviejo\/2022\/03\/foto-cole-antigua002-768x558.jpg 768w, https:\/\/site.educa.madrid.org\/cp.tirsodemolina.colmenarviejo\/\/wp-content\/uploads\/cp.tirsodemolina.colmenarviejo\/2022\/03\/foto-cole-antigua002-1536x1116.jpg 1536w, https:\/\/site.educa.madrid.org\/cp.tirsodemolina.colmenarviejo\/\/wp-content\/uploads\/cp.tirsodemolina.colmenarviejo\/2022\/03\/foto-cole-antigua002-2048x1488.jpg 2048w\" sizes=\"auto, (max-width: 1024px) 100vw, 1024px\" \/><figcaption class=\"wp-element-caption\">NUESTRO COLEGIO, M\u00c1S DE 90 A\u00d1OS DE HISTORIA<\/figcaption><\/figure>\n<\/div>\n\n\n<p>Aunque nos gustar\u00eda mencionar a todos los maestros que han pasado por nuestras aulas, es imposible pero desde estas p\u00e1ginas quisi\u00e9ramos hacer un reconocimiento a su gran labor. <\/p>\n\n\n\n<p>Tambi\u00e9n nos gustar\u00eda nombrar a algunos de sus directores,  que forman parte de la historia del Tirso: Juan Manuel Leal 1969- 1981, \u00c1ngela M\u00aa Hern\u00e1ndez P\u00e9rez 1983, M\u00aa Paz E. San Nicasio Elvira 1984-89, Manuela Mor\u00e1n L\u00f3pez 1989 -2008 y Beatriz Chac\u00f3n Lobo 2008 &#8211; 2021.<\/p>\n\n\n\n<p>En sus a\u00f1os ya casi cien a\u00f1os de historia, muchas generaciones de Colmenare\u00f1os se han escolarizado en nuestras aulas, de los cuales nos sentimos orgullosos.<\/p>\n","protected":false},"excerpt":{"rendered":"<p>El Colegio p\u00fablico biling\u00fce \u00abTirso de Molina\u00bb fue fundado el 26 de enero de 1930. Construido con piedra, tiene una arquitectura inconfundible por sus ventanales de arcada. Se reform\u00f3 en 1946 y fue remodelado en 1988. En 2005 se hace una ampliaci\u00f3n adecu\u00e1ndolo a las necesidades educativas de espacios.La creaci\u00f3n de esta escuela graduada al<\/p><\/div>\n<div class=\"blog-btn\"><a href=\"https:\/\/site.educa.madrid.org\/cp.tirsodemolina.colmenarviejo\/index.php\/un-poco-de-historia\/\" class=\"home-blog-btn\">Leer m\u00e1s<\/a><\/p>\n","protected":false},"author":3,"featured_media":0,"parent":0,"menu_order":0,"comment_status":"closed","ping_status":"closed","template":"","meta":{"footnotes":""},"folder":[],"class_list":["post-332","page","type-page","status-publish","hentry"],"rttpg_featured_image_url":null,"rttpg_author":{"display_name":"cp.tirsodemolina.colmenarviejo","author_link":"https:\/\/site.educa.madrid.org\/cp.tirsodemolina.colmenarviejo\/index.php\/author\/cuenta_cp-tirsodemolina-colmenarviejo\/"},"rttpg_comment":0,"rttpg_category":false,"rttpg_excerpt":"El Colegio p\u00fablico biling\u00fce \u00abTirso de Molina\u00bb fue fundado el 26 de enero de 1930. Construido con piedra, tiene una arquitectura inconfundible por sus ventanales de arcada. Se reform\u00f3 en 1946 y fue remodelado en 1988. En 2005 se hace una ampliaci\u00f3n adecu\u00e1ndolo a las necesidades educativas de espacios.La creaci\u00f3n de esta escuela graduada alLeer&hellip;","post_mailing_queue_ids":[],"_links":{"self":[{"href":"https:\/\/site.educa.madrid.org\/cp.tirsodemolina.colmenarviejo\/index.php\/wp-json\/wp\/v2\/pages\/332","targetHints":{"allow":["GET"]}}],"collection":[{"href":"https:\/\/site.educa.madrid.org\/cp.tirsodemolina.colmenarviejo\/index.php\/wp-json\/wp\/v2\/pages"}],"about":[{"href":"https:\/\/site.educa.madrid.org\/cp.tirsodemolina.colmenarviejo\/index.php\/wp-json\/wp\/v2\/types\/page"}],"author":[{"embeddable":true,"href":"https:\/\/site.educa.madrid.org\/cp.tirsodemolina.colmenarviejo\/index.php\/wp-json\/wp\/v2\/users\/3"}],"replies":[{"embeddable":true,"href":"https:\/\/site.educa.madrid.org\/cp.tirsodemolina.colmenarviejo\/index.php\/wp-json\/wp\/v2\/comments?post=332"}],"version-history":[{"count":5,"href":"https:\/\/site.educa.madrid.org\/cp.tirsodemolina.colmenarviejo\/index.php\/wp-json\/wp\/v2\/pages\/332\/revisions"}],"predecessor-version":[{"id":1256,"href":"https:\/\/site.educa.madrid.org\/cp.tirsodemolina.colmenarviejo\/index.php\/wp-json\/wp\/v2\/pages\/332\/revisions\/1256"}],"wp:attachment":[{"href":"https:\/\/site.educa.madrid.org\/cp.tirsodemolina.colmenarviejo\/index.php\/wp-json\/wp\/v2\/media?parent=332"}],"wp:term":[{"taxonomy":"folder","embeddable":true,"href":"https:\/\/site.educa.madrid.org\/cp.tirsodemolina.colmenarviejo\/index.php\/wp-json\/wp\/v2\/folder?post=332"}],"curies":[{"name":"wp","href":"https:\/\/api.w.org\/{rel}","templated":true}]}}

<p>El Colegio público bilingüe «Tirso de Molina» fue fundado el 26 de enero de 1930. Construido con piedra, tiene una arquitectura inconfundible por sus ventanales de arcada. Se reformó en 1946 y  fue remodelado en 1988. En 2005 se hace una ampliación adecuándolo a las necesidades educativas de espacios.<br>La creación de esta escuela graduada al igual que su homóloga “Soledad Sainz”, fueron motivo de orgullo para los Colmenareños quienes con redobles de campanas, balcones engalanados y caramelos inauguraron la obra.<br>Conocido desde sus inicios como “El lavadero” (debido a que este solar se dedicaba a estas funciones), aún mantiene esta identidad entre los lugareños.<br>En sus inicios solo se escolarizaban niños, siendo en 1969 donde se convierte en centro mixto. En la actualidad es un colegio  de línea uno que escolariza a alumnos de entre 3 y 12 años, donde la diversidad es una de nuestras señas de identidad.<br>A lo largo de la historia , el centro ha cambiado de nombre en varias ocasiones:  Grupo Escolar de Niños, Colegio Nacional Carlos Martín Álvarez, Colegio Nacional Mixto Virgen de Remedios y finalmente en  1979   recibe el nombre de Colegio Nacional Mixto Tirso de Molina.<br></p>



<div style="height:61px" aria-hidden="true" class="wp-block-spacer"></div>


<div class="wp-block-image is-style-rounded">
<figure class="aligncenter size-large is-resized"><img loading="lazy" decoding="async" width="1024" height="744" src="https://site.educa.madrid.org/cp.tirsodemolina.colmenarviejo//wp-content/uploads/cp.tirsodemolina.colmenarviejo/2022/03/foto-cole-antigua002-1024x744.jpg" alt="" class="wp-image-692" style="width:541px;height:393px" srcset="https://site.educa.madrid.org/cp.tirsodemolina.colmenarviejo//wp-content/uploads/cp.tirsodemolina.colmenarviejo/2022/03/foto-cole-antigua002-1024x744.jpg 1024w, https://site.educa.madrid.org/cp.tirsodemolina.colmenarviejo//wp-content/uploads/cp.tirsodemolina.colmenarviejo/2022/03/foto-cole-antigua002-300x218.jpg 300w, https://site.educa.madrid.org/cp.tirsodemolina.colmenarviejo//wp-content/uploads/cp.tirsodemolina.colmenarviejo/2022/03/foto-cole-antigua002-768x558.jpg 768w, https://site.educa.madrid.org/cp.tirsodemolina.colmenarviejo//wp-content/uploads/cp.tirsodemolina.colmenarviejo/2022/03/foto-cole-antigua002-1536x1116.jpg 1536w, https://site.educa.madrid.org/cp.tirsodemolina.colmenarviejo//wp-content/uploads/cp.tirsodemolina.colmenarviejo/2022/03/foto-cole-antigua002-2048x1488.jpg 2048w" sizes="auto, (max-width: 1024px) 100vw, 1024px" /><figcaption class="wp-element-caption">NUESTRO COLEGIO, MÁS DE 90 AÑOS DE HISTORIA</figcaption></figure>
</div>


<p>Aunque nos gustaría mencionar a todos los maestros que han pasado por nuestras aulas, es imposible pero desde estas páginas quisiéramos hacer un reconocimiento a su gran labor. </p>



<p>También nos gustaría nombrar a algunos de sus directores,  que forman parte de la historia del Tirso: Juan Manuel Leal 1969- 1981, Ángela Mª Hernández Pérez 1983, Mª Paz E. San Nicasio Elvira 1984-89, Manuela Morán López 1989 -2008 y Beatriz Chacón Lobo 2008 &#8211; 2021.</p>



<p>En sus años ya casi cien años de historia, muchas generaciones de Colmenareños se han escolarizado en nuestras aulas, de los cuales nos sentimos orgullosos.</p>

<p>El Colegio público bilingüe «Tirso de Molina» fue fundado el 26 de enero de 1930. Construido con piedra, tiene una arquitectura inconfundible por sus ventanales de arcada. Se reformó en 1946 y fue remodelado en 1988. En 2005 se hace una ampliación adecuándolo a las necesidades educativas de espacios.La creación de esta escuela graduada al</p></div>
<div class="blog-btn"><a href="https://site.educa.madrid.org/cp.tirsodemolina.colmenarviejo/index.php/un-poco-de-historia/" class="home-blog-btn">Leer más</a></p>

El Colegio público bilingüe «Tirso de Molina» fue fundado el 26 de enero de 1930. Construido con piedra, tiene una arquitectura inconfundible por sus ventanales de arcada. Se reformó en 1946 y fue remodelado en 1988. En 2005 se hace una ampliación adecuándolo a las necesidades educativas de espacios.La creación de esta escuela graduada alLeer&hellip;
