{"id":344,"date":"2022-02-06T17:28:18","date_gmt":"2022-02-06T16:28:18","guid":{"rendered":"https:\/\/site.educa.madrid.org\/cp.tirsodemolina.colmenarviejo\/?page_id=344"},"modified":"2026-04-28T13:54:16","modified_gmt":"2026-04-28T11:54:16","slug":"profesorado","status":"publish","type":"page","link":"https:\/\/site.educa.madrid.org\/cp.tirsodemolina.colmenarviejo\/index.php\/profesorado\/","title":{"rendered":"PROFESORADO CURSO 2025-2026"},"content":{"rendered":"\n<h3 class=\"wp-block-heading has-text-align-center\"><mark style=\"background-color:rgba(0, 0, 0, 0);color:#0d678d\" class=\"has-inline-color\">EQUIPO DIRECTIVO<\/mark><\/h3>\n\n\n\n<div class=\"wp-block-columns is-layout-flex wp-container-core-columns-is-layout-9d6595d7 wp-block-columns-is-layout-flex\">\n<div class=\"wp-block-column is-layout-flow wp-block-column-is-layout-flow\">\n<figure class=\"wp-block-table\"><table class=\"has-fixed-layout\"><tbody><tr><td><strong>DIRECTORA:<\/strong> ANGELA RUIZ cp.tirsodemolina.colmenarviejo@educa.madrid.org<\/td><\/tr><tr><td><strong>JEFA DE ESTUDIOS:<\/strong> GEMA PRADOS gema.pradoslazaro@educa.madrid.org<\/td><\/tr><tr><td><strong>SECRETARIA: <\/strong>ALICIA ALBA secretaria.cp.tirsodemolina.colmenarviejo@educa.madrid.org<\/td><\/tr><\/tbody><\/table><\/figure>\n<\/div>\n<\/div>\n\n\n\n<p><\/p>\n\n\n\n<p><\/p>\n\n\n\n<h2 class=\"wp-block-heading has-text-align-center\"><mark style=\"background-color:rgba(0, 0, 0, 0);color:#15a0dc\" class=\"has-inline-color\">TUTORAS DE INFANTIL<\/mark><\/h2>\n\n\n\n<div class=\"wp-block-columns is-layout-flex wp-container-core-columns-is-layout-9d6595d7 wp-block-columns-is-layout-flex\">\n<div class=\"wp-block-column is-layout-flow wp-block-column-is-layout-flow\" style=\"flex-basis:100%\">\n<div class=\"wp-block-columns is-layout-flex wp-container-core-columns-is-layout-9d6595d7 wp-block-columns-is-layout-flex\">\n<div class=\"wp-block-column is-layout-flow wp-block-column-is-layout-flow\" style=\"flex-basis:100%\">\n<figure class=\"wp-block-table has-small-font-size\"><table><tbody><tr><td>INFANTIL 3 A\u00d1OS<\/td><td>M\u00aa MERCEDES DEL VALLE    mercedes.valle@educa.madrid.org<\/td><\/tr><tr><td>INFANTIL 4 A\u00d1OS <\/td><td>LAURA RAMIREZ  laura.ramirezperez@educa.madrid.org<\/td><\/tr><tr><td>INFANTIL 5 A\u00d1OS A<\/td><td>SILVIA BL\u00c1ZQUEZ   silvia.blazquez@educa.madrid.org<\/td><\/tr><tr><td>INFANTIL 5 A\u00d1OS B<\/td><td>ALBA DE JULIO BLASCO   alba.de186@educa.madrid.org<\/td><\/tr><\/tbody><\/table><\/figure>\n<\/div>\n<\/div>\n<\/div>\n<\/div>\n\n\n\n<div style=\"height:29px\" aria-hidden=\"true\" class=\"wp-block-spacer\"><\/div>\n\n\n\n<h2 class=\"wp-block-heading has-text-align-center\"><mark style=\"background-color:rgba(0, 0, 0, 0);color:#15a0dc\" class=\"has-inline-color\">TUTORAS DE PRIMARIA<\/mark><\/h2>\n\n\n\n<figure class=\"wp-block-table is-style-regular has-small-font-size\"><table><tbody><tr><td>1\u00ba PRIMARIA<\/td><td>LAURA ROMERO  laura.romero@educa.madrid.org<\/td><\/tr><tr><td>2\u00ba PRIMARIA<\/td><td>LYDIA SANTOS lydia.santos@educa.madrid.org<\/td><\/tr><tr><td>3\u00ba PRIMARIA<\/td><td>ANA GONZ\u00c1LEZ  ana.gonzalezpinto@educa.madrid.org<\/td><\/tr><tr><td>4\u00ba PRIMARIA<\/td><td>CLAUDIA CALVO   claudia.calvo@educa.madrid.org <\/td><\/tr><tr><td>5\u00ba PRIMARIA<\/td><td>BLANCA CENALMOR blanca.cenalmorvillafane@educa.madrid.org<\/td><\/tr><tr><td>6\u00ba PRIMARIA<\/td><td>SANDRA AU\u00d1ON  sandra.aunon@educa.madrid.org<\/td><\/tr><tr><td>SOCIALES  (1\u00ba,2\u00ba,3\u00ba,4\u00ba Y 5\u00ba PRIMARIA)<\/td><td>PATRICIA S\u00c1NCHEZ JERIC\u00d3  patricia.sanchez92@educa.madrid.org<\/td><\/tr><tr><td>APOYO PRIMARIA PROA + <\/td><td>PAULA ROBLEDO  prv278@educa.madrid.org<\/td><\/tr><\/tbody><\/table><\/figure>\n\n\n\n<div style=\"height:29px\" aria-hidden=\"true\" class=\"wp-block-spacer\"><\/div>\n\n\n\n<h2 class=\"wp-block-heading has-text-align-center\"><mark style=\"background-color:rgba(0, 0, 0, 0);color:#15a0dc\" class=\"has-inline-color\">ESPECIALISTAS <\/mark><\/h2>\n\n\n\n<figure class=\"wp-block-table is-style-regular has-small-font-size\"><table><tbody><tr><td>LENGUA EXTRANJERA (INGL\u00c9S) <\/td><td>NATALIA LASO natalia.laso@educa.madrid.org<\/td><\/tr><tr><td>EDUCACI\u00d3N FISICA<\/td><td>CARLOS PALOMINO carlos.palomino5@educa.madrid.org<\/td><\/tr><tr><td>RELIGI\u00d3N CAT\u00d3LICA<\/td><td>PATRICIA ORTA portacano@educa.madrid.org<\/td><\/tr><tr><td>PT<\/td><td>MAR\u00cdA BEL\u00c9N YONTE belen.yonteandujar@educa.madrid.org<\/td><\/tr><tr><td>PT<\/td><td>LAURA PAULET  laura.paulet@educa.madrid.org<\/td><\/tr><tr><td>AL<\/td><td>ALICIA ALBA aalbairala@educa.madrid.org<\/td><\/tr><tr><td>COMPENSATORIA<\/td><td>CAROLINA CREMADES  carolina.cremades@educa.madrid.org<\/td><\/tr><\/tbody><\/table><\/figure>\n\n\n\n<div style=\"height:76px\" aria-hidden=\"true\" class=\"wp-block-spacer\"><\/div>\n\n\n\n<h2 class=\"wp-block-heading\"><\/h2>\n","protected":false},"excerpt":{"rendered":"<p>EQUIPO DIRECTIVO DIRECTORA: ANGELA RUIZ cp.tirsodemolina.colmenarviejo@educa.madrid.org JEFA DE ESTUDIOS: GEMA PRADOS gema.pradoslazaro@educa.madrid.org SECRETARIA: ALICIA ALBA secretaria.cp.tirsodemolina.colmenarviejo@educa.madrid.org TUTORAS DE INFANTIL INFANTIL 3 A\u00d1OS M\u00aa MERCEDES DEL VALLE mercedes.valle@educa.madrid.org INFANTIL 4 A\u00d1OS LAURA RAMIREZ laura.ramirezperez@educa.madrid.org INFANTIL 5 A\u00d1OS A SILVIA BL\u00c1ZQUEZ silvia.blazquez@educa.madrid.org INFANTIL 5 A\u00d1OS B ALBA DE JULIO BLASCO alba.de186@educa.madrid.org TUTORAS DE PRIMARIA 1\u00ba PRIMARIA LAURA<\/p><\/div>\n<div class=\"blog-btn\"><a href=\"https:\/\/site.educa.madrid.org\/cp.tirsodemolina.colmenarviejo\/index.php\/profesorado\/\" class=\"home-blog-btn\">Leer m\u00e1s<\/a><\/p>\n","protected":false},"author":3,"featured_media":0,"parent":0,"menu_order":0,"comment_status":"closed","ping_status":"closed","template":"","meta":{"footnotes":""},"folder":[],"class_list":["post-344","page","type-page","status-publish","hentry"],"rttpg_featured_image_url":null,"rttpg_author":{"display_name":"cp.tirsodemolina.colmenarviejo","author_link":"https:\/\/site.educa.madrid.org\/cp.tirsodemolina.colmenarviejo\/index.php\/author\/cuenta_cp-tirsodemolina-colmenarviejo\/"},"rttpg_comment":0,"rttpg_category":false,"rttpg_excerpt":"EQUIPO DIRECTIVO DIRECTORA: ANGELA RUIZ cp.tirsodemolina.colmenarviejo@educa.madrid.org JEFA DE ESTUDIOS: GEMA PRADOS gema.pradoslazaro@educa.madrid.org SECRETARIA: ALICIA ALBA secretaria.cp.tirsodemolina.colmenarviejo@educa.madrid.org TUTORAS DE INFANTIL INFANTIL 3 A\u00d1OS M\u00aa MERCEDES DEL VALLE mercedes.valle@educa.madrid.org INFANTIL 4 A\u00d1OS LAURA RAMIREZ laura.ramirezperez@educa.madrid.org INFANTIL 5 A\u00d1OS A SILVIA BL\u00c1ZQUEZ silvia.blazquez@educa.madrid.org INFANTIL 5 A\u00d1OS B ALBA DE JULIO BLASCO alba.de186@educa.madrid.org TUTORAS DE PRIMARIA 1\u00ba PRIMARIA LAURALeer&hellip;","post_mailing_queue_ids":[],"_links":{"self":[{"href":"https:\/\/site.educa.madrid.org\/cp.tirsodemolina.colmenarviejo\/index.php\/wp-json\/wp\/v2\/pages\/344","targetHints":{"allow":["GET"]}}],"collection":[{"href":"https:\/\/site.educa.madrid.org\/cp.tirsodemolina.colmenarviejo\/index.php\/wp-json\/wp\/v2\/pages"}],"about":[{"href":"https:\/\/site.educa.madrid.org\/cp.tirsodemolina.colmenarviejo\/index.php\/wp-json\/wp\/v2\/types\/page"}],"author":[{"embeddable":true,"href":"https:\/\/site.educa.madrid.org\/cp.tirsodemolina.colmenarviejo\/index.php\/wp-json\/wp\/v2\/users\/3"}],"replies":[{"embeddable":true,"href":"https:\/\/site.educa.madrid.org\/cp.tirsodemolina.colmenarviejo\/index.php\/wp-json\/wp\/v2\/comments?post=344"}],"version-history":[{"count":22,"href":"https:\/\/site.educa.madrid.org\/cp.tirsodemolina.colmenarviejo\/index.php\/wp-json\/wp\/v2\/pages\/344\/revisions"}],"predecessor-version":[{"id":1594,"href":"https:\/\/site.educa.madrid.org\/cp.tirsodemolina.colmenarviejo\/index.php\/wp-json\/wp\/v2\/pages\/344\/revisions\/1594"}],"wp:attachment":[{"href":"https:\/\/site.educa.madrid.org\/cp.tirsodemolina.colmenarviejo\/index.php\/wp-json\/wp\/v2\/media?parent=344"}],"wp:term":[{"taxonomy":"folder","embeddable":true,"href":"https:\/\/site.educa.madrid.org\/cp.tirsodemolina.colmenarviejo\/index.php\/wp-json\/wp\/v2\/folder?post=344"}],"curies":[{"name":"wp","href":"https:\/\/api.w.org\/{rel}","templated":true}]}}

<h3 class="wp-block-heading has-text-align-center"><mark style="background-color:rgba(0, 0, 0, 0);color:#0d678d" class="has-inline-color">EQUIPO DIRECTIVO</mark></h3>



<div class="wp-block-columns is-layout-flex wp-container-core-columns-is-layout-9d6595d7 wp-block-columns-is-layout-flex">
<div class="wp-block-column is-layout-flow wp-block-column-is-layout-flow">
<figure class="wp-block-table"><table class="has-fixed-layout"><tbody><tr><td><strong>DIRECTORA:</strong> ANGELA RUIZ cp.tirsodemolina.colmenarviejo@educa.madrid.org</td></tr><tr><td><strong>JEFA DE ESTUDIOS:</strong> GEMA PRADOS gema.pradoslazaro@educa.madrid.org</td></tr><tr><td><strong>SECRETARIA: </strong>ALICIA ALBA secretaria.cp.tirsodemolina.colmenarviejo@educa.madrid.org</td></tr></tbody></table></figure>
</div>
</div>



<p></p>



<p></p>



<h2 class="wp-block-heading has-text-align-center"><mark style="background-color:rgba(0, 0, 0, 0);color:#15a0dc" class="has-inline-color">TUTORAS DE INFANTIL</mark></h2>



<div class="wp-block-columns is-layout-flex wp-container-core-columns-is-layout-9d6595d7 wp-block-columns-is-layout-flex">
<div class="wp-block-column is-layout-flow wp-block-column-is-layout-flow" style="flex-basis:100%">
<div class="wp-block-columns is-layout-flex wp-container-core-columns-is-layout-9d6595d7 wp-block-columns-is-layout-flex">
<div class="wp-block-column is-layout-flow wp-block-column-is-layout-flow" style="flex-basis:100%">
<figure class="wp-block-table has-small-font-size"><table><tbody><tr><td>INFANTIL 3 AÑOS</td><td>Mª MERCEDES DEL VALLE    mercedes.valle@educa.madrid.org</td></tr><tr><td>INFANTIL 4 AÑOS </td><td>LAURA RAMIREZ  laura.ramirezperez@educa.madrid.org</td></tr><tr><td>INFANTIL 5 AÑOS A</td><td>SILVIA BLÁZQUEZ   silvia.blazquez@educa.madrid.org</td></tr><tr><td>INFANTIL 5 AÑOS B</td><td>ALBA DE JULIO BLASCO   alba.de186@educa.madrid.org</td></tr></tbody></table></figure>
</div>
</div>
</div>
</div>



<div style="height:29px" aria-hidden="true" class="wp-block-spacer"></div>



<h2 class="wp-block-heading has-text-align-center"><mark style="background-color:rgba(0, 0, 0, 0);color:#15a0dc" class="has-inline-color">TUTORAS DE PRIMARIA</mark></h2>



<figure class="wp-block-table is-style-regular has-small-font-size"><table><tbody><tr><td>1º PRIMARIA</td><td>LAURA ROMERO  laura.romero@educa.madrid.org</td></tr><tr><td>2º PRIMARIA</td><td>LYDIA SANTOS lydia.santos@educa.madrid.org</td></tr><tr><td>3º PRIMARIA</td><td>ANA GONZÁLEZ  ana.gonzalezpinto@educa.madrid.org</td></tr><tr><td>4º PRIMARIA</td><td>CLAUDIA CALVO   claudia.calvo@educa.madrid.org </td></tr><tr><td>5º PRIMARIA</td><td>BLANCA CENALMOR blanca.cenalmorvillafane@educa.madrid.org</td></tr><tr><td>6º PRIMARIA</td><td>SANDRA AUÑON  sandra.aunon@educa.madrid.org</td></tr><tr><td>SOCIALES  (1º,2º,3º,4º Y 5º PRIMARIA)</td><td>PATRICIA SÁNCHEZ JERICÓ  patricia.sanchez92@educa.madrid.org</td></tr><tr><td>APOYO PRIMARIA PROA + </td><td>PAULA ROBLEDO  prv278@educa.madrid.org</td></tr></tbody></table></figure>



<div style="height:29px" aria-hidden="true" class="wp-block-spacer"></div>



<h2 class="wp-block-heading has-text-align-center"><mark style="background-color:rgba(0, 0, 0, 0);color:#15a0dc" class="has-inline-color">ESPECIALISTAS </mark></h2>



<figure class="wp-block-table is-style-regular has-small-font-size"><table><tbody><tr><td>LENGUA EXTRANJERA (INGLÉS) </td><td>NATALIA LASO natalia.laso@educa.madrid.org</td></tr><tr><td>EDUCACIÓN FISICA</td><td>CARLOS PALOMINO carlos.palomino5@educa.madrid.org</td></tr><tr><td>RELIGIÓN CATÓLICA</td><td>PATRICIA ORTA portacano@educa.madrid.org</td></tr><tr><td>PT</td><td>MARÍA BELÉN YONTE belen.yonteandujar@educa.madrid.org</td></tr><tr><td>PT</td><td>LAURA PAULET  laura.paulet@educa.madrid.org</td></tr><tr><td>AL</td><td>ALICIA ALBA aalbairala@educa.madrid.org</td></tr><tr><td>COMPENSATORIA</td><td>CAROLINA CREMADES  carolina.cremades@educa.madrid.org</td></tr></tbody></table></figure>



<div style="height:76px" aria-hidden="true" class="wp-block-spacer"></div>



<h2 class="wp-block-heading"></h2>

<p>EQUIPO DIRECTIVO DIRECTORA: ANGELA RUIZ cp.tirsodemolina.colmenarviejo@educa.madrid.org JEFA DE ESTUDIOS: GEMA PRADOS gema.pradoslazaro@educa.madrid.org SECRETARIA: ALICIA ALBA secretaria.cp.tirsodemolina.colmenarviejo@educa.madrid.org TUTORAS DE INFANTIL INFANTIL 3 AÑOS Mª MERCEDES DEL VALLE mercedes.valle@educa.madrid.org INFANTIL 4 AÑOS LAURA RAMIREZ laura.ramirezperez@educa.madrid.org INFANTIL 5 AÑOS A SILVIA BLÁZQUEZ silvia.blazquez@educa.madrid.org INFANTIL 5 AÑOS B ALBA DE JULIO BLASCO alba.de186@educa.madrid.org TUTORAS DE PRIMARIA 1º PRIMARIA LAURA</p></div>
<div class="blog-btn"><a href="https://site.educa.madrid.org/cp.tirsodemolina.colmenarviejo/index.php/profesorado/" class="home-blog-btn">Leer más</a></p>

EQUIPO DIRECTIVO DIRECTORA: ANGELA RUIZ cp.tirsodemolina.colmenarviejo@educa.madrid.org JEFA DE ESTUDIOS: GEMA PRADOS gema.pradoslazaro@educa.madrid.org SECRETARIA: ALICIA ALBA secretaria.cp.tirsodemolina.colmenarviejo@educa.madrid.org TUTORAS DE INFANTIL INFANTIL 3 AÑOS Mª MERCEDES DEL VALLE mercedes.valle@educa.madrid.org INFANTIL 4 AÑOS LAURA RAMIREZ laura.ramirezperez@educa.madrid.org INFANTIL 5 AÑOS A SILVIA BLÁZQUEZ silvia.blazquez@educa.madrid.org INFANTIL 5 AÑOS B ALBA DE JULIO BLASCO alba.de186@educa.madrid.org TUTORAS DE PRIMARIA 1º PRIMARIA LAURALeer&hellip;
