{"id":668,"date":"2022-03-14T20:19:37","date_gmt":"2022-03-14T19:19:37","guid":{"rendered":"https:\/\/site.educa.madrid.org\/cp.tirsodemolina.colmenarviejo\/?page_id=668"},"modified":"2022-03-14T21:58:47","modified_gmt":"2022-03-14T20:58:47","slug":"educacion-infantil-2o-ciclo-3-a-6-anos","status":"publish","type":"page","link":"https:\/\/site.educa.madrid.org\/cp.tirsodemolina.colmenarviejo\/index.php\/educacion-infantil-2o-ciclo-3-a-6-anos\/","title":{"rendered":"EDUCACI\u00d3N INFANTIL"},"content":{"rendered":"<ul>\n<li>\n<h4><strong><span class=\"JsGRdQ\">PERIODO DE ADAPTACI\u00d3N EN 3 A\u00d1OS<\/span><\/strong><\/h4>\n<\/li>\n<\/ul>\n<p class=\"_04xlpA direction-ltr align-start para-style-body\">\n<ul>\n<li>\n<h4><strong><span class=\"JsGRdQ\">METODOLOG\u00cdA:<\/span><\/strong><\/h4>\n<\/li>\n<\/ul>\n<p><strong>TRABAJO POR PROYECTOS:<\/strong> Permite que los ni\u00f1os y ni\u00f1as adquieran conocimientos convirti\u00e9ndose en protagonistas de su propio aprendizaje. Los trabajos por proyectos en Infantil siempre parten de sus intereses, dudas e inquietudes. Es necesario escucharles para descubrir lo que de verdad les interesa y motiva. Para comenzar un proyecto partiremos de la motivaci\u00f3n de los ni\u00f1os.<\/p>\n<p><strong>RINCONES\u00a0<\/strong>El trabajo por rincones es una propuesta metodol\u00f3gica que hace posible la participaci\u00f3n activa de\u00a0 los ni\u00f1os y las ni\u00f1as en el aula, los cuales son los principales protagonistas de su aprendizaje.<\/p>\n<p>La\u00a0 organizaci\u00f3n del aula en peque\u00f1os grupos nos permite realizar una tarea determinada y diferente, y favorece el que se pueda atender\u00a0 mejor al alumnado de forma individualizada. Cada rinc\u00f3n debe estar bien delimitado y\u00a0 tener un espacio fijo y bien se\u00f1alizado para que los ni\u00f1os\/as reconozcan cu\u00e1l es el espacio que ocupa dicho rinc\u00f3n.<\/p>\n<p>Los rincones que tenemos en nuestras clases de infantil :<\/p>\n<ul>\n<li><strong>Rinc\u00f3n del artista: <\/strong>\u00a0En este rinc\u00f3n lo importante es potenciar al m\u00e1ximo la creatividad y la expresi\u00f3n de los ni\u00f1os\/as. Usar\u00e1n pinturas, temperas, plastilina, pegatinas o cualquier otro material que necesiten para sus creaciones art\u00edsticas.<\/li>\n<li><strong>Rinc\u00f3n l\u00f3gico\u2013matem\u00e1tico:\u00a0<\/strong>En este espacio se manipula, se realizan actividades y se aprende matem\u00e1ticas de forma atractiva divertida y estimulante.<\/li>\n<li><strong>Rinc\u00f3n de lectoescritura: <\/strong>En \u00e9l podemos encontrar la biblioteca de la clase, donde hay cuentos, marionetas, siluetas y dibujos de personajes de cuentos. Aqu\u00ed los ni\u00f1os\/as miran o leen cuentos, dependiendo de la edad, realizan dramatizaciones de cuentos conocidos o inventados, se puede trabajar la comprensi\u00f3n lectora de un cuento,\u2026<\/li>\n<li><strong><strong>Rinc\u00f3n de juego simb\u00f3lico. <\/strong><\/strong>En este rinc\u00f3n nuestros alumnos se pueden poner disfraces, pueden jugar con supermercados, mu\u00f1ecas, cocinitas&#8230; En definitiva, todos aquellos juegos y juguetes que les permita explorar y reproducir el mundo adulto y que ayudan al ni\u00f1o a conocerse mejor a s\u00ed mismo y el entorno social que le rodea.Capacidades que favorece\n<ul>\n<li>Desarrolla la reproducci\u00f3n de acciones<\/li>\n<li>Estimula la expresi\u00f3n de sentimientos y emociones<\/li>\n<li>Potencia la imaginaci\u00f3n<\/li>\n<li>Estimula la expresi\u00f3n verbal y la comunicaci\u00f3n verbal<\/li>\n<\/ul>\n<\/li>\n<\/ul>\n<p><strong style=\"font-size: inherit;\"><span class=\"JsGRdQ\">INGL\u00c9S, M\u00daSICA Y PSICOMOTRICIDAD IMPARTIDO POR ESPECIALISTAS<\/span><\/strong><\/p>\n","protected":false},"excerpt":{"rendered":"<p>PERIODO DE ADAPTACI\u00d3N EN 3 A\u00d1OS METODOLOG\u00cdA: TRABAJO POR PROYECTOS: Permite que los ni\u00f1os y ni\u00f1as adquieran conocimientos convirti\u00e9ndose en protagonistas de su propio aprendizaje. Los trabajos por proyectos en Infantil siempre parten de sus intereses, dudas e inquietudes. Es necesario escucharles para descubrir lo que de verdad les interesa y motiva. Para comenzar un<\/p><\/div>\n<div class=\"blog-btn\"><a href=\"https:\/\/site.educa.madrid.org\/cp.tirsodemolina.colmenarviejo\/index.php\/educacion-infantil-2o-ciclo-3-a-6-anos\/\" class=\"home-blog-btn\">Leer m\u00e1s<\/a><\/p>\n","protected":false},"author":3,"featured_media":0,"parent":0,"menu_order":0,"comment_status":"closed","ping_status":"closed","template":"","meta":{"footnotes":""},"folder":[],"class_list":["post-668","page","type-page","status-publish","hentry"],"rttpg_featured_image_url":null,"rttpg_author":{"display_name":"cp.tirsodemolina.colmenarviejo","author_link":"https:\/\/site.educa.madrid.org\/cp.tirsodemolina.colmenarviejo\/index.php\/author\/cuenta_cp-tirsodemolina-colmenarviejo\/"},"rttpg_comment":0,"rttpg_category":false,"rttpg_excerpt":"PERIODO DE ADAPTACI\u00d3N EN 3 A\u00d1OS METODOLOG\u00cdA: TRABAJO POR PROYECTOS: Permite que los ni\u00f1os y ni\u00f1as adquieran conocimientos convirti\u00e9ndose en protagonistas de su propio aprendizaje. Los trabajos por proyectos en Infantil siempre parten de sus intereses, dudas e inquietudes. Es necesario escucharles para descubrir lo que de verdad les interesa y motiva. Para comenzar unLeer&hellip;","post_mailing_queue_ids":[],"_links":{"self":[{"href":"https:\/\/site.educa.madrid.org\/cp.tirsodemolina.colmenarviejo\/index.php\/wp-json\/wp\/v2\/pages\/668","targetHints":{"allow":["GET"]}}],"collection":[{"href":"https:\/\/site.educa.madrid.org\/cp.tirsodemolina.colmenarviejo\/index.php\/wp-json\/wp\/v2\/pages"}],"about":[{"href":"https:\/\/site.educa.madrid.org\/cp.tirsodemolina.colmenarviejo\/index.php\/wp-json\/wp\/v2\/types\/page"}],"author":[{"embeddable":true,"href":"https:\/\/site.educa.madrid.org\/cp.tirsodemolina.colmenarviejo\/index.php\/wp-json\/wp\/v2\/users\/3"}],"replies":[{"embeddable":true,"href":"https:\/\/site.educa.madrid.org\/cp.tirsodemolina.colmenarviejo\/index.php\/wp-json\/wp\/v2\/comments?post=668"}],"version-history":[{"count":3,"href":"https:\/\/site.educa.madrid.org\/cp.tirsodemolina.colmenarviejo\/index.php\/wp-json\/wp\/v2\/pages\/668\/revisions"}],"predecessor-version":[{"id":697,"href":"https:\/\/site.educa.madrid.org\/cp.tirsodemolina.colmenarviejo\/index.php\/wp-json\/wp\/v2\/pages\/668\/revisions\/697"}],"wp:attachment":[{"href":"https:\/\/site.educa.madrid.org\/cp.tirsodemolina.colmenarviejo\/index.php\/wp-json\/wp\/v2\/media?parent=668"}],"wp:term":[{"taxonomy":"folder","embeddable":true,"href":"https:\/\/site.educa.madrid.org\/cp.tirsodemolina.colmenarviejo\/index.php\/wp-json\/wp\/v2\/folder?post=668"}],"curies":[{"name":"wp","href":"https:\/\/api.w.org\/{rel}","templated":true}]}}

EDUCACIÓN INFANTIL

<ul>
<li>
<h4><strong><span class="JsGRdQ">PERIODO DE ADAPTACIÓN EN 3 AÑOS</span></strong></h4>
</li>
</ul>
<p class="_04xlpA direction-ltr align-start para-style-body">
<ul>
<li>
<h4><strong><span class="JsGRdQ">METODOLOGÍA:</span></strong></h4>
</li>
</ul>
<p><strong>TRABAJO POR PROYECTOS:</strong> Permite que los niños y niñas adquieran conocimientos convirtiéndose en protagonistas de su propio aprendizaje. Los trabajos por proyectos en Infantil siempre parten de sus intereses, dudas e inquietudes. Es necesario escucharles para descubrir lo que de verdad les interesa y motiva. Para comenzar un proyecto partiremos de la motivación de los niños.</p>
<p><strong>RINCONES </strong>El trabajo por rincones es una propuesta metodológica que hace posible la participación activa de  los niños y las niñas en el aula, los cuales son los principales protagonistas de su aprendizaje.</p>
<p>La  organización del aula en pequeños grupos nos permite realizar una tarea determinada y diferente, y favorece el que se pueda atender  mejor al alumnado de forma individualizada. Cada rincón debe estar bien delimitado y  tener un espacio fijo y bien señalizado para que los niños/as reconozcan cuál es el espacio que ocupa dicho rincón.</p>
<p>Los rincones que tenemos en nuestras clases de infantil :</p>
<ul>
<li><strong>Rincón del artista: </strong> En este rincón lo importante es potenciar al máximo la creatividad y la expresión de los niños/as. Usarán pinturas, temperas, plastilina, pegatinas o cualquier otro material que necesiten para sus creaciones artísticas.</li>
<li><strong>Rincón lógico–matemático: </strong>En este espacio se manipula, se realizan actividades y se aprende matemáticas de forma atractiva divertida y estimulante.</li>
<li><strong>Rincón de lectoescritura: </strong>En él podemos encontrar la biblioteca de la clase, donde hay cuentos, marionetas, siluetas y dibujos de personajes de cuentos. Aquí los niños/as miran o leen cuentos, dependiendo de la edad, realizan dramatizaciones de cuentos conocidos o inventados, se puede trabajar la comprensión lectora de un cuento,…</li>
<li><strong><strong>Rincón de juego simbólico. </strong></strong>En este rincón nuestros alumnos se pueden poner disfraces, pueden jugar con supermercados, muñecas, cocinitas&#8230; En definitiva, todos aquellos juegos y juguetes que les permita explorar y reproducir el mundo adulto y que ayudan al niño a conocerse mejor a sí mismo y el entorno social que le rodea.Capacidades que favorece
<ul>
<li>Desarrolla la reproducción de acciones</li>
<li>Estimula la expresión de sentimientos y emociones</li>
<li>Potencia la imaginación</li>
<li>Estimula la expresión verbal y la comunicación verbal</li>
</ul>
</li>
</ul>
<p><strong style="font-size: inherit;"><span class="JsGRdQ">INGLÉS, MÚSICA Y PSICOMOTRICIDAD IMPARTIDO POR ESPECIALISTAS</span></strong></p>

<p>PERIODO DE ADAPTACIÓN EN 3 AÑOS METODOLOGÍA: TRABAJO POR PROYECTOS: Permite que los niños y niñas adquieran conocimientos convirtiéndose en protagonistas de su propio aprendizaje. Los trabajos por proyectos en Infantil siempre parten de sus intereses, dudas e inquietudes. Es necesario escucharles para descubrir lo que de verdad les interesa y motiva. Para comenzar un</p></div>
<div class="blog-btn"><a href="https://site.educa.madrid.org/cp.tirsodemolina.colmenarviejo/index.php/educacion-infantil-2o-ciclo-3-a-6-anos/" class="home-blog-btn">Leer más</a></p>

PERIODO DE ADAPTACIÓN EN 3 AÑOS METODOLOGÍA: TRABAJO POR PROYECTOS: Permite que los niños y niñas adquieran conocimientos convirtiéndose en protagonistas de su propio aprendizaje. Los trabajos por proyectos en Infantil siempre parten de sus intereses, dudas e inquietudes. Es necesario escucharles para descubrir lo que de verdad les interesa y motiva. Para comenzar unLeer&hellip;
