{"id":1754,"date":"2023-05-31T11:52:40","date_gmt":"2023-05-31T09:52:40","guid":{"rendered":"https:\/\/site.educa.madrid.org\/cp.vicentealeixandre.aranjuez\/?page_id=1754"},"modified":"2024-01-12T14:39:28","modified_gmt":"2024-01-12T13:39:28","slug":"becas-ayuntamiento","status":"publish","type":"page","link":"https:\/\/site.educa.madrid.org\/cp.vicentealeixandre.aranjuez\/index.php\/becas-ayuntamiento\/","title":{"rendered":"Becas Ayuntamiento"},"content":{"rendered":"\n<p>MA\u00d1ANAS Y TARDES DEL COLE<\/p>\n\n\n\n<p>Ya est\u00e1 disponible el plazo para solicitar las ayudas para las actividades en d\u00edas lectivos.&nbsp;<\/p>\n\n\n\n<p>Las familias que participan del Programa Municipal de Actividades en D\u00edas lectivos: Primeros del cole, las Tardes en mi cole y Refuerzo escolar tienen 10 d\u00edas para realizar la solicitud. Se puede realizar en la OAC (Oficina de Atenci\u00f3n al Ciudadano) sin necesidad de cita previa, o de manera telem\u00e1tica a trav\u00e9s de la sede electr\u00f3nica.<\/p>\n","protected":false},"excerpt":{"rendered":"<p>MA\u00d1ANAS Y TARDES DEL COLE Ya est\u00e1 disponible el plazo para solicitar las ayudas para las actividades en d\u00edas [&hellip;]<\/p>\n","protected":false},"author":3,"featured_media":0,"parent":0,"menu_order":0,"comment_status":"closed","ping_status":"closed","template":"","meta":{"footnotes":""},"folder":[],"class_list":["post-1754","page","type-page","status-publish","hentry"],"rttpg_featured_image_url":null,"rttpg_author":{"display_name":"cp.vicentealeixandre.aranjuez","author_link":"https:\/\/site.educa.madrid.org\/cp.vicentealeixandre.aranjuez\/index.php\/author\/cuenta_cp-vicentealeixandre-aranjuez\/"},"rttpg_comment":0,"rttpg_category":false,"rttpg_excerpt":"MA\u00d1ANAS Y TARDES DEL COLE Ya est\u00e1 disponible el plazo para solicitar las ayudas para las actividades en d\u00edas [&hellip;]","post_mailing_queue_ids":[],"_links":{"self":[{"href":"https:\/\/site.educa.madrid.org\/cp.vicentealeixandre.aranjuez\/index.php\/wp-json\/wp\/v2\/pages\/1754","targetHints":{"allow":["GET"]}}],"collection":[{"href":"https:\/\/site.educa.madrid.org\/cp.vicentealeixandre.aranjuez\/index.php\/wp-json\/wp\/v2\/pages"}],"about":[{"href":"https:\/\/site.educa.madrid.org\/cp.vicentealeixandre.aranjuez\/index.php\/wp-json\/wp\/v2\/types\/page"}],"author":[{"embeddable":true,"href":"https:\/\/site.educa.madrid.org\/cp.vicentealeixandre.aranjuez\/index.php\/wp-json\/wp\/v2\/users\/3"}],"replies":[{"embeddable":true,"href":"https:\/\/site.educa.madrid.org\/cp.vicentealeixandre.aranjuez\/index.php\/wp-json\/wp\/v2\/comments?post=1754"}],"version-history":[{"count":3,"href":"https:\/\/site.educa.madrid.org\/cp.vicentealeixandre.aranjuez\/index.php\/wp-json\/wp\/v2\/pages\/1754\/revisions"}],"predecessor-version":[{"id":2389,"href":"https:\/\/site.educa.madrid.org\/cp.vicentealeixandre.aranjuez\/index.php\/wp-json\/wp\/v2\/pages\/1754\/revisions\/2389"}],"wp:attachment":[{"href":"https:\/\/site.educa.madrid.org\/cp.vicentealeixandre.aranjuez\/index.php\/wp-json\/wp\/v2\/media?parent=1754"}],"wp:term":[{"taxonomy":"folder","embeddable":true,"href":"https:\/\/site.educa.madrid.org\/cp.vicentealeixandre.aranjuez\/index.php\/wp-json\/wp\/v2\/folder?post=1754"}],"curies":[{"name":"wp","href":"https:\/\/api.w.org\/{rel}","templated":true}]}}