{"id":2874,"date":"2026-08-30T16:41:10","date_gmt":"2026-08-30T14:41:10","guid":{"rendered":"https:\/\/site.educa.madrid.org\/cpee.duquedeahumada.valdemoro\/?page_id=2874"},"modified":"2026-09-01T22:31:57","modified_gmt":"2026-09-01T20:31:57","slug":"proyecto-patios-inclusivos-3","status":"publish","type":"page","link":"https:\/\/site.educa.madrid.org\/cpee.duquedeahumada.valdemoro\/index.php\/proyecto-patios-inclusivos-3\/","title":{"rendered":"Proyecto CORO ESCOLAR"},"content":{"rendered":"\n<p>En el a\u00f1o 2024 comenzamos este proyecto con la participaci\u00f3n en el festival de villancicos Villa de Valdemoro de nuestra localidad. Participamos por primera vez con dos villancicos sum\u00e1ndonos a los centros educativos de Valdemoro en esta hermosa experiencia. En estos a\u00f1os, hemos ido progresando en la formaci\u00f3n de una agrupaci\u00f3n coral que ha ampliado su participaci\u00f3n en otros eventos como los festivales en nuestro centro. <\/p>\n\n\n\n<div class=\"wp-block-columns is-layout-flex wp-container-core-columns-is-layout-9d6595d7 wp-block-columns-is-layout-flex\">\n<div class=\"wp-block-column is-layout-flow wp-block-column-is-layout-flow\">\n<figure class=\"wp-block-image size-large\"><img loading=\"lazy\" decoding=\"async\" width=\"1024\" height=\"724\" src=\"https:\/\/site.educa.madrid.org\/cpee.duquedeahumada.valdemoro\/\/wp-content\/uploads\/cpee.duquedeahumada.valdemoro\/2026\/08\/festival-villancicos-cuadrante-2024-1-1024x724.jpg\" alt=\"\" class=\"wp-image-2876\" srcset=\"https:\/\/site.educa.madrid.org\/cpee.duquedeahumada.valdemoro\/\/wp-content\/uploads\/cpee.duquedeahumada.valdemoro\/2026\/08\/festival-villancicos-cuadrante-2024-1-1024x724.jpg 1024w, https:\/\/site.educa.madrid.org\/cpee.duquedeahumada.valdemoro\/\/wp-content\/uploads\/cpee.duquedeahumada.valdemoro\/2026\/08\/festival-villancicos-cuadrante-2024-1-300x212.jpg 300w, https:\/\/site.educa.madrid.org\/cpee.duquedeahumada.valdemoro\/\/wp-content\/uploads\/cpee.duquedeahumada.valdemoro\/2026\/08\/festival-villancicos-cuadrante-2024-1-768x543.jpg 768w, https:\/\/site.educa.madrid.org\/cpee.duquedeahumada.valdemoro\/\/wp-content\/uploads\/cpee.duquedeahumada.valdemoro\/2026\/08\/festival-villancicos-cuadrante-2024-1-1536x1086.jpg 1536w, https:\/\/site.educa.madrid.org\/cpee.duquedeahumada.valdemoro\/\/wp-content\/uploads\/cpee.duquedeahumada.valdemoro\/2026\/08\/festival-villancicos-cuadrante-2024-1.jpg 1653w\" sizes=\"auto, (max-width: 767px) 89vw, (max-width: 1000px) 54vw, (max-width: 1071px) 543px, 580px\" \/><\/figure>\n<\/div>\n\n\n\n<div class=\"wp-block-column is-layout-flow wp-block-column-is-layout-flow\">\n<figure class=\"wp-block-image size-large\"><img loading=\"lazy\" decoding=\"async\" width=\"1024\" height=\"723\" src=\"https:\/\/site.educa.madrid.org\/cpee.duquedeahumada.valdemoro\/\/wp-content\/uploads\/cpee.duquedeahumada.valdemoro\/2026\/08\/CORO-EL-DUQUE-DIC-25-1024x723.jpg\" alt=\"\" class=\"wp-image-2877\" srcset=\"https:\/\/site.educa.madrid.org\/cpee.duquedeahumada.valdemoro\/\/wp-content\/uploads\/cpee.duquedeahumada.valdemoro\/2026\/08\/CORO-EL-DUQUE-DIC-25-1024x723.jpg 1024w, https:\/\/site.educa.madrid.org\/cpee.duquedeahumada.valdemoro\/\/wp-content\/uploads\/cpee.duquedeahumada.valdemoro\/2026\/08\/CORO-EL-DUQUE-DIC-25-300x212.jpg 300w, https:\/\/site.educa.madrid.org\/cpee.duquedeahumada.valdemoro\/\/wp-content\/uploads\/cpee.duquedeahumada.valdemoro\/2026\/08\/CORO-EL-DUQUE-DIC-25-768x542.jpg 768w, https:\/\/site.educa.madrid.org\/cpee.duquedeahumada.valdemoro\/\/wp-content\/uploads\/cpee.duquedeahumada.valdemoro\/2026\/08\/CORO-EL-DUQUE-DIC-25.jpg 1219w\" sizes=\"auto, (max-width: 767px) 89vw, (max-width: 1000px) 54vw, (max-width: 1071px) 543px, 580px\" \/><\/figure>\n<\/div>\n<\/div>\n\n\n\n<figure class=\"wp-block-image size-large\"><img loading=\"lazy\" decoding=\"async\" width=\"1024\" height=\"576\" src=\"https:\/\/site.educa.madrid.org\/cpee.duquedeahumada.valdemoro\/\/wp-content\/uploads\/cpee.duquedeahumada.valdemoro\/2026\/01\/coro-1-1024x576.png\" alt=\"\" class=\"wp-image-2627\" srcset=\"https:\/\/site.educa.madrid.org\/cpee.duquedeahumada.valdemoro\/\/wp-content\/uploads\/cpee.duquedeahumada.valdemoro\/2026\/01\/coro-1-1024x576.png 1024w, https:\/\/site.educa.madrid.org\/cpee.duquedeahumada.valdemoro\/\/wp-content\/uploads\/cpee.duquedeahumada.valdemoro\/2026\/01\/coro-1-300x169.png 300w, https:\/\/site.educa.madrid.org\/cpee.duquedeahumada.valdemoro\/\/wp-content\/uploads\/cpee.duquedeahumada.valdemoro\/2026\/01\/coro-1-768x432.png 768w, https:\/\/site.educa.madrid.org\/cpee.duquedeahumada.valdemoro\/\/wp-content\/uploads\/cpee.duquedeahumada.valdemoro\/2026\/01\/coro-1-1536x864.png 1536w, https:\/\/site.educa.madrid.org\/cpee.duquedeahumada.valdemoro\/\/wp-content\/uploads\/cpee.duquedeahumada.valdemoro\/2026\/01\/coro-1.png 1920w\" sizes=\"auto, (max-width: 767px) 89vw, (max-width: 1000px) 54vw, (max-width: 1071px) 543px, 580px\" \/><\/figure>\n","protected":false},"excerpt":{"rendered":"<p>En el a\u00f1o 2024 comenzamos este proyecto con la participaci\u00f3n en el festival de villancicos Villa de Valdemoro de nuestra localidad. Participamos por primera vez con dos villancicos sum\u00e1ndonos a los centros educativos de Valdemoro en esta hermosa experiencia. En estos a\u00f1os, hemos ido progresando en la formaci\u00f3n de una agrupaci\u00f3n coral que ha ampliado &hellip; <\/p>\n<p class=\"link-more\"><a href=\"https:\/\/site.educa.madrid.org\/cpee.duquedeahumada.valdemoro\/index.php\/proyecto-patios-inclusivos-3\/\" class=\"more-link\">Continuar leyendo<span class=\"screen-reader-text\"> \u00abProyecto CORO ESCOLAR\u00bb<\/span><\/a><\/p>\n","protected":false},"author":2,"featured_media":2888,"parent":0,"menu_order":0,"comment_status":"closed","ping_status":"closed","template":"","meta":{"footnotes":""},"folder":[],"class_list":["post-2874","page","type-page","status-publish","has-post-thumbnail","hentry"],"rttpg_featured_image_url":{"full":["https:\/\/site.educa.madrid.org\/cpee.duquedeahumada.valdemoro\/\/wp-content\/uploads\/cpee.duquedeahumada.valdemoro\/2026\/09\/como-se-complementan-coro-y-orquesta-1.png",1024,534,false],"landscape":["https:\/\/site.educa.madrid.org\/cpee.duquedeahumada.valdemoro\/\/wp-content\/uploads\/cpee.duquedeahumada.valdemoro\/2026\/09\/como-se-complementan-coro-y-orquesta-1.png",1024,534,false],"portraits":["https:\/\/site.educa.madrid.org\/cpee.duquedeahumada.valdemoro\/\/wp-content\/uploads\/cpee.duquedeahumada.valdemoro\/2026\/09\/como-se-complementan-coro-y-orquesta-1.png",1024,534,false],"thumbnail":["https:\/\/site.educa.madrid.org\/cpee.duquedeahumada.valdemoro\/\/wp-content\/uploads\/cpee.duquedeahumada.valdemoro\/2026\/09\/como-se-complementan-coro-y-orquesta-1-150x150.png",150,150,true],"medium":["https:\/\/site.educa.madrid.org\/cpee.duquedeahumada.valdemoro\/\/wp-content\/uploads\/cpee.duquedeahumada.valdemoro\/2026\/09\/como-se-complementan-coro-y-orquesta-1-300x156.png",300,156,true],"large":["https:\/\/site.educa.madrid.org\/cpee.duquedeahumada.valdemoro\/\/wp-content\/uploads\/cpee.duquedeahumada.valdemoro\/2026\/09\/como-se-complementan-coro-y-orquesta-1.png",525,274,false],"thumblist":["https:\/\/site.educa.madrid.org\/cpee.duquedeahumada.valdemoro\/\/wp-content\/uploads\/cpee.duquedeahumada.valdemoro\/2026\/09\/como-se-complementan-coro-y-orquesta-1-300x300.png",300,300,true],"thumbrelated":["https:\/\/site.educa.madrid.org\/cpee.duquedeahumada.valdemoro\/\/wp-content\/uploads\/cpee.duquedeahumada.valdemoro\/2026\/09\/como-se-complementan-coro-y-orquesta-1-500x500.png",500,500,true],"meccarouselthumb":["https:\/\/site.educa.madrid.org\/cpee.duquedeahumada.valdemoro\/\/wp-content\/uploads\/cpee.duquedeahumada.valdemoro\/2026\/09\/como-se-complementan-coro-y-orquesta-1-474x324.png",474,324,true],"gridsquare":["https:\/\/site.educa.madrid.org\/cpee.duquedeahumada.valdemoro\/\/wp-content\/uploads\/cpee.duquedeahumada.valdemoro\/2026\/09\/como-se-complementan-coro-y-orquesta-1-391x260.png",391,260,true],"tileview":["https:\/\/site.educa.madrid.org\/cpee.duquedeahumada.valdemoro\/\/wp-content\/uploads\/cpee.duquedeahumada.valdemoro\/2026\/09\/como-se-complementan-coro-y-orquesta-1-300x400.png",300,400,true],"1536x1536":["https:\/\/site.educa.madrid.org\/cpee.duquedeahumada.valdemoro\/\/wp-content\/uploads\/cpee.duquedeahumada.valdemoro\/2026\/09\/como-se-complementan-coro-y-orquesta-1.png",1024,534,false],"2048x2048":["https:\/\/site.educa.madrid.org\/cpee.duquedeahumada.valdemoro\/\/wp-content\/uploads\/cpee.duquedeahumada.valdemoro\/2026\/09\/como-se-complementan-coro-y-orquesta-1.png",1024,534,false],"twentyseventeen-featured-image":["https:\/\/site.educa.madrid.org\/cpee.duquedeahumada.valdemoro\/\/wp-content\/uploads\/cpee.duquedeahumada.valdemoro\/2026\/09\/como-se-complementan-coro-y-orquesta-1.png",1024,534,false],"twentyseventeen-thumbnail-avatar":["https:\/\/site.educa.madrid.org\/cpee.duquedeahumada.valdemoro\/\/wp-content\/uploads\/cpee.duquedeahumada.valdemoro\/2026\/09\/como-se-complementan-coro-y-orquesta-1-100x100.png",100,100,true],"sow-carousel-default":["https:\/\/site.educa.madrid.org\/cpee.duquedeahumada.valdemoro\/\/wp-content\/uploads\/cpee.duquedeahumada.valdemoro\/2026\/09\/como-se-complementan-coro-y-orquesta-1-272x182.png",272,182,true],"sow-post-carousel-overlay-theme":["https:\/\/site.educa.madrid.org\/cpee.duquedeahumada.valdemoro\/\/wp-content\/uploads\/cpee.duquedeahumada.valdemoro\/2026\/09\/como-se-complementan-coro-y-orquesta-1-360x476.png",360,476,true],"sow-post-carousel-cards-theme":["https:\/\/site.educa.madrid.org\/cpee.duquedeahumada.valdemoro\/\/wp-content\/uploads\/cpee.duquedeahumada.valdemoro\/2026\/09\/como-se-complementan-coro-y-orquesta-1-360x240.png",360,240,true],"rt_custom":["https:\/\/site.educa.madrid.org\/cpee.duquedeahumada.valdemoro\/\/wp-content\/uploads\/cpee.duquedeahumada.valdemoro\/2026\/09\/como-se-complementan-coro-y-orquesta-1.png",1024,534,false]},"rttpg_author":{"display_name":"tic.cpee.duquedeahumada.valdemoro","author_link":"https:\/\/site.educa.madrid.org\/cpee.duquedeahumada.valdemoro\/index.php\/author\/cuenta_tic-cpee-duquedeahumada-valdemoro\/"},"rttpg_comment":0,"rttpg_category":false,"rttpg_excerpt":"En el a\u00f1o 2024 comenzamos este proyecto con la participaci\u00f3n en el festival de villancicos Villa de Valdemoro de nuestra localidad. Participamos por primera vez con dos villancicos sum\u00e1ndonos a los centros educativos de Valdemoro en esta hermosa experiencia. En estos a\u00f1os, hemos ido progresando en la formaci\u00f3n de una agrupaci\u00f3n coral que ha ampliado&hellip;","post_mailing_queue_ids":[],"_links":{"self":[{"href":"https:\/\/site.educa.madrid.org\/cpee.duquedeahumada.valdemoro\/index.php\/wp-json\/wp\/v2\/pages\/2874","targetHints":{"allow":["GET"]}}],"collection":[{"href":"https:\/\/site.educa.madrid.org\/cpee.duquedeahumada.valdemoro\/index.php\/wp-json\/wp\/v2\/pages"}],"about":[{"href":"https:\/\/site.educa.madrid.org\/cpee.duquedeahumada.valdemoro\/index.php\/wp-json\/wp\/v2\/types\/page"}],"author":[{"embeddable":true,"href":"https:\/\/site.educa.madrid.org\/cpee.duquedeahumada.valdemoro\/index.php\/wp-json\/wp\/v2\/users\/2"}],"replies":[{"embeddable":true,"href":"https:\/\/site.educa.madrid.org\/cpee.duquedeahumada.valdemoro\/index.php\/wp-json\/wp\/v2\/comments?post=2874"}],"version-history":[{"count":2,"href":"https:\/\/site.educa.madrid.org\/cpee.duquedeahumada.valdemoro\/index.php\/wp-json\/wp\/v2\/pages\/2874\/revisions"}],"predecessor-version":[{"id":2880,"href":"https:\/\/site.educa.madrid.org\/cpee.duquedeahumada.valdemoro\/index.php\/wp-json\/wp\/v2\/pages\/2874\/revisions\/2880"}],"wp:featuredmedia":[{"embeddable":true,"href":"https:\/\/site.educa.madrid.org\/cpee.duquedeahumada.valdemoro\/index.php\/wp-json\/wp\/v2\/media\/2888"}],"wp:attachment":[{"href":"https:\/\/site.educa.madrid.org\/cpee.duquedeahumada.valdemoro\/index.php\/wp-json\/wp\/v2\/media?parent=2874"}],"wp:term":[{"taxonomy":"folder","embeddable":true,"href":"https:\/\/site.educa.madrid.org\/cpee.duquedeahumada.valdemoro\/index.php\/wp-json\/wp\/v2\/folder?post=2874"}],"curies":[{"name":"wp","href":"https:\/\/api.w.org\/{rel}","templated":true}]}}

<p>En el año 2024 comenzamos este proyecto con la participación en el festival de villancicos Villa de Valdemoro de nuestra localidad. Participamos por primera vez con dos villancicos sumándonos a los centros educativos de Valdemoro en esta hermosa experiencia. En estos años, hemos ido progresando en la formación de una agrupación coral que ha ampliado su participación en otros eventos como los festivales en nuestro centro. </p>



<div class="wp-block-columns is-layout-flex wp-container-core-columns-is-layout-9d6595d7 wp-block-columns-is-layout-flex">
<div class="wp-block-column is-layout-flow wp-block-column-is-layout-flow">
<figure class="wp-block-image size-large"><img loading="lazy" decoding="async" width="1024" height="724" src="https://site.educa.madrid.org/cpee.duquedeahumada.valdemoro//wp-content/uploads/cpee.duquedeahumada.valdemoro/2026/08/festival-villancicos-cuadrante-2024-1-1024x724.jpg" alt="" class="wp-image-2876" srcset="https://site.educa.madrid.org/cpee.duquedeahumada.valdemoro//wp-content/uploads/cpee.duquedeahumada.valdemoro/2026/08/festival-villancicos-cuadrante-2024-1-1024x724.jpg 1024w, https://site.educa.madrid.org/cpee.duquedeahumada.valdemoro//wp-content/uploads/cpee.duquedeahumada.valdemoro/2026/08/festival-villancicos-cuadrante-2024-1-300x212.jpg 300w, https://site.educa.madrid.org/cpee.duquedeahumada.valdemoro//wp-content/uploads/cpee.duquedeahumada.valdemoro/2026/08/festival-villancicos-cuadrante-2024-1-768x543.jpg 768w, https://site.educa.madrid.org/cpee.duquedeahumada.valdemoro//wp-content/uploads/cpee.duquedeahumada.valdemoro/2026/08/festival-villancicos-cuadrante-2024-1-1536x1086.jpg 1536w, https://site.educa.madrid.org/cpee.duquedeahumada.valdemoro//wp-content/uploads/cpee.duquedeahumada.valdemoro/2026/08/festival-villancicos-cuadrante-2024-1.jpg 1653w" sizes="auto, (max-width: 767px) 89vw, (max-width: 1000px) 54vw, (max-width: 1071px) 543px, 580px" /></figure>
</div>



<div class="wp-block-column is-layout-flow wp-block-column-is-layout-flow">
<figure class="wp-block-image size-large"><img loading="lazy" decoding="async" width="1024" height="723" src="https://site.educa.madrid.org/cpee.duquedeahumada.valdemoro//wp-content/uploads/cpee.duquedeahumada.valdemoro/2026/08/CORO-EL-DUQUE-DIC-25-1024x723.jpg" alt="" class="wp-image-2877" srcset="https://site.educa.madrid.org/cpee.duquedeahumada.valdemoro//wp-content/uploads/cpee.duquedeahumada.valdemoro/2026/08/CORO-EL-DUQUE-DIC-25-1024x723.jpg 1024w, https://site.educa.madrid.org/cpee.duquedeahumada.valdemoro//wp-content/uploads/cpee.duquedeahumada.valdemoro/2026/08/CORO-EL-DUQUE-DIC-25-300x212.jpg 300w, https://site.educa.madrid.org/cpee.duquedeahumada.valdemoro//wp-content/uploads/cpee.duquedeahumada.valdemoro/2026/08/CORO-EL-DUQUE-DIC-25-768x542.jpg 768w, https://site.educa.madrid.org/cpee.duquedeahumada.valdemoro//wp-content/uploads/cpee.duquedeahumada.valdemoro/2026/08/CORO-EL-DUQUE-DIC-25.jpg 1219w" sizes="auto, (max-width: 767px) 89vw, (max-width: 1000px) 54vw, (max-width: 1071px) 543px, 580px" /></figure>
</div>
</div>



<figure class="wp-block-image size-large"><img loading="lazy" decoding="async" width="1024" height="576" src="https://site.educa.madrid.org/cpee.duquedeahumada.valdemoro//wp-content/uploads/cpee.duquedeahumada.valdemoro/2026/01/coro-1-1024x576.png" alt="" class="wp-image-2627" srcset="https://site.educa.madrid.org/cpee.duquedeahumada.valdemoro//wp-content/uploads/cpee.duquedeahumada.valdemoro/2026/01/coro-1-1024x576.png 1024w, https://site.educa.madrid.org/cpee.duquedeahumada.valdemoro//wp-content/uploads/cpee.duquedeahumada.valdemoro/2026/01/coro-1-300x169.png 300w, https://site.educa.madrid.org/cpee.duquedeahumada.valdemoro//wp-content/uploads/cpee.duquedeahumada.valdemoro/2026/01/coro-1-768x432.png 768w, https://site.educa.madrid.org/cpee.duquedeahumada.valdemoro//wp-content/uploads/cpee.duquedeahumada.valdemoro/2026/01/coro-1-1536x864.png 1536w, https://site.educa.madrid.org/cpee.duquedeahumada.valdemoro//wp-content/uploads/cpee.duquedeahumada.valdemoro/2026/01/coro-1.png 1920w" sizes="auto, (max-width: 767px) 89vw, (max-width: 1000px) 54vw, (max-width: 1071px) 543px, 580px" /></figure>

<p>En el año 2024 comenzamos este proyecto con la participación en el festival de villancicos Villa de Valdemoro de nuestra localidad. Participamos por primera vez con dos villancicos sumándonos a los centros educativos de Valdemoro en esta hermosa experiencia. En estos años, hemos ido progresando en la formación de una agrupación coral que ha ampliado &hellip; </p>
<p class="link-more"><a href="https://site.educa.madrid.org/cpee.duquedeahumada.valdemoro/index.php/proyecto-patios-inclusivos-3/" class="more-link">Continuar leyendo<span class="screen-reader-text"> «Proyecto CORO ESCOLAR»</span></a></p>

En el año 2024 comenzamos este proyecto con la participación en el festival de villancicos Villa de Valdemoro de nuestra localidad. Participamos por primera vez con dos villancicos sumándonos a los centros educativos de Valdemoro en esta hermosa experiencia. En estos años, hemos ido progresando en la formación de una agrupación coral que ha ampliado&hellip;
