{"id":1036,"date":"2022-03-17T10:32:09","date_gmt":"2022-03-17T09:32:09","guid":{"rendered":"https:\/\/site.educa.madrid.org\/cpm.adolfosalazar.madrid\/?page_id=1036"},"modified":"2024-02-15T12:48:07","modified_gmt":"2024-02-15T11:48:07","slug":"alvaro-huertas-lozano","status":"publish","type":"page","link":"https:\/\/site.educa.madrid.org\/cpm.adolfosalazar.madrid\/index.php\/alvaro-huertas-lozano\/","title":{"rendered":"\u00c1lvaro Huertas Lozano"},"content":{"rendered":"\n<div class=\"wp-block-columns is-layout-flex wp-container-core-columns-is-layout-9d6595d7 wp-block-columns-is-layout-flex\">\n<div class=\"wp-block-column is-layout-flow wp-block-column-is-layout-flow\" style=\"flex-basis:33.33%\">\n<figure class=\"wp-block-image size-large\"><img loading=\"lazy\" decoding=\"async\" width=\"720\" height=\"720\" src=\"https:\/\/site.educa.madrid.org\/cpm.adolfosalazar.madrid\/\/wp-content\/uploads\/cpm.adolfosalazar.madrid\/2022\/03\/Alvaro-Huertas5.jpg\" alt=\"\" class=\"wp-image-943\" srcset=\"https:\/\/site.educa.madrid.org\/cpm.adolfosalazar.madrid\/\/wp-content\/uploads\/cpm.adolfosalazar.madrid\/2022\/03\/Alvaro-Huertas5.jpg 720w, https:\/\/site.educa.madrid.org\/cpm.adolfosalazar.madrid\/\/wp-content\/uploads\/cpm.adolfosalazar.madrid\/2022\/03\/Alvaro-Huertas5-300x300.jpg 300w, https:\/\/site.educa.madrid.org\/cpm.adolfosalazar.madrid\/\/wp-content\/uploads\/cpm.adolfosalazar.madrid\/2022\/03\/Alvaro-Huertas5-150x150.jpg 150w, https:\/\/site.educa.madrid.org\/cpm.adolfosalazar.madrid\/\/wp-content\/uploads\/cpm.adolfosalazar.madrid\/2022\/03\/Alvaro-Huertas5-700x700.jpg 700w, https:\/\/site.educa.madrid.org\/cpm.adolfosalazar.madrid\/\/wp-content\/uploads\/cpm.adolfosalazar.madrid\/2022\/03\/Alvaro-Huertas5-520x520.jpg 520w, https:\/\/site.educa.madrid.org\/cpm.adolfosalazar.madrid\/\/wp-content\/uploads\/cpm.adolfosalazar.madrid\/2022\/03\/Alvaro-Huertas5-360x360.jpg 360w, https:\/\/site.educa.madrid.org\/cpm.adolfosalazar.madrid\/\/wp-content\/uploads\/cpm.adolfosalazar.madrid\/2022\/03\/Alvaro-Huertas5-250x250.jpg 250w, https:\/\/site.educa.madrid.org\/cpm.adolfosalazar.madrid\/\/wp-content\/uploads\/cpm.adolfosalazar.madrid\/2022\/03\/Alvaro-Huertas5-100x100.jpg 100w\" sizes=\"auto, (max-width: 720px) 100vw, 720px\" \/><figcaption class=\"wp-element-caption\"><strong>Asignatura: Violonchelo<\/strong><\/figcaption><\/figure>\n<\/div>\n\n\n\n<div class=\"wp-block-column is-layout-flow wp-block-column-is-layout-flow\" style=\"flex-basis:66.66%\">\n<p>Estudi\u00f3 en el Real Conservatorio Superior de M\u00fasica de Madrid, donde obtuvo el T\u00edtulo de Profesor Superior de Violoncello con Premio de Honor Fin de Carrera, estudiando con Rafael Ramos y Julia Urman. Completa su formaci\u00f3n en la Musikhochschule Mannheim, en la que se diploma con el profesor Reimund Korupp, en la Musikhochschule Stuttgart con el Melos Quartett y m\u00e1s tarde en la Escuela Superior Reina Sof\u00eda con Rainer Schimdt (Hagen Quartett).<\/p>\n\n\n\n<p>En el a\u00f1o 2001 funda el Cuarteto Leonor, galardonado por RNE con el Premio \u201cOjo Cr\u00edtico\u201d de M\u00fasica Cl\u00e1sica. Ha sido invitado a tocar en importantes salas y festivales de m\u00fasica de c\u00e1mara en toda Europa, compartiendo escenario con Maria Kliegel, David Pia, Alexandru Gavrilovici, Peter Buck, Reimund Korupp, Imre Rohmann, Daniel Schnyder, Daniel del Pino, Jos\u00e9 Luis Estell\u00e9s, Florian Popa, Albrecht Mayer, Felix, Renggli, Quinteto de viento de la Berliner Philarmoniker, o los Cuartetos Melos, Enesco y Jade, entre otros.<\/p>\n\n\n\n<p>Sus actuaciones han sido retransmitidas por RNE, Bayerisches Rundfunks, Radio Bremen, Concertzender, MUZA, AVRO, Suisse Romande, etc\u2026<\/p>\n\n\n\n<p>Ha grabado en Alemania para el sello discogr\u00e1fico Animato los octetos de Mendelssohn y Schostakovich, y en Espa\u00f1a obras de Ram\u00f3n Paus para el sello Autor,&nbsp; un Cd de m\u00fasica de c\u00e1mara de Ant\u00f3n Garcia Abril y la integral de cuartetos de Ram\u00f3n Barce en un triple Cd para el sello Verso. Su \u00faltimo trabajo discogr\u00e1fico, para el sello NIBIUS, es un doble Cd dedicado a cuartetos espa\u00f1oles del S.XIX.<\/p>\n\n\n\n<p>Es invitado regularmente para impartir clases de violoncello y musica de c\u00e1mara, entre otros, en la Musikakademie Sighisoara (Ruman\u00eda), Music Campus Balchik (Bulgaria), Hogeschool voor de Kunsten Utrecht (Pa\u00edses Bajos),\u00a0International Music Academy Hang Zhou (China), Universidad Internacional de Valencia, Escuela Superior Musical Arts de Madrid, y los Conservatorios Superiores de las Islas Canarias, Baleares, Castell\u00f3n, Oviedo y Ja\u00e9n.<\/p>\n\n\n\n<p>Es director y profesor del Curso y Festival Internacional de M\u00fasica de Ayll\u00f3n, y vicedirector y profesor de violonchelo en el Conservatorio Profesional de M\u00fasica \u201cAdolfo Salazar\u201d de Madrid. Es miembro fundador del Cuarteto Leonor.<\/p>\n<\/div>\n<\/div>\n","protected":false},"excerpt":{"rendered":"<p>Estudi\u00f3 en el Real Conservatorio Superior de M\u00fasica de Madrid, donde obtuvo el T\u00edtulo de Profesor Superior de Violoncello con Premio de Honor Fin de Carrera, estudiando con Rafael Ramos y Julia Urman. Completa su formaci\u00f3n en la Musikhochschule Mannheim, en la que se diploma con el profesor Reimund Korupp, en la Musikhochschule Stuttgart con<\/p><\/div>\n<div class=\"blog-btn\"><a href=\"https:\/\/site.educa.madrid.org\/cpm.adolfosalazar.madrid\/index.php\/alvaro-huertas-lozano\/\" class=\"home-blog-btn\">Leer m\u00e1s<\/a><\/p>\n","protected":false},"author":3,"featured_media":0,"parent":0,"menu_order":0,"comment_status":"closed","ping_status":"closed","template":"page-templates\/page_fullwidth.php","meta":{"footnotes":""},"folder":[39],"class_list":["post-1036","page","type-page","status-publish","hentry"],"rttpg_featured_image_url":null,"rttpg_author":{"display_name":"cpm.adolfosalazar.madrid","author_link":"https:\/\/site.educa.madrid.org\/cpm.adolfosalazar.madrid\/index.php\/author\/cuenta_cpm-adolfosalazar-madrid\/"},"rttpg_comment":0,"rttpg_category":" <a href=\"https:\/\/site.educa.madrid.org\/cpm.adolfosalazar.madrid\/?taxonomy=folder&#038;term=bios-profesores-1679781238\" rel=\"tag\">Bios Profesores<\/a>","rttpg_excerpt":"Estudi\u00f3 en el Real Conservatorio Superior de M\u00fasica de Madrid, donde obtuvo el T\u00edtulo de Profesor Superior de Violoncello con Premio de Honor Fin de Carrera, estudiando con Rafael Ramos y Julia Urman. Completa su formaci\u00f3n en la Musikhochschule Mannheim, en la que se diploma con el profesor Reimund Korupp, en la Musikhochschule Stuttgart conLeer&hellip;","post_mailing_queue_ids":[],"_links":{"self":[{"href":"https:\/\/site.educa.madrid.org\/cpm.adolfosalazar.madrid\/index.php\/wp-json\/wp\/v2\/pages\/1036","targetHints":{"allow":["GET"]}}],"collection":[{"href":"https:\/\/site.educa.madrid.org\/cpm.adolfosalazar.madrid\/index.php\/wp-json\/wp\/v2\/pages"}],"about":[{"href":"https:\/\/site.educa.madrid.org\/cpm.adolfosalazar.madrid\/index.php\/wp-json\/wp\/v2\/types\/page"}],"author":[{"embeddable":true,"href":"https:\/\/site.educa.madrid.org\/cpm.adolfosalazar.madrid\/index.php\/wp-json\/wp\/v2\/users\/3"}],"replies":[{"embeddable":true,"href":"https:\/\/site.educa.madrid.org\/cpm.adolfosalazar.madrid\/index.php\/wp-json\/wp\/v2\/comments?post=1036"}],"version-history":[{"count":8,"href":"https:\/\/site.educa.madrid.org\/cpm.adolfosalazar.madrid\/index.php\/wp-json\/wp\/v2\/pages\/1036\/revisions"}],"predecessor-version":[{"id":4349,"href":"https:\/\/site.educa.madrid.org\/cpm.adolfosalazar.madrid\/index.php\/wp-json\/wp\/v2\/pages\/1036\/revisions\/4349"}],"wp:attachment":[{"href":"https:\/\/site.educa.madrid.org\/cpm.adolfosalazar.madrid\/index.php\/wp-json\/wp\/v2\/media?parent=1036"}],"wp:term":[{"taxonomy":"folder","embeddable":true,"href":"https:\/\/site.educa.madrid.org\/cpm.adolfosalazar.madrid\/index.php\/wp-json\/wp\/v2\/folder?post=1036"}],"curies":[{"name":"wp","href":"https:\/\/api.w.org\/{rel}","templated":true}]}}