{"id":1205,"date":"2022-03-21T17:12:39","date_gmt":"2022-03-21T16:12:39","guid":{"rendered":"https:\/\/site.educa.madrid.org\/cpm.adolfosalazar.madrid\/?page_id=1205"},"modified":"2022-03-21T17:13:37","modified_gmt":"2022-03-21T16:13:37","slug":"joaquin-izquierdo-serrano","status":"publish","type":"page","link":"https:\/\/site.educa.madrid.org\/cpm.adolfosalazar.madrid\/index.php\/joaquin-izquierdo-serrano\/","title":{"rendered":"Joaqu\u00edn Izquierdo Serrano"},"content":{"rendered":"\n<div class=\"wp-block-columns is-layout-flex wp-container-core-columns-is-layout-9d6595d7 wp-block-columns-is-layout-flex\">\n<div class=\"wp-block-column is-layout-flow wp-block-column-is-layout-flow\" style=\"flex-basis:33.33%\">\n<figure class=\"wp-block-image size-large\"><img loading=\"lazy\" decoding=\"async\" width=\"276\" height=\"276\" src=\"https:\/\/site.educa.madrid.org\/cpm.adolfosalazar.madrid\/\/wp-content\/uploads\/cpm.adolfosalazar.madrid\/2022\/03\/joaquin.jpg\" alt=\"\" class=\"wp-image-978\" srcset=\"https:\/\/site.educa.madrid.org\/cpm.adolfosalazar.madrid\/\/wp-content\/uploads\/cpm.adolfosalazar.madrid\/2022\/03\/joaquin.jpg 276w, https:\/\/site.educa.madrid.org\/cpm.adolfosalazar.madrid\/\/wp-content\/uploads\/cpm.adolfosalazar.madrid\/2022\/03\/joaquin-150x150.jpg 150w, https:\/\/site.educa.madrid.org\/cpm.adolfosalazar.madrid\/\/wp-content\/uploads\/cpm.adolfosalazar.madrid\/2022\/03\/joaquin-250x250.jpg 250w, https:\/\/site.educa.madrid.org\/cpm.adolfosalazar.madrid\/\/wp-content\/uploads\/cpm.adolfosalazar.madrid\/2022\/03\/joaquin-100x100.jpg 100w\" sizes=\"auto, (max-width: 276px) 100vw, 276px\" \/><figcaption><strong>Asignaturas:<\/strong> Contrabajo y Conciencia Corporal<\/figcaption><\/figure>\n<\/div>\n\n\n\n<div class=\"wp-block-column is-layout-flow wp-block-column-is-layout-flow\" style=\"flex-basis:66.66%\">\n<p>Estudi\u00e9 Contrabajo, con Daniel Machado (Adolfo Salazar, Maddrid), Andrew Ackerman (Superior de Viena, Austria) y Gary Karr (Universidad de Victoria, Canad\u00e1).<br>He sido miembro fundador y solista, de la Orquesta de Jovenes la Comunidad de Madrid (JORCAM), asimismo he colaborado con asiduidad con la Orquesta Filarmon\u00eda (\u201cConciertazo\u201d), Sinf\u00f3nica de Radio Televisi\u00f3n Espa\u00f1ola (RTVE), dos temporadas completas, Orquesta de la Comunidad de Madrid (ORCAM), cuatro temporadas y diferentes formaciones de m\u00fasica de c\u00e1mara.<\/p>\n\n\n\n<p>Soy profesor de contrabajo, por oposici\u00f3n, del cuerpo de m\u00fasica y \u00e1rtes esc\u00e9nicas desde 1999.<\/p>\n\n\n\n<p>Tambi\u00e9n me form\u00e9 como Profesor de T\u00e9cnica Alexander (2011-2014), en la Escuela de Madrid de T\u00e9cnica Alexander \u201cEl mono y el Madro\u00f1o\u201d, con Simon Fitzgibbon, Andrea Beesley, Paul Burge y Marieta Simarro, entre otros. Desde entonces soy profesor de esta especialidad en del grado superior en M\u00fasica Moderna y Cl\u00e1sica de la Universidad Alfonso X El Sabio, Conservatorio Amaniel y centros de formaci\u00f3n del profesorado como \u201cLas Acacias\u201d. He impartido cursos de formaci\u00f3n a m\u00e1s de 100 profesores de todos los conservatorios de Madrid y la Escuela Superior de Canto. Ahora ense\u00f1o esta especialidad dentro de la asignatura Conciencia Corporal en el Conservatorio Adolfo Salazar<\/p>\n<\/div>\n<\/div>\n","protected":false},"excerpt":{"rendered":"<p>Estudi\u00e9 Contrabajo, con Daniel Machado (Adolfo Salazar, Maddrid), Andrew Ackerman (Superior de Viena, Austria) y Gary Karr (Universidad de Victoria, Canad\u00e1).He sido miembro fundador y solista, de la Orquesta de Jovenes la Comunidad de Madrid (JORCAM), asimismo he colaborado con asiduidad con la Orquesta Filarmon\u00eda (\u201cConciertazo\u201d), Sinf\u00f3nica de Radio Televisi\u00f3n Espa\u00f1ola (RTVE), dos temporadas completas,<\/p><\/div>\n<div class=\"blog-btn\"><a href=\"https:\/\/site.educa.madrid.org\/cpm.adolfosalazar.madrid\/index.php\/joaquin-izquierdo-serrano\/\" class=\"home-blog-btn\">Leer m\u00e1s<\/a><\/p>\n","protected":false},"author":3,"featured_media":0,"parent":0,"menu_order":0,"comment_status":"closed","ping_status":"closed","template":"page-templates\/page_fullwidth.php","meta":{"footnotes":""},"folder":[39],"class_list":["post-1205","page","type-page","status-publish","hentry"],"rttpg_featured_image_url":null,"rttpg_author":{"display_name":"cpm.adolfosalazar.madrid","author_link":"https:\/\/site.educa.madrid.org\/cpm.adolfosalazar.madrid\/index.php\/author\/cuenta_cpm-adolfosalazar-madrid\/"},"rttpg_comment":0,"rttpg_category":" <a href=\"https:\/\/site.educa.madrid.org\/cpm.adolfosalazar.madrid\/?taxonomy=folder&#038;term=bios-profesores-1679781238\" rel=\"tag\">Bios Profesores<\/a>","rttpg_excerpt":"Estudi\u00e9 Contrabajo, con Daniel Machado (Adolfo Salazar, Maddrid), Andrew Ackerman (Superior de Viena, Austria) y Gary Karr (Universidad de Victoria, Canad\u00e1).He sido miembro fundador y solista, de la Orquesta de Jovenes la Comunidad de Madrid (JORCAM), asimismo he colaborado con asiduidad con la Orquesta Filarmon\u00eda (\u201cConciertazo\u201d), Sinf\u00f3nica de Radio Televisi\u00f3n Espa\u00f1ola (RTVE), dos temporadas completas,Leer&hellip;","post_mailing_queue_ids":[],"_links":{"self":[{"href":"https:\/\/site.educa.madrid.org\/cpm.adolfosalazar.madrid\/index.php\/wp-json\/wp\/v2\/pages\/1205","targetHints":{"allow":["GET"]}}],"collection":[{"href":"https:\/\/site.educa.madrid.org\/cpm.adolfosalazar.madrid\/index.php\/wp-json\/wp\/v2\/pages"}],"about":[{"href":"https:\/\/site.educa.madrid.org\/cpm.adolfosalazar.madrid\/index.php\/wp-json\/wp\/v2\/types\/page"}],"author":[{"embeddable":true,"href":"https:\/\/site.educa.madrid.org\/cpm.adolfosalazar.madrid\/index.php\/wp-json\/wp\/v2\/users\/3"}],"replies":[{"embeddable":true,"href":"https:\/\/site.educa.madrid.org\/cpm.adolfosalazar.madrid\/index.php\/wp-json\/wp\/v2\/comments?post=1205"}],"version-history":[{"count":2,"href":"https:\/\/site.educa.madrid.org\/cpm.adolfosalazar.madrid\/index.php\/wp-json\/wp\/v2\/pages\/1205\/revisions"}],"predecessor-version":[{"id":1207,"href":"https:\/\/site.educa.madrid.org\/cpm.adolfosalazar.madrid\/index.php\/wp-json\/wp\/v2\/pages\/1205\/revisions\/1207"}],"wp:attachment":[{"href":"https:\/\/site.educa.madrid.org\/cpm.adolfosalazar.madrid\/index.php\/wp-json\/wp\/v2\/media?parent=1205"}],"wp:term":[{"taxonomy":"folder","embeddable":true,"href":"https:\/\/site.educa.madrid.org\/cpm.adolfosalazar.madrid\/index.php\/wp-json\/wp\/v2\/folder?post=1205"}],"curies":[{"name":"wp","href":"https:\/\/api.w.org\/{rel}","templated":true}]}}