{"id":3898,"date":"2023-10-08T23:25:35","date_gmt":"2023-10-08T21:25:35","guid":{"rendered":"https:\/\/site.educa.madrid.org\/cpm.adolfosalazar.madrid\/?page_id=3898"},"modified":"2025-11-13T12:34:27","modified_gmt":"2025-11-13T11:34:27","slug":"anabel-vilaro-colaianni","status":"publish","type":"page","link":"https:\/\/site.educa.madrid.org\/cpm.adolfosalazar.madrid\/index.php\/anabel-vilaro-colaianni\/","title":{"rendered":"Anabell Vilar\u00f3 Colaianni"},"content":{"rendered":"\n<div class=\"wp-block-columns is-layout-flex wp-container-core-columns-is-layout-9d6595d7 wp-block-columns-is-layout-flex\">\n<div class=\"wp-block-column is-layout-flow wp-block-column-is-layout-flow\" style=\"flex-basis:33.33%\">\n<figure class=\"wp-block-image size-full is-style-rounded\"><img loading=\"lazy\" decoding=\"async\" width=\"660\" height=\"990\" src=\"https:\/\/site.educa.madrid.org\/cpm.adolfosalazar.madrid\/\/wp-content\/uploads\/cpm.adolfosalazar.madrid\/2023\/10\/vilaroAnabel.jpg\" alt=\"\" class=\"wp-image-3902\" srcset=\"https:\/\/site.educa.madrid.org\/cpm.adolfosalazar.madrid\/\/wp-content\/uploads\/cpm.adolfosalazar.madrid\/2023\/10\/vilaroAnabel.jpg 660w, https:\/\/site.educa.madrid.org\/cpm.adolfosalazar.madrid\/\/wp-content\/uploads\/cpm.adolfosalazar.madrid\/2023\/10\/vilaroAnabel-200x300.jpg 200w, https:\/\/site.educa.madrid.org\/cpm.adolfosalazar.madrid\/\/wp-content\/uploads\/cpm.adolfosalazar.madrid\/2023\/10\/vilaroAnabel-520x780.jpg 520w, https:\/\/site.educa.madrid.org\/cpm.adolfosalazar.madrid\/\/wp-content\/uploads\/cpm.adolfosalazar.madrid\/2023\/10\/vilaroAnabel-360x540.jpg 360w, https:\/\/site.educa.madrid.org\/cpm.adolfosalazar.madrid\/\/wp-content\/uploads\/cpm.adolfosalazar.madrid\/2023\/10\/vilaroAnabel-250x375.jpg 250w, https:\/\/site.educa.madrid.org\/cpm.adolfosalazar.madrid\/\/wp-content\/uploads\/cpm.adolfosalazar.madrid\/2023\/10\/vilaroAnabel-100x150.jpg 100w\" sizes=\"auto, (max-width: 660px) 100vw, 660px\" \/><\/figure>\n<\/div>\n\n\n\n<div class=\"wp-block-column is-layout-flow wp-block-column-is-layout-flow\" style=\"flex-basis:66.66%\">\n<p>Anabell Estefan\u00eda Vilar\u00f3 Colaianni comenz\u00f3 sus estudios de piano en el Conservatorio Profesional de M\u00fasica \u201cAmaniel\u201d de Madrid de la mano de Mercedes Lecea Machado y obtuvo los T\u00edtulos Superiores en la especialidad de Clave con Alberto Mart\u00ednez Molina y Pedagog\u00eda del Lenguaje Musical con catedr\u00e1ticos tan relevantes como Encarnaci\u00f3n L\u00f3pez de Arenosa, Ana Mar\u00eda Navarrete Porta y F\u00e9lix Sierra Iturriaga. Ambas titulaciones expedidas por en el Real Conservatorio Superior de M\u00fasica de Madrid.<\/p>\n\n\n\n<p>En relaci\u00f3n con sus dos especialidades, recibe clases por los maestros clavecinistas Richard Egarr, Jacques Ogg y Jordan Fumad\u00f3; as\u00ed como numerosa formaci\u00f3n en pedagog\u00eda del lenguaje musical entre la que destacan sus estudios en R\u00edtmica Jaques-Dalcroze, metodolog\u00eda Orff-Wuytack y aplicaci\u00f3n de distintas culturas musicales al aula impartido por el c\u00e9lebre etnomusic\u00f3logo, compositor y pedagogo Polo Vallejo.<\/p>\n\n\n\n<p>Como clavecinista destacan sus colaboraciones con la Orquesta Barroca del Conservatorio Profesional de M\u00fasica M\u00fasico Zyriab dirigida por Jos\u00e9 Manuel Navarro y la O.C. Orquesta de C\u00f3rdoba dirigida por Lorenzo Ramos con la que realiz\u00f3 la grabaci\u00f3n del cd de recuperaci\u00f3n del Patrimonio Hist\u00f3rico Musical de C\u00f3rdoba con obras de Conde Fern\u00e1n N\u00fa\u00f1ez y Jaime Balius.<\/p>\n\n\n\n<p>Imparte docencia como funcionaria de carrera por distintos conservatorios profesionales de la geograf\u00eda espa\u00f1ola como el C.P.M. \u201cM\u00fasico Zyriab\u201d de C\u00f3rdoba o el C.P.M. \u201cSebasti\u00e1n Dur\u00f3n\u201d de Guadalajara asumiendo los cargos tanto de jefatura de departamento como de profesora de lenguaje musical. Del mismo modo realiza su labor docente durante cinco a\u00f1os en el Conservatorio Profesional de Danza \u201cLuis del R\u00edo\u201d de C\u00f3rdoba donde tiene la oportunidad de enriquecer sus metodolog\u00edas en la ense\u00f1anza del lenguaje musical.<\/p>\n\n\n\n<p>Adem\u00e1s de su experiencia y formaci\u00f3n musical goza de otra vertiente relacionada con la Educaci\u00f3n puramente, ya que posee el t\u00edtulo de Maestra especialidad de m\u00fasica por la Universidad Aut\u00f3noma de Madrid (con el que obtiene el t\u00edtulo como funcionaria de carrera en el cuerpo de maestros a\u00f1o 2003 en la Comunidad de Madrid), el t\u00edtulo de M\u00e1ster en Neuropsicolog\u00eda y Educaci\u00f3n por la Universidad Internacional de La Rioja y actualmente cursa su segundo a\u00f1o de Doctorado en Investigaci\u00f3n en Humanidades, Artes y Educaci\u00f3n por la Universidad de Castilla-La Mancha. Su experiencia investigadora se ve materializada en la publicaci\u00f3n de su art\u00edculo <em>\u201cHabilidades musicales, funciones ejecutivas y autorregulaci\u00f3n en el aprendizaje musical de alumnos con trastornos del espectro autista de entre 8 y 12 a\u00f1os\u201d <\/em>en la revista digital indexada Artseduca scopus Q2. As\u00ed como la publicaci\u00f3n del abstract y p\u00f3ster cient\u00edfico&nbsp;<em>\u201cEl cerebro del autismo en el aprendizaje musical profesional\u201d<\/em>&nbsp;dentro del 5\u00ba Congreso Interdisciplinar sobre Artes en la Educaci\u00f3n&nbsp;\u2013CIVAE 2023\u2013.<\/p>\n<\/div>\n<\/div>\n","protected":false},"excerpt":{"rendered":"<p>Anabell Estefan\u00eda Vilar\u00f3 Colaianni comenz\u00f3 sus estudios de piano en el Conservatorio Profesional de M\u00fasica \u201cAmaniel\u201d de Madrid de la mano de Mercedes Lecea Machado y obtuvo los T\u00edtulos Superiores en la especialidad de Clave con Alberto Mart\u00ednez Molina y Pedagog\u00eda del Lenguaje Musical con catedr\u00e1ticos tan relevantes como Encarnaci\u00f3n L\u00f3pez de Arenosa, Ana Mar\u00eda<\/p><\/div>\n<div class=\"blog-btn\"><a href=\"https:\/\/site.educa.madrid.org\/cpm.adolfosalazar.madrid\/index.php\/anabel-vilaro-colaianni\/\" class=\"home-blog-btn\">Leer m\u00e1s<\/a><\/p>\n","protected":false},"author":2,"featured_media":0,"parent":0,"menu_order":0,"comment_status":"closed","ping_status":"closed","template":"","meta":{"footnotes":""},"folder":[],"class_list":["post-3898","page","type-page","status-publish","hentry"],"rttpg_featured_image_url":null,"rttpg_author":{"display_name":"tic.cpm.adolfosalazar.madrid","author_link":"https:\/\/site.educa.madrid.org\/cpm.adolfosalazar.madrid\/index.php\/author\/cuenta_tic-cpm-adolfosalazar-madrid\/"},"rttpg_comment":0,"rttpg_category":false,"rttpg_excerpt":"Anabell Estefan\u00eda Vilar\u00f3 Colaianni comenz\u00f3 sus estudios de piano en el Conservatorio Profesional de M\u00fasica \u201cAmaniel\u201d de Madrid de la mano de Mercedes Lecea Machado y obtuvo los T\u00edtulos Superiores en la especialidad de Clave con Alberto Mart\u00ednez Molina y Pedagog\u00eda del Lenguaje Musical con catedr\u00e1ticos tan relevantes como Encarnaci\u00f3n L\u00f3pez de Arenosa, Ana Mar\u00edaLeer&hellip;","post_mailing_queue_ids":[],"_links":{"self":[{"href":"https:\/\/site.educa.madrid.org\/cpm.adolfosalazar.madrid\/index.php\/wp-json\/wp\/v2\/pages\/3898","targetHints":{"allow":["GET"]}}],"collection":[{"href":"https:\/\/site.educa.madrid.org\/cpm.adolfosalazar.madrid\/index.php\/wp-json\/wp\/v2\/pages"}],"about":[{"href":"https:\/\/site.educa.madrid.org\/cpm.adolfosalazar.madrid\/index.php\/wp-json\/wp\/v2\/types\/page"}],"author":[{"embeddable":true,"href":"https:\/\/site.educa.madrid.org\/cpm.adolfosalazar.madrid\/index.php\/wp-json\/wp\/v2\/users\/2"}],"replies":[{"embeddable":true,"href":"https:\/\/site.educa.madrid.org\/cpm.adolfosalazar.madrid\/index.php\/wp-json\/wp\/v2\/comments?post=3898"}],"version-history":[{"count":3,"href":"https:\/\/site.educa.madrid.org\/cpm.adolfosalazar.madrid\/index.php\/wp-json\/wp\/v2\/pages\/3898\/revisions"}],"predecessor-version":[{"id":6126,"href":"https:\/\/site.educa.madrid.org\/cpm.adolfosalazar.madrid\/index.php\/wp-json\/wp\/v2\/pages\/3898\/revisions\/6126"}],"wp:attachment":[{"href":"https:\/\/site.educa.madrid.org\/cpm.adolfosalazar.madrid\/index.php\/wp-json\/wp\/v2\/media?parent=3898"}],"wp:term":[{"taxonomy":"folder","embeddable":true,"href":"https:\/\/site.educa.madrid.org\/cpm.adolfosalazar.madrid\/index.php\/wp-json\/wp\/v2\/folder?post=3898"}],"curies":[{"name":"wp","href":"https:\/\/api.w.org\/{rel}","templated":true}]}}