{"id":5043,"date":"2024-10-16T12:03:28","date_gmt":"2024-10-16T10:03:28","guid":{"rendered":"https:\/\/site.educa.madrid.org\/cpm.adolfosalazar.madrid\/?page_id=5043"},"modified":"2024-10-16T12:03:28","modified_gmt":"2024-10-16T10:03:28","slug":"alvaro-arias","status":"publish","type":"page","link":"https:\/\/site.educa.madrid.org\/cpm.adolfosalazar.madrid\/index.php\/alvaro-arias\/","title":{"rendered":"\u00c1lvaro Arias"},"content":{"rendered":"\n<div class=\"wp-block-columns is-layout-flex wp-container-core-columns-is-layout-9d6595d7 wp-block-columns-is-layout-flex\">\n<div class=\"wp-block-column is-layout-flow wp-block-column-is-layout-flow\" style=\"flex-basis:33.33%\">\n<figure class=\"wp-block-image size-large\"><img loading=\"lazy\" decoding=\"async\" width=\"683\" height=\"1024\" src=\"https:\/\/site.educa.madrid.org\/cpm.adolfosalazar.madrid\/\/wp-content\/uploads\/cpm.adolfosalazar.madrid\/2024\/10\/Alvaro-Arias-foto-683x1024.jpg\" alt=\"\" class=\"wp-image-5044\" srcset=\"https:\/\/site.educa.madrid.org\/cpm.adolfosalazar.madrid\/\/wp-content\/uploads\/cpm.adolfosalazar.madrid\/2024\/10\/Alvaro-Arias-foto-683x1024.jpg 683w, https:\/\/site.educa.madrid.org\/cpm.adolfosalazar.madrid\/\/wp-content\/uploads\/cpm.adolfosalazar.madrid\/2024\/10\/Alvaro-Arias-foto-200x300.jpg 200w, https:\/\/site.educa.madrid.org\/cpm.adolfosalazar.madrid\/\/wp-content\/uploads\/cpm.adolfosalazar.madrid\/2024\/10\/Alvaro-Arias-foto-768x1152.jpg 768w, https:\/\/site.educa.madrid.org\/cpm.adolfosalazar.madrid\/\/wp-content\/uploads\/cpm.adolfosalazar.madrid\/2024\/10\/Alvaro-Arias-foto-1024x1536.jpg 1024w, https:\/\/site.educa.madrid.org\/cpm.adolfosalazar.madrid\/\/wp-content\/uploads\/cpm.adolfosalazar.madrid\/2024\/10\/Alvaro-Arias-foto-1365x2048.jpg 1365w, https:\/\/site.educa.madrid.org\/cpm.adolfosalazar.madrid\/\/wp-content\/uploads\/cpm.adolfosalazar.madrid\/2024\/10\/Alvaro-Arias-foto-scaled.jpg 1707w\" sizes=\"auto, (max-width: 683px) 100vw, 683px\" \/><figcaption class=\"wp-element-caption\"><strong>Asignaturas: <\/strong>Saxof\u00f3n<\/figcaption><\/figure>\n<\/div>\n\n\n\n<div class=\"wp-block-column is-layout-flow wp-block-column-is-layout-flow\" style=\"flex-basis:66.66%\">\n<p>Nacido en Madrid, comienza sus estudios musicales a los 13 a\u00f1os bajo la tutela de Pedro Esparza y Patxi Pascual en la Escuela de M\u00fasica Creativa de Madrid.<\/p>\n\n\n\n<p>Entre 2005 y 2011 cursa el Grado Profesional en el Conservatorio Profesional de M\u00fasica \u201cAmaniel\u201d de Madrid con el maestro \u00c1ngel Luis de la Rosa, obteniendo matr\u00edcula de Honor en saxof\u00f3n en el final de dichos estudios.<\/p>\n\n\n\n<p>En 2012 es admitido en el Conservatorio Superior de las Islas Baleares, donde ampl\u00eda su formaci\u00f3n con figuras de gran reconocimiento a nivel internacional como Yuko Mizutani, David Brutti, Mario Caroli, Cristian Lauba, Richar Ducros, Marcus Weiss, Marie-Bernardette Charrier, Fran\u00e7ois Ross\u00e9, Etienne Rolain, Lars Mlekusch, Jeff Vickers, Carl-Emmanuel Fisbach, Daniel Gauthier o Jean-Marie Londeix. Estudios que finaliza en junio de 2015 obteniendo matr\u00edcula de honor la especialidad saxof\u00f3n y m\u00fasica de c\u00e1mara.<\/p>\n\n\n\n<p>Un a\u00f1o m\u00e1s tarde se traslada a Colonia (Alemania) para estudiar el Master de interpretaci\u00f3n (\u201cSolo-Saxophon\u201d) en la prestigiosa \u201cHochschule f\u00fcr Musik und Tanz K\u00f6ln\u201d (Colonia) con el profesor Daniel Gauthier, acabando en junio de 2018 con la m\u00e1s alta puntuaci\u00f3n, matr\u00edcula de honor (1.0).<\/p>\n\n\n\n<p>Siempre interesado por la m\u00fasica moderna, en 2018 es aceptado en la misma Universidad para cursar los estudios superiores en interpretaci\u00f3n de Jazz con los profesores Roger Hanschel, Niels Klein y Claudius Valk, los cuales finaliza en septiembre de 2021.<\/p>\n\n\n\n<p>Comprometido con el desarrollo y la investigaci\u00f3n de la m\u00fasica de c\u00e1mara, lleva a cabo una gran actividad con Thesis Quartet, realizando conciertos por toda la geograf\u00eda espa\u00f1ola y obteniendo distinciones en diferentes concursos de talla nacional e internacional. Entre sus galardones se encuentran: el 1\u00ba Premio en la 1st International Competition \u201cMusic in the Vineyards\u201d 2019, el 1\u00ba Premio en la XVII edici\u00f3n del Concurso Internacional de M\u00fasica de C\u00e1mara \u201cCituat de Vinar\u00f2s\u201d el 1\u00ba Premio en el V Concurso Internacional de M\u00fasica de C\u00e1mara \u201cCiutat de Burriana\u201d, el 2\u00ba Premio en el XVI Concurso Internacional de M\u00fasica de C\u00e1mara \u201cCiutat de Vinar\u00f2s\u201d y la Menci\u00f3n de Honor recibida en el III Concurso Internacional de C\u00e1mara \u201cAnt\u00f3n Garc\u00eda Abril\u201d.<\/p>\n\n\n\n<p>Durante su etapa en Alemania colabora en diferentes formaciones como Saxophonieta K\u00f6ln, Forseti Quartet, Saxofourte quartet o Xenon Quartet, residentes en Colonia, con los cuales ha grabado su primer CD \u201cDedicated to\u201d.<\/p>\n\n\n\n<p>Ha colaborado con diversas orquestas alemanas tales como la Staatsorchester Rheinische Philarmonie de Koblenz, la Landespolizeiorchester NRW o la \u201cJunge Deutsche Philarmonie\u201d en su tour de invierno 2017\/2018, con la cual ha tocado en algunas de las m\u00e1s prestigiosas salas de toda Europa, como la K\u00f6lner Philarmonie de Colonia, la Elbphilarmonie de Hamburgo, el Alte Oper de Frankfurt o el Musikverein de Viena.<\/p>\n\n\n\n<p>Dentro el \u00e1mbito pedag\u00f3gico forma parte del cuerpo de profesores de m\u00fasica de la Comunidad de Madrid desde 2023. Adem\u00e1s, ha impartido tambi\u00e9n cursos y masterclass en Espa\u00f1a y Alemania, tales como el Encontro Galego do Saxof\u00f3n 2024, el Curso Nacional de Saxof\u00f3n de Mea\u00f1o 2022 (Galicia), Saxtotal 2022 (Heinsberg), Meisterkurs Kreismusikschule Dreil\u00e4ndereck 2022 (Zittau), Saxophonia 2022 (Bad Krozingen), Curso de Verano de la Escuela de M\u00fasica Municipal de Mea\u00f1o 2020 (Galicia) o el Curso Thesis Quartet 2019 (Valga). Desde 2023 forma parte del proyecto Madrid Sax Academy con el cual promueve el desarrollo del saxof\u00f3n en la capital a trav\u00e9s de masterclasses, conferencias y conciertos.<\/p>\n<\/div>\n<\/div>\n","protected":false},"excerpt":{"rendered":"<p>Nacido en Madrid, comienza sus estudios musicales a los 13 a\u00f1os bajo la tutela de Pedro Esparza y Patxi Pascual en la Escuela de M\u00fasica Creativa de Madrid. Entre 2005 y 2011 cursa el Grado Profesional en el Conservatorio Profesional de M\u00fasica \u201cAmaniel\u201d de Madrid con el maestro \u00c1ngel Luis de la Rosa, obteniendo matr\u00edcula<\/p><\/div>\n<div class=\"blog-btn\"><a href=\"https:\/\/site.educa.madrid.org\/cpm.adolfosalazar.madrid\/index.php\/alvaro-arias\/\" class=\"home-blog-btn\">Leer m\u00e1s<\/a><\/p>\n","protected":false},"author":3,"featured_media":0,"parent":0,"menu_order":0,"comment_status":"closed","ping_status":"closed","template":"page-templates\/page_fullwidth.php","meta":{"footnotes":""},"folder":[39],"class_list":["post-5043","page","type-page","status-publish","hentry"],"rttpg_featured_image_url":null,"rttpg_author":{"display_name":"cpm.adolfosalazar.madrid","author_link":"https:\/\/site.educa.madrid.org\/cpm.adolfosalazar.madrid\/index.php\/author\/cuenta_cpm-adolfosalazar-madrid\/"},"rttpg_comment":0,"rttpg_category":" <a href=\"https:\/\/site.educa.madrid.org\/cpm.adolfosalazar.madrid\/?taxonomy=folder&#038;term=bios-profesores-1679781238\" rel=\"tag\">Bios Profesores<\/a>","rttpg_excerpt":"Nacido en Madrid, comienza sus estudios musicales a los 13 a\u00f1os bajo la tutela de Pedro Esparza y Patxi Pascual en la Escuela de M\u00fasica Creativa de Madrid. Entre 2005 y 2011 cursa el Grado Profesional en el Conservatorio Profesional de M\u00fasica \u201cAmaniel\u201d de Madrid con el maestro \u00c1ngel Luis de la Rosa, obteniendo matr\u00edculaLeer&hellip;","post_mailing_queue_ids":[],"_links":{"self":[{"href":"https:\/\/site.educa.madrid.org\/cpm.adolfosalazar.madrid\/index.php\/wp-json\/wp\/v2\/pages\/5043","targetHints":{"allow":["GET"]}}],"collection":[{"href":"https:\/\/site.educa.madrid.org\/cpm.adolfosalazar.madrid\/index.php\/wp-json\/wp\/v2\/pages"}],"about":[{"href":"https:\/\/site.educa.madrid.org\/cpm.adolfosalazar.madrid\/index.php\/wp-json\/wp\/v2\/types\/page"}],"author":[{"embeddable":true,"href":"https:\/\/site.educa.madrid.org\/cpm.adolfosalazar.madrid\/index.php\/wp-json\/wp\/v2\/users\/3"}],"replies":[{"embeddable":true,"href":"https:\/\/site.educa.madrid.org\/cpm.adolfosalazar.madrid\/index.php\/wp-json\/wp\/v2\/comments?post=5043"}],"version-history":[{"count":1,"href":"https:\/\/site.educa.madrid.org\/cpm.adolfosalazar.madrid\/index.php\/wp-json\/wp\/v2\/pages\/5043\/revisions"}],"predecessor-version":[{"id":5045,"href":"https:\/\/site.educa.madrid.org\/cpm.adolfosalazar.madrid\/index.php\/wp-json\/wp\/v2\/pages\/5043\/revisions\/5045"}],"wp:attachment":[{"href":"https:\/\/site.educa.madrid.org\/cpm.adolfosalazar.madrid\/index.php\/wp-json\/wp\/v2\/media?parent=5043"}],"wp:term":[{"taxonomy":"folder","embeddable":true,"href":"https:\/\/site.educa.madrid.org\/cpm.adolfosalazar.madrid\/index.php\/wp-json\/wp\/v2\/folder?post=5043"}],"curies":[{"name":"wp","href":"https:\/\/api.w.org\/{rel}","templated":true}]}}