{"id":5060,"date":"2024-10-16T12:24:32","date_gmt":"2024-10-16T10:24:32","guid":{"rendered":"https:\/\/site.educa.madrid.org\/cpm.adolfosalazar.madrid\/?page_id=5060"},"modified":"2024-10-16T12:26:03","modified_gmt":"2024-10-16T10:26:03","slug":"jose-davila","status":"publish","type":"page","link":"https:\/\/site.educa.madrid.org\/cpm.adolfosalazar.madrid\/index.php\/jose-davila\/","title":{"rendered":"Jos\u00e9 D\u00e1vila"},"content":{"rendered":"\n<div class=\"wp-block-columns is-layout-flex wp-container-core-columns-is-layout-9d6595d7 wp-block-columns-is-layout-flex\">\n<div class=\"wp-block-column is-layout-flow wp-block-column-is-layout-flow\" style=\"flex-basis:33.33%\">\n<figure class=\"wp-block-image size-large\"><img loading=\"lazy\" decoding=\"async\" width=\"683\" height=\"1024\" src=\"https:\/\/site.educa.madrid.org\/cpm.adolfosalazar.madrid\/\/wp-content\/uploads\/cpm.adolfosalazar.madrid\/2024\/10\/Jose-Davila-foto-683x1024.jpeg\" alt=\"\" class=\"wp-image-5061\" srcset=\"https:\/\/site.educa.madrid.org\/cpm.adolfosalazar.madrid\/\/wp-content\/uploads\/cpm.adolfosalazar.madrid\/2024\/10\/Jose-Davila-foto-683x1024.jpeg 683w, https:\/\/site.educa.madrid.org\/cpm.adolfosalazar.madrid\/\/wp-content\/uploads\/cpm.adolfosalazar.madrid\/2024\/10\/Jose-Davila-foto-200x300.jpeg 200w, https:\/\/site.educa.madrid.org\/cpm.adolfosalazar.madrid\/\/wp-content\/uploads\/cpm.adolfosalazar.madrid\/2024\/10\/Jose-Davila-foto-768x1152.jpeg 768w, https:\/\/site.educa.madrid.org\/cpm.adolfosalazar.madrid\/\/wp-content\/uploads\/cpm.adolfosalazar.madrid\/2024\/10\/Jose-Davila-foto-1024x1536.jpeg 1024w, https:\/\/site.educa.madrid.org\/cpm.adolfosalazar.madrid\/\/wp-content\/uploads\/cpm.adolfosalazar.madrid\/2024\/10\/Jose-Davila-foto-1366x2048.jpeg 1366w, https:\/\/site.educa.madrid.org\/cpm.adolfosalazar.madrid\/\/wp-content\/uploads\/cpm.adolfosalazar.madrid\/2024\/10\/Jose-Davila-foto-scaled.jpeg 1707w\" sizes=\"auto, (max-width: 683px) 100vw, 683px\" \/><figcaption class=\"wp-element-caption\"><strong>Asignaturas: <\/strong>Clarinete<\/figcaption><\/figure>\n<\/div>\n\n\n\n<div class=\"wp-block-column is-layout-flow wp-block-column-is-layout-flow\" style=\"flex-basis:66.66%\">\n<p>Titulado Superior en las especialidades de clarinete (matr\u00edcula de honor en 2006) y pedagog\u00eda del clarinete (2008) por el RCSMM. Master de Interpretaci\u00f3n e investigaci\u00f3n musical por la Universidad Internacional de Valencia (2018). Su amplia formaci\u00f3n y experiencia en materia pedag\u00f3gica y did\u00e1ctica en el \u00e1mbito musical, le ha llevado a impartir numerosas formaciones por todo el territorio espa\u00f1ol.<\/p>\n\n\n\n<p>Ha pertenecido y colaborado con orquestas como, Orquesta de la Escuela Superior de M\u00fasica Reina Sof\u00eda, Orquesta Cl\u00e1sica Santa Cecilia, Orquesta de la Comunidad de Madrid, Orquesta Sinf\u00f3nica RTVE, Orquesta Sinf\u00f3nica de Castilla y Le\u00f3n y la Banda Sinf\u00f3nica Municipal de Madrid, entre otras.<\/p>\n\n\n\n<p>A su vez compagina su formaci\u00f3n como director de orquesta destacando &nbsp;la participaci\u00f3n como director asistente de Miguel Romea en la Joven Orquesta de Extremadura, director titular de la Orquesta Klassic Nova, director de la Banda del CPM Amaniel, director de la Orquesta \u201cJuan Cris\u00f3stomo Arriaga\u201d de Majadahonda y director de la Banda Municipal de Majadahonda. Obtuvo los premios a la mejor banda del Festival Internacional Juvenil 2013-Espa\u00f1a, y mejor interpretaci\u00f3n en el mismo festival en el a\u00f1o 2014 con la banda del CPM Amaniel. Entre sus actuaciones, cabe destacar sus conciertos en el Auditorio Nacional de M\u00fasica de Madrid, Teatros del Canal, Teatro Auditorio del Escorial, Teatro Buero Vallejo de Alcorc\u00f3n, entre otros.&nbsp;<\/p>\n\n\n\n<p>En su labor como solista ha interpretado el&nbsp;<em>concierto no1 de Weber&nbsp;<\/em>en el teatro Buero Vallejo de Alcorc\u00f3n,&nbsp;<em>Concierto n\u00ba1 en Fa Mayor de C.Stamitz&nbsp;<\/em>en el auditorio Alfredo Kraus de Majadahonda,&nbsp;<em>Introducci\u00f3n, Andante y Danza de Men\u00e9ndez<\/em>, en la Real Casa de la Moneda y Timbre, y&nbsp;<em>Rapsodia de Debussy&nbsp;<\/em>en el Auditorio Nacional de M\u00fasica de Madrid.&nbsp;<\/p>\n\n\n\n<p>Ingres\u00f3 como profesor de clarinete y director de orquesta de la Escuela Municipal de M\u00fasica \u201cEnrique Granados\u201d de Majadahonda, durante los a\u00f1os 2003 a 2008, fundando la Banda Municipal del mismo municipio.<\/p>\n\n\n\n<p>En el 2008 ingres\u00f3 en el cuerpo de profesores de M\u00fasica y Artes Esc\u00e9nicas en la Comunidad de Madrid, ejerciendo actualmente su labor como Profesor de Clarinete en el Conservatorio Profesional Adolfo Salazar.<\/p>\n<\/div>\n<\/div>\n","protected":false},"excerpt":{"rendered":"<p>Titulado Superior en las especialidades de clarinete (matr\u00edcula de honor en 2006) y pedagog\u00eda del clarinete (2008) por el RCSMM. Master de Interpretaci\u00f3n e investigaci\u00f3n musical por la Universidad Internacional de Valencia (2018). Su amplia formaci\u00f3n y experiencia en materia pedag\u00f3gica y did\u00e1ctica en el \u00e1mbito musical, le ha llevado a impartir numerosas formaciones por<\/p><\/div>\n<div class=\"blog-btn\"><a href=\"https:\/\/site.educa.madrid.org\/cpm.adolfosalazar.madrid\/index.php\/jose-davila\/\" class=\"home-blog-btn\">Leer m\u00e1s<\/a><\/p>\n","protected":false},"author":3,"featured_media":0,"parent":0,"menu_order":0,"comment_status":"closed","ping_status":"closed","template":"page-templates\/page_fullwidth.php","meta":{"footnotes":""},"folder":[39],"class_list":["post-5060","page","type-page","status-publish","hentry"],"rttpg_featured_image_url":null,"rttpg_author":{"display_name":"cpm.adolfosalazar.madrid","author_link":"https:\/\/site.educa.madrid.org\/cpm.adolfosalazar.madrid\/index.php\/author\/cuenta_cpm-adolfosalazar-madrid\/"},"rttpg_comment":0,"rttpg_category":" <a href=\"https:\/\/site.educa.madrid.org\/cpm.adolfosalazar.madrid\/?taxonomy=folder&#038;term=bios-profesores-1679781238\" rel=\"tag\">Bios Profesores<\/a>","rttpg_excerpt":"Titulado Superior en las especialidades de clarinete (matr\u00edcula de honor en 2006) y pedagog\u00eda del clarinete (2008) por el RCSMM. Master de Interpretaci\u00f3n e investigaci\u00f3n musical por la Universidad Internacional de Valencia (2018). Su amplia formaci\u00f3n y experiencia en materia pedag\u00f3gica y did\u00e1ctica en el \u00e1mbito musical, le ha llevado a impartir numerosas formaciones porLeer&hellip;","post_mailing_queue_ids":[],"_links":{"self":[{"href":"https:\/\/site.educa.madrid.org\/cpm.adolfosalazar.madrid\/index.php\/wp-json\/wp\/v2\/pages\/5060","targetHints":{"allow":["GET"]}}],"collection":[{"href":"https:\/\/site.educa.madrid.org\/cpm.adolfosalazar.madrid\/index.php\/wp-json\/wp\/v2\/pages"}],"about":[{"href":"https:\/\/site.educa.madrid.org\/cpm.adolfosalazar.madrid\/index.php\/wp-json\/wp\/v2\/types\/page"}],"author":[{"embeddable":true,"href":"https:\/\/site.educa.madrid.org\/cpm.adolfosalazar.madrid\/index.php\/wp-json\/wp\/v2\/users\/3"}],"replies":[{"embeddable":true,"href":"https:\/\/site.educa.madrid.org\/cpm.adolfosalazar.madrid\/index.php\/wp-json\/wp\/v2\/comments?post=5060"}],"version-history":[{"count":1,"href":"https:\/\/site.educa.madrid.org\/cpm.adolfosalazar.madrid\/index.php\/wp-json\/wp\/v2\/pages\/5060\/revisions"}],"predecessor-version":[{"id":5062,"href":"https:\/\/site.educa.madrid.org\/cpm.adolfosalazar.madrid\/index.php\/wp-json\/wp\/v2\/pages\/5060\/revisions\/5062"}],"wp:attachment":[{"href":"https:\/\/site.educa.madrid.org\/cpm.adolfosalazar.madrid\/index.php\/wp-json\/wp\/v2\/media?parent=5060"}],"wp:term":[{"taxonomy":"folder","embeddable":true,"href":"https:\/\/site.educa.madrid.org\/cpm.adolfosalazar.madrid\/index.php\/wp-json\/wp\/v2\/folder?post=5060"}],"curies":[{"name":"wp","href":"https:\/\/api.w.org\/{rel}","templated":true}]}}