{"id":5072,"date":"2024-10-17T11:58:35","date_gmt":"2024-10-17T09:58:35","guid":{"rendered":"https:\/\/site.educa.madrid.org\/cpm.adolfosalazar.madrid\/?page_id=5072"},"modified":"2024-10-17T12:01:09","modified_gmt":"2024-10-17T10:01:09","slug":"cristina-campo-quiralte","status":"publish","type":"page","link":"https:\/\/site.educa.madrid.org\/cpm.adolfosalazar.madrid\/index.php\/cristina-campo-quiralte\/","title":{"rendered":"Cristina Campo Quiralte"},"content":{"rendered":"\n<div class=\"wp-block-columns is-layout-flex wp-container-core-columns-is-layout-9d6595d7 wp-block-columns-is-layout-flex\">\n<div class=\"wp-block-column is-layout-flow wp-block-column-is-layout-flow\" style=\"flex-basis:33.33%\">\n<figure class=\"wp-block-image size-large\"><img loading=\"lazy\" decoding=\"async\" width=\"1000\" height=\"1024\" src=\"https:\/\/site.educa.madrid.org\/cpm.adolfosalazar.madrid\/\/wp-content\/uploads\/cpm.adolfosalazar.madrid\/2024\/10\/Cristina-Campo-foto1-1-1000x1024.jpg\" alt=\"\" class=\"wp-image-5074\" srcset=\"https:\/\/site.educa.madrid.org\/cpm.adolfosalazar.madrid\/\/wp-content\/uploads\/cpm.adolfosalazar.madrid\/2024\/10\/Cristina-Campo-foto1-1-1000x1024.jpg 1000w, https:\/\/site.educa.madrid.org\/cpm.adolfosalazar.madrid\/\/wp-content\/uploads\/cpm.adolfosalazar.madrid\/2024\/10\/Cristina-Campo-foto1-1-293x300.jpg 293w, https:\/\/site.educa.madrid.org\/cpm.adolfosalazar.madrid\/\/wp-content\/uploads\/cpm.adolfosalazar.madrid\/2024\/10\/Cristina-Campo-foto1-1-768x787.jpg 768w, https:\/\/site.educa.madrid.org\/cpm.adolfosalazar.madrid\/\/wp-content\/uploads\/cpm.adolfosalazar.madrid\/2024\/10\/Cristina-Campo-foto1-1.jpg 1350w\" sizes=\"auto, (max-width: 1000px) 100vw, 1000px\" \/><figcaption class=\"wp-element-caption\"><strong>Asignaturas: <\/strong>Oboe<\/figcaption><\/figure>\n<\/div>\n\n\n\n<div class=\"wp-block-column is-layout-flow wp-block-column-is-layout-flow\" style=\"flex-basis:66.66%\">\n<p>Cristina Campo Quiralte comienza sus estudios musicales a la edad de 8 a\u00f1os en el Conservatorio Profesional de M\u00fasica de Alc\u00e1zar de San Juan (Ciudad Real). Contin\u00faa sus estudios en el Conservatorio Profesional de M\u00fasica Amaniel (Madrid) donde obtiene Premio de Honor bajo la tutela de Manuel Angulo.<br>En 2009 finaliza sus estudios en el Real Conservatorio Superior de M\u00fasica de Madrid con Cayetano Casta\u00f1o, obteniendo las m\u00e1s altas calificaciones de su promoci\u00f3n e ingresa en la Orquesta-Escuela del Teatro Real de Madrid, destacando su continua colaboraci\u00f3n con la Orquesta Sinf\u00f3nica del Teatro Real.<br>Actualmente posee el M\u00e1ster de Educaci\u00f3n Secundaria Obligatoria en la especialidad de M\u00fasica en la Universidad Internacional de la Rioja, M\u00e1ster en Investigaci\u00f3n Musical en la Universidad Internacional de Valencia y actualmente es profesora en el Conservatorio Profesional de M\u00fasica Adolfo Salazar tras obtener la plaza de Oboe por concurso-oposici\u00f3n en 2023.<\/p>\n<\/div>\n<\/div>\n","protected":false},"excerpt":{"rendered":"<p>Cristina Campo Quiralte comienza sus estudios musicales a la edad de 8 a\u00f1os en el Conservatorio Profesional de M\u00fasica de Alc\u00e1zar de San Juan (Ciudad Real). Contin\u00faa sus estudios en el Conservatorio Profesional de M\u00fasica Amaniel (Madrid) donde obtiene Premio de Honor bajo la tutela de Manuel Angulo.En 2009 finaliza sus estudios en el Real<\/p><\/div>\n<div class=\"blog-btn\"><a href=\"https:\/\/site.educa.madrid.org\/cpm.adolfosalazar.madrid\/index.php\/cristina-campo-quiralte\/\" class=\"home-blog-btn\">Leer m\u00e1s<\/a><\/p>\n","protected":false},"author":3,"featured_media":0,"parent":0,"menu_order":0,"comment_status":"closed","ping_status":"closed","template":"page-templates\/page_fullwidth.php","meta":{"footnotes":""},"folder":[39],"class_list":["post-5072","page","type-page","status-publish","hentry"],"rttpg_featured_image_url":null,"rttpg_author":{"display_name":"cpm.adolfosalazar.madrid","author_link":"https:\/\/site.educa.madrid.org\/cpm.adolfosalazar.madrid\/index.php\/author\/cuenta_cpm-adolfosalazar-madrid\/"},"rttpg_comment":0,"rttpg_category":" <a href=\"https:\/\/site.educa.madrid.org\/cpm.adolfosalazar.madrid\/?taxonomy=folder&#038;term=bios-profesores-1679781238\" rel=\"tag\">Bios Profesores<\/a>","rttpg_excerpt":"Cristina Campo Quiralte comienza sus estudios musicales a la edad de 8 a\u00f1os en el Conservatorio Profesional de M\u00fasica de Alc\u00e1zar de San Juan (Ciudad Real). Contin\u00faa sus estudios en el Conservatorio Profesional de M\u00fasica Amaniel (Madrid) donde obtiene Premio de Honor bajo la tutela de Manuel Angulo.En 2009 finaliza sus estudios en el RealLeer&hellip;","post_mailing_queue_ids":[],"_links":{"self":[{"href":"https:\/\/site.educa.madrid.org\/cpm.adolfosalazar.madrid\/index.php\/wp-json\/wp\/v2\/pages\/5072","targetHints":{"allow":["GET"]}}],"collection":[{"href":"https:\/\/site.educa.madrid.org\/cpm.adolfosalazar.madrid\/index.php\/wp-json\/wp\/v2\/pages"}],"about":[{"href":"https:\/\/site.educa.madrid.org\/cpm.adolfosalazar.madrid\/index.php\/wp-json\/wp\/v2\/types\/page"}],"author":[{"embeddable":true,"href":"https:\/\/site.educa.madrid.org\/cpm.adolfosalazar.madrid\/index.php\/wp-json\/wp\/v2\/users\/3"}],"replies":[{"embeddable":true,"href":"https:\/\/site.educa.madrid.org\/cpm.adolfosalazar.madrid\/index.php\/wp-json\/wp\/v2\/comments?post=5072"}],"version-history":[{"count":1,"href":"https:\/\/site.educa.madrid.org\/cpm.adolfosalazar.madrid\/index.php\/wp-json\/wp\/v2\/pages\/5072\/revisions"}],"predecessor-version":[{"id":5075,"href":"https:\/\/site.educa.madrid.org\/cpm.adolfosalazar.madrid\/index.php\/wp-json\/wp\/v2\/pages\/5072\/revisions\/5075"}],"wp:attachment":[{"href":"https:\/\/site.educa.madrid.org\/cpm.adolfosalazar.madrid\/index.php\/wp-json\/wp\/v2\/media?parent=5072"}],"wp:term":[{"taxonomy":"folder","embeddable":true,"href":"https:\/\/site.educa.madrid.org\/cpm.adolfosalazar.madrid\/index.php\/wp-json\/wp\/v2\/folder?post=5072"}],"curies":[{"name":"wp","href":"https:\/\/api.w.org\/{rel}","templated":true}]}}