{"id":2537,"date":"2022-02-21T12:01:34","date_gmt":"2022-02-21T11:01:34","guid":{"rendered":"https:\/\/site.educa.madrid.org\/cpm.joaquinturina.madrid\/?page_id=2537"},"modified":"2025-09-15T19:14:23","modified_gmt":"2025-09-15T17:14:23","slug":"conservatorio","status":"publish","type":"page","link":"https:\/\/site.educa.madrid.org\/cpm.joaquinturina.madrid\/index.php\/conservatorio\/","title":{"rendered":"Conservatorio"},"content":{"rendered":"<div id=\"pl-2537\"  class=\"panel-layout\" ><div id=\"pg-2537-0\"  class=\"panel-grid panel-has-style\" ><div class=\"siteorigin-panels-stretch panel-row-style panel-row-style-for-2537-0\" data-stretch-type=\"full-width-stretch\" ><div id=\"pgc-2537-0-0\"  class=\"panel-grid-cell\" ><div id=\"panel-2537-0-0-0\" class=\"so-panel widget widget_sow-image panel-first-child panel-last-child\" data-index=\"0\" ><div\n\t\t\t\n\t\t\tclass=\"so-widget-sow-image so-widget-sow-image-default-8b5b6f678277-2537\"\n\t\t\t\n\t\t>\n\n<div class=\"sow-image-container\">\n\t\t<img loading=\"lazy\" decoding=\"async\" src=\"https:\/\/site.educa.madrid.org\/cpm.joaquinturina.madrid\/\/wp-content\/uploads\/cpm.joaquinturina.madrid\/2022\/02\/cabint_2.jpg\" width=\"1920\" height=\"398\" srcset=\"https:\/\/site.educa.madrid.org\/cpm.joaquinturina.madrid\/\/wp-content\/uploads\/cpm.joaquinturina.madrid\/2022\/02\/cabint_2.jpg 1920w, https:\/\/site.educa.madrid.org\/cpm.joaquinturina.madrid\/\/wp-content\/uploads\/cpm.joaquinturina.madrid\/2022\/02\/cabint_2-300x62.jpg 300w, https:\/\/site.educa.madrid.org\/cpm.joaquinturina.madrid\/\/wp-content\/uploads\/cpm.joaquinturina.madrid\/2022\/02\/cabint_2-1024x212.jpg 1024w, https:\/\/site.educa.madrid.org\/cpm.joaquinturina.madrid\/\/wp-content\/uploads\/cpm.joaquinturina.madrid\/2022\/02\/cabint_2-768x159.jpg 768w, https:\/\/site.educa.madrid.org\/cpm.joaquinturina.madrid\/\/wp-content\/uploads\/cpm.joaquinturina.madrid\/2022\/02\/cabint_2-1536x318.jpg 1536w\" sizes=\"auto, (max-width: 1920px) 100vw, 1920px\" alt=\"\" \t\tclass=\"so-widget-image\"\/>\n\t<\/div>\n\n<\/div><\/div><\/div><\/div><\/div><div id=\"pg-2537-1\"  class=\"panel-grid panel-no-style\" ><div id=\"pgc-2537-1-0\"  class=\"panel-grid-cell\" ><div id=\"panel-2537-1-0-0\" class=\"so-panel widget widget_sow-headline panel-first-child\" data-index=\"1\" ><div\n\t\t\t\n\t\t\tclass=\"so-widget-sow-headline so-widget-sow-headline-default-d5f243be2e0f-2537\"\n\t\t\t\n\t\t><div class=\"sow-headline-container \">\n\t\t\t\t\t\t\t<h1 class=\"sow-headline\">\n\t\t\t\t\t\tConservatorio Profesional de M\u00fasica Joaqu\u00edn Turina\t\t\t\t\t\t<\/h1>\n\t\t\t\t\t\t\t\t\t\t\t<div class=\"decoration\">\n\t\t\t\t\t\t<div class=\"decoration-inside\"><\/div>\n\t\t\t\t\t<\/div>\n\t\t\t\t\t<\/div>\n<\/div><\/div><div id=\"panel-2537-1-0-1\" class=\"so-panel widget widget_sow-editor panel-last-child\" data-index=\"2\" ><div\n\t\t\t\n\t\t\tclass=\"so-widget-sow-editor so-widget-sow-editor-base\"\n\t\t\t\n\t\t>\n<div class=\"siteorigin-widget-tinymce textwidget\">\n\t<p>El Conservatorio Profesional de M\u00fasica \u00abJoaqu\u00edn Turina\u00bb de Madrid se encuentra ubicado en una zona privilegiada de la capital, siendo la referencia de los conservatorios profesionales de la Comunidad de Madrid de los alumnos de la zona norte.<\/p>\n<\/div>\n<\/div><\/div><\/div><div id=\"pgc-2537-1-1\"  class=\"panel-grid-cell\" ><div id=\"panel-2537-1-1-0\" class=\"so-panel widget widget_media_video panel-first-child panel-last-child\" data-index=\"3\" ><div style=\"width:100%;\" class=\"wp-video\"><video class=\"wp-video-shortcode\" id=\"video-2537-1\" preload=\"metadata\" controls=\"controls\"><source type=\"video\/youtube\" src=\"https:\/\/youtu.be\/7IvZ201liVk?_=1\" \/><a href=\"https:\/\/youtu.be\/7IvZ201liVk\">https:\/\/youtu.be\/7IvZ201liVk<\/a><\/video><\/div><\/div><\/div><\/div><div id=\"pg-2537-2\"  class=\"panel-grid panel-has-style\" ><div class=\"panel-row-style panel-row-style-for-2537-2\" ><div id=\"pgc-2537-2-0\"  class=\"panel-grid-cell panel-grid-cell-mobile-last\" ><div id=\"panel-2537-2-0-0\" class=\"so-panel widget widget_sow-editor panel-first-child panel-last-child\" data-index=\"4\" ><div\n\t\t\t\n\t\t\tclass=\"so-widget-sow-editor so-widget-sow-editor-base\"\n\t\t\t\n\t\t>\n<div class=\"siteorigin-widget-tinymce textwidget\">\n\t<p>La caracter\u00edstica de referencia del centro es el equipo de profesores con que contamos, profesionales experimentados y dispuestos a compartir la experiencia del aprendizaje musical m\u00e1s all\u00e1 de las aulas.<\/p>\n<p>Las especialidades instrumentales con las que cuenta el centro son: Viol\u00edn, Viola, Violonchelo, Contrabajo, Guitarra, Flauta travesera, Fagot, Oboe, Trompa, Trompeta, Clarinete, Saxof\u00f3n y Piano.<\/p>\n<p>Son habituales los conciertos de alumnos, de antiguos alumnos, de profesionales de dentro y fuera del centro, nuestro concierto anual de Carnaval y por supuesto nuestra Semana Cultural, llena de actividades, siempre musicales, pero con los enfoques m\u00e1s variados.<\/p>\n<p>Habituales son tambi\u00e9n las colaboraciones de compositores actuales con el centro. La m\u00fasica de nuestro tiempo convive en plena armon\u00eda con los cl\u00e1sicos en nuestras aulas.<\/p>\n<p>Por supuesto, siempre la entrada a todas estas actividades es libre hasta completar aforo.<\/p>\n<p>Adem\u00e1s del equipamiento necesario, el centro cuenta con un una biblioteca musical de referencia entre los conservatorios de Madrid, pudi\u00e9ndose consultar su cat\u00e1logo <em>on-line<\/em> en la pesta\u00f1a Biblioteca.<\/p>\n<p>Nuestro Auditorio, con un aforo para 120 personas, acoge conciertos, conferencias y actos institucionales.<\/p>\n<p>Su ubicaci\u00f3n cerca de la Plaza de Castilla, donde se encuentra el mayor intercambiador de transporte de Madrid y junto al Metro de Tetu\u00e1n, en la L\u00ednea 1 de Metro a 20 minutos del centro de la ciudad en l\u00ednea directa, lo hace muy accesible desde cualquier punto de la capital.<\/p>\n<p>Esto es solo una breve presentaci\u00f3n, pero si de verdad quieres aprender m\u00fasica, \u00a1ESTUDIA CON NOSOTROS!.<\/p>\n<p>Adem\u00e1s, nuestro conservatorio est\u00e1 adherido al programa HOQUETUS del IES Cardenal Cisneros, seg\u00fan el cual, los alumnos que cursan los estudios de secundaria de forma simult\u00e1nea a los de m\u00fasica tienen posibilidad de reducir el horario de clases al poder convalidar asignaturas y compatibilizar los horarios de clases de ambos planes de estudios.<\/p>\n<\/div>\n<\/div><\/div><\/div><div id=\"pgc-2537-2-1\"  class=\"panel-grid-cell panel-grid-cell-empty\" ><\/div><\/div><\/div><\/div>","protected":false},"excerpt":{"rendered":"<p>El Conservatorio Profesional de M\u00fasica \u00abJoaqu\u00edn Turina\u00bb de Madrid se encuentra ubicado en una zona privilegiada de la capital, siendo la referencia de los conservatorios profesionales de la Comunidad de &#8230;<\/p>\n","protected":false},"author":4,"featured_media":0,"parent":0,"menu_order":0,"comment_status":"closed","ping_status":"closed","template":"template-fullwidth.php","meta":{"footnotes":""},"folder":[],"class_list":["post-2537","page","type-page","status-publish","hentry"],"rttpg_featured_image_url":null,"rttpg_author":{"display_name":"Jos\u00e9 Mar\u00eda P\u00e9rez Merino","author_link":"https:\/\/site.educa.madrid.org\/cpm.joaquinturina.madrid\/index.php\/author\/jos-mara_prez-merino\/"},"rttpg_comment":0,"rttpg_category":false,"rttpg_excerpt":"El Conservatorio Profesional de M\u00fasica \u00abJoaqu\u00edn Turina\u00bb de Madrid se encuentra ubicado en una zona privilegiada de la capital, siendo la referencia de los conservatorios profesionales de la Comunidad de ...","post_mailing_queue_ids":[],"_links":{"self":[{"href":"https:\/\/site.educa.madrid.org\/cpm.joaquinturina.madrid\/index.php\/wp-json\/wp\/v2\/pages\/2537","targetHints":{"allow":["GET"]}}],"collection":[{"href":"https:\/\/site.educa.madrid.org\/cpm.joaquinturina.madrid\/index.php\/wp-json\/wp\/v2\/pages"}],"about":[{"href":"https:\/\/site.educa.madrid.org\/cpm.joaquinturina.madrid\/index.php\/wp-json\/wp\/v2\/types\/page"}],"author":[{"embeddable":true,"href":"https:\/\/site.educa.madrid.org\/cpm.joaquinturina.madrid\/index.php\/wp-json\/wp\/v2\/users\/4"}],"replies":[{"embeddable":true,"href":"https:\/\/site.educa.madrid.org\/cpm.joaquinturina.madrid\/index.php\/wp-json\/wp\/v2\/comments?post=2537"}],"version-history":[{"count":32,"href":"https:\/\/site.educa.madrid.org\/cpm.joaquinturina.madrid\/index.php\/wp-json\/wp\/v2\/pages\/2537\/revisions"}],"predecessor-version":[{"id":7915,"href":"https:\/\/site.educa.madrid.org\/cpm.joaquinturina.madrid\/index.php\/wp-json\/wp\/v2\/pages\/2537\/revisions\/7915"}],"wp:attachment":[{"href":"https:\/\/site.educa.madrid.org\/cpm.joaquinturina.madrid\/index.php\/wp-json\/wp\/v2\/media?parent=2537"}],"wp:term":[{"taxonomy":"folder","embeddable":true,"href":"https:\/\/site.educa.madrid.org\/cpm.joaquinturina.madrid\/index.php\/wp-json\/wp\/v2\/folder?post=2537"}],"curies":[{"name":"wp","href":"https:\/\/api.w.org\/{rel}","templated":true}]}}