{"id":2731,"date":"2022-02-21T17:33:44","date_gmt":"2022-02-21T16:33:44","guid":{"rendered":"https:\/\/site.educa.madrid.org\/cpm.joaquinturina.madrid\/?page_id=2731"},"modified":"2023-12-14T10:42:06","modified_gmt":"2023-12-14T09:42:06","slug":"concurso-de-solistas-joaquin-turina-nueva-generacion","status":"publish","type":"page","link":"https:\/\/site.educa.madrid.org\/cpm.joaquinturina.madrid\/index.php\/concurso-de-solistas-joaquin-turina-nueva-generacion\/","title":{"rendered":"Concurso de solistas \u00abJoaqu\u00edn Turina\u00bb Nueva Generaci\u00f3n"},"content":{"rendered":"<div id=\"pl-2731\"  class=\"panel-layout\" ><div id=\"pg-2731-0\"  class=\"panel-grid panel-has-style\" ><div class=\"panel-row-style panel-row-style-for-2731-0\" ><div id=\"pgc-2731-0-0\"  class=\"panel-grid-cell\" ><div id=\"panel-2731-0-0-0\" class=\"so-panel widget widget_sow-editor panel-first-child panel-last-child\" data-index=\"0\" ><div\n\t\t\t\n\t\t\tclass=\"so-widget-sow-editor so-widget-sow-editor-base\"\n\t\t\t\n\t\t>\n<div class=\"siteorigin-widget-tinymce textwidget\">\n\t<p>Convocado el v Concurso de Solistas \u00abJoaqu\u00edn Turina\u00bb Nueva Generaci\u00f3n para el curso 2023\/24.<\/p>\n<p>Se pueden descargar las bases\u00a0<a href=\"https:\/\/site.educa.madrid.org\/cpm.joaquinturina.madrid\/\/wp-content\/uploads\/cpm.joaquinturina.madrid\/2023\/12\/BASES-V-C.-SOLISTAS-NUEVA-GENERACION.pdf\">aqu\u00ed.<\/a><\/p>\n<p>Se puede descargar la solicitud de participaci\u00f3n\u00a0<a href=\"https:\/\/site.educa.madrid.org\/cpm.joaquinturina.madrid\/\/wp-content\/uploads\/cpm.joaquinturina.madrid\/2023\/12\/SOLICITUD-V-C.-SOLISTAS-N.-GENERACION.pdf\">aqu\u00ed.<\/a><\/p>\n<p>&nbsp;<\/p>\n<p>La informaci\u00f3n sobre el desarrollo del concurso est\u00e1 disponible en el tabl\u00f3n de informaci\u00f3n de la asignatura de orquesta y en la secci\u00f3n <a href=\"https:\/\/site.educa.madrid.org\/cpm.joaquinturina.madrid\/index.php\/tablon\/\">TABL\u00d3N DE ANUNCIOS.<\/a><\/p>\n<\/div>\n<\/div><\/div><\/div><\/div><\/div><\/div>","protected":false},"excerpt":{"rendered":"<p>Convocado el v Concurso de Solistas \u00abJoaqu\u00edn Turina\u00bb Nueva Generaci\u00f3n para el curso 2023\/24. Se pueden descargar las bases\u00a0aqu\u00ed. Se puede descargar la solicitud de participaci\u00f3n\u00a0aqu\u00ed. &nbsp; La informaci\u00f3n sobre &#8230;<\/p>\n","protected":false},"author":4,"featured_media":0,"parent":0,"menu_order":0,"comment_status":"closed","ping_status":"closed","template":"template-fullwidth.php","meta":{"footnotes":""},"folder":[],"class_list":["post-2731","page","type-page","status-publish","hentry"],"rttpg_featured_image_url":null,"rttpg_author":{"display_name":"Jos\u00e9 Mar\u00eda P\u00e9rez Merino","author_link":"https:\/\/site.educa.madrid.org\/cpm.joaquinturina.madrid\/index.php\/author\/jos-mara_prez-merino\/"},"rttpg_comment":0,"rttpg_category":false,"rttpg_excerpt":"Convocado el v Concurso de Solistas \u00abJoaqu\u00edn Turina\u00bb Nueva Generaci\u00f3n para el curso 2023\/24. Se pueden descargar las bases\u00a0aqu\u00ed. Se puede descargar la solicitud de participaci\u00f3n\u00a0aqu\u00ed. &nbsp; La informaci\u00f3n sobre ...","post_mailing_queue_ids":[],"_links":{"self":[{"href":"https:\/\/site.educa.madrid.org\/cpm.joaquinturina.madrid\/index.php\/wp-json\/wp\/v2\/pages\/2731","targetHints":{"allow":["GET"]}}],"collection":[{"href":"https:\/\/site.educa.madrid.org\/cpm.joaquinturina.madrid\/index.php\/wp-json\/wp\/v2\/pages"}],"about":[{"href":"https:\/\/site.educa.madrid.org\/cpm.joaquinturina.madrid\/index.php\/wp-json\/wp\/v2\/types\/page"}],"author":[{"embeddable":true,"href":"https:\/\/site.educa.madrid.org\/cpm.joaquinturina.madrid\/index.php\/wp-json\/wp\/v2\/users\/4"}],"replies":[{"embeddable":true,"href":"https:\/\/site.educa.madrid.org\/cpm.joaquinturina.madrid\/index.php\/wp-json\/wp\/v2\/comments?post=2731"}],"version-history":[{"count":5,"href":"https:\/\/site.educa.madrid.org\/cpm.joaquinturina.madrid\/index.php\/wp-json\/wp\/v2\/pages\/2731\/revisions"}],"predecessor-version":[{"id":6247,"href":"https:\/\/site.educa.madrid.org\/cpm.joaquinturina.madrid\/index.php\/wp-json\/wp\/v2\/pages\/2731\/revisions\/6247"}],"wp:attachment":[{"href":"https:\/\/site.educa.madrid.org\/cpm.joaquinturina.madrid\/index.php\/wp-json\/wp\/v2\/media?parent=2731"}],"wp:term":[{"taxonomy":"folder","embeddable":true,"href":"https:\/\/site.educa.madrid.org\/cpm.joaquinturina.madrid\/index.php\/wp-json\/wp\/v2\/folder?post=2731"}],"curies":[{"name":"wp","href":"https:\/\/api.w.org\/{rel}","templated":true}]}}