{"id":1457,"date":"2024-07-18T16:10:48","date_gmt":"2024-07-18T14:10:48","guid":{"rendered":"https:\/\/site.educa.madrid.org\/cra.vegadetajuna.orusco\/?page_id=1457"},"modified":"2026-04-30T11:07:17","modified_gmt":"2026-04-30T09:07:17","slug":"becas-comedor","status":"publish","type":"page","link":"https:\/\/site.educa.madrid.org\/cra.vegadetajuna.orusco\/index.php\/becas-comedor\/","title":{"rendered":"BECAS COMEDOR"},"content":{"rendered":"\n<h1 class=\"wp-block-heading\"><strong><mark style=\"background-color:rgba(0, 0, 0, 0)\" class=\"has-inline-color has-vivid-red-color\"><a href=\"https:\/\/site.educa.madrid.org\/cra.vegadetajuna.orusco\/\/wp-content\/uploads\/cra.vegadetajuna.orusco\/2025\/10\/Informacion-beca-de-comedor_2o-plazo_2526.pdf\">BECAS COMEDOR 2026-2027<\/a><\/mark><\/strong><\/h1>\n\n\n\n<p>Desde el d\u00eda <strong>29 de abril<\/strong>&nbsp; se abre el plazo para la presentaci\u00f3n de las becas de comedor del curso 26\/27&nbsp; <strong>hasta el 28<\/strong> de mayo (ambos inclusive).<\/p>\n\n\n\n<p>1-<strong>&nbsp;Las familias podr\u00e1n presentar la documentaci\u00f3n <\/strong><strong>preferentemente de forma <\/strong><strong>TELEM\u00c1TICA<\/strong> .<\/p>\n\n\n\n<p>De forma <strong>TELEM\u00c1TICA<\/strong><strong>:<\/strong> se podr\u00e1 realizar el tr\u00e1mite accediendo a trav\u00e9s de Cuenta Digital, <a href=\"https:\/\/urldefense.com\/v3\/__https:\/\/digital.comunidad.madrid\/acceso__;!!D9dNQwwGXtA!SCF5dIejCSbQ0jEZd-4-SB7H7wCYsJ7zZvgspyL7u6xL_fvr5Kzuq2Q5OvXfcX7a5mrhhoaM1lexcwPjrTGW3X5RHbAEhWvULMZMj6BHEUXT$\">CUENTA DIGITAL DE LA COMUNIDAD DE MADRID<\/a> o a trav\u00e9s de este enlace: <a href=\"https:\/\/www.comunidad.madrid\/educacion\/becas-comedor-escolar\">BECAS COMEDOR 26-27<\/a>.<\/p>\n\n\n\n<p>De forma <strong>PRESENCIAL EN EL CENTRO:\u00a0 <\/strong>el plazo es<strong> hasta el VIERNES 22 de mayo inclusive.<\/strong><\/p>\n\n\n\n<figure class=\"wp-block-table\"><table class=\"has-fixed-layout\"><tbody><tr><td class=\"has-text-align-center\" data-align=\"center\"><mark style=\"background-color:rgba(0, 0, 0, 0)\" class=\"has-inline-color has-vivid-red-color\">IMPORTANTE!!<\/mark><br>Para admisiones, matriculaciones,<strong> BECAS<\/strong> o cualquier documentaci\u00f3n administrativa hay que poner <strong>en el CENTRO:<\/strong> <strong>CRA VEGA DE TAJU\u00d1A, ORUSCO<\/strong>, independientemente de que el alumno sea o pertenezca a otra localidad. El<strong> C\u00d3DIGO DE CENTRO<\/strong> del CRA Vega de Taju\u00f1a es <strong>28044422<\/strong><\/td><\/tr><\/tbody><\/table><\/figure>\n\n\n\n<p><br>2- Para facilitar y agilizar la tramitaci\u00f3n, los solicitantes <strong>s\u00f3lo deber\u00e1n presentar una solicitud<\/strong> en la que figuren sus datos b\u00e1sicos y el permiso expreso para que la Administraci\u00f3n regional pueda comprobar el resto de la informaci\u00f3n requerida. Este documento <strong>deber\u00e1 estar firmado obligatoriamente por todas las personas mayores de edad que figuren en \u00e9l<\/strong>.<\/p>\n\n\n\n<p>3- Las becas est\u00e1n destinadas a los alumnos de Educaci\u00f3n Infantil, Primaria, y Secundaria Obligatoria escolarizados en centros sostenidos con fondos p\u00fablicos de la regi\u00f3n, que cumplan alguno de estos <strong>REQUISITOS<\/strong>:<\/p>\n\n\n\n<p>&nbsp;&nbsp;&nbsp;&nbsp;&nbsp;&nbsp;1. Disponer de una <strong>renta familiar<\/strong> por persona inferior a 8.400 euros durante el a\u00f1o econ\u00f3mico 2024. Para este c\u00e1lculo se tienen en cuenta todos los ingresos de la unidad familiar, as\u00ed como el n\u00famero de personas que la conforman.<\/p>\n\n\n\n<p>&nbsp;&nbsp;&nbsp;&nbsp;&nbsp;&nbsp;&nbsp;2. Alg\u00fan miembro de la unidad familiar recibe la <strong>Renta M\u00ednima de Inserci\u00f3n<\/strong>.<\/p>\n\n\n\n<p>&nbsp;&nbsp;&nbsp;&nbsp;&nbsp;&nbsp;&nbsp;3. Alg\u00fan miembro de la unidad familiar recibe el <strong>Ingreso M\u00ednimo Vital<\/strong> (IMV) y la <strong>renta familiar anual por persona es inferior a 8.400 euros.<\/strong> Para ello, puedes acreditar el Ingreso M\u00ednimo Vital del 2024, 2025 o 2026.<\/p>\n\n\n\n<p>&nbsp;&nbsp;&nbsp;&nbsp;&nbsp;&nbsp;4. Pertenecer a una familia que dej\u00f3 de recibir la Renta M\u00ednima de Inserci\u00f3n por recibir el Ingreso M\u00ednimo Vital.<\/p>\n\n\n\n<p>&nbsp;&nbsp;&nbsp;&nbsp;&nbsp;&nbsp;5. Disponer del t\u00edtulo de <strong>Familia Numerosa<\/strong> y una renta familiar por persona a partir de 8.400 e inferior a 10.000 euros durante el a\u00f1o econ\u00f3mico 2024.<\/p>\n\n\n\n<p>&nbsp;&nbsp;&nbsp;&nbsp;&nbsp;&nbsp;6. Alg\u00fan miembro de la unidad familiar es <strong>v\u00edctima del terrorismo<\/strong>.<\/p>\n\n\n\n<p>&nbsp;&nbsp;&nbsp;&nbsp;&nbsp;&nbsp;7. Alg\u00fan miembro de la unidad familiar es v\u00edctima de<strong> violencia de g\u00e9nero<\/strong>.<\/p>\n\n\n\n<p>&nbsp;&nbsp;&nbsp;&nbsp;&nbsp;&nbsp;8. Alguno de los progenitores pertenece a las <strong>Fuerzas y Cuerpos de Seguridad del Estado<\/strong> (Polic\u00eda Nacional o Guardia Civil) o pertenece a las <strong>Fuerzas Armadas<\/strong> con destino en la Comunidad de Madrid.<\/p>\n\n\n\n<p>&nbsp;&nbsp;&nbsp;&nbsp;&nbsp;&nbsp;9. Alumnado en <strong>acogimiento familiar<\/strong> temporal, permanente o guarda con fines de adopci\u00f3n.<\/p>\n\n\n\n<p>&nbsp;&nbsp;&nbsp;&nbsp;&nbsp;10. Escolarizado de oficio en un centro concertado que usa el transporte escolar (alumnado que ha sido asignado en un centro concertado y hace uso del transporte escolar).<\/p>\n\n\n\n<p>&nbsp;&nbsp;&nbsp;&nbsp;&nbsp;11. Alg\u00fan miembro de la unidad familiar es beneficiario de<strong> protecci\u00f3n internacional,<\/strong> en cualquiera de sus modalidades (asilo o protecci\u00f3n subsidiaria).<\/p>\n\n\n\n<p>&nbsp;&nbsp;&nbsp;&nbsp;&nbsp;12. Alg\u00fan miembro de la unidad familiar es beneficiario de la protecci\u00f3n temporal afectada por el <strong>conflicto de Ucrania<\/strong>.<\/p>\n\n\n\n<p>Consideraciones de la solicitud:<\/p>\n\n\n\n<ul class=\"wp-block-list\">\n<li>Las personas beneficiarias de la beca en el curso 2025-2026 pueden solicitar la <strong>renovaci\u00f3n de la beca<\/strong>, en vez de hacer de nuevo la solicitud. Esto s\u00f3lo es posible si la unidad familiar no ha cambiado y siguen cumpliendo los requisitos de concesi\u00f3n de la beca.<\/li>\n\n\n\n<li>Todas las personas progenitoras o tutoras y todas las personas mayores de 18 a\u00f1os incluidas en la solicitud <strong>deben firmarla.<\/strong><\/li>\n\n\n\n<li>Puedes solicitar becas para <strong>varios hermanos en una \u00fanica solicitud<\/strong>, as\u00ed solo necesitas presentar la documentaci\u00f3n una vez.<\/li>\n\n\n\n<li>Debes proporcionar un <strong>certificado de fecha probable de parto<\/strong> para que tu hijo compute como miembro de la unidad familiar, si a\u00fan no ha nacido al presentar la solicitud.<\/li>\n\n\n\n<li>Ten en cuenta que:<br>\n<ul class=\"wp-block-list\">\n<li>Est\u00e1s declarando el n\u00famero de personas consideradas para calcular la renta por persona, al completar los datos familiares.<\/li>\n\n\n\n<li>Autorizas a la Direcci\u00f3n General a comunicarse contigo sobre el estado de tu solicitud, al proporcionar tu n\u00famero de tel\u00e9fono m\u00f3vil y correo electr\u00f3nico. Puedes cancelar esta autorizaci\u00f3n en cualquier momento.<\/li>\n<\/ul>\n<\/li>\n<\/ul>\n\n\n\n<p>4- Se puede solicitar la <strong>pr\u00f3rroga<\/strong> de la beca concedida, siempre que no haya cambiado la situaci\u00f3n familiar (se mantiene el n\u00famero de miembros de unidad familiar) y se sigan cumpliendo los requisitos por los que se le concedi\u00f3 la beca.<\/p>\n\n\n\n<p>Cualquier modificaci\u00f3n en el n\u00famero de miembros (por ejemplo, se produce un divorcio o separaci\u00f3n de hecho, un fallecimiento o nacimiento o se reconoce una discapacidad que no exist\u00eda que pueda suponer un cambio en el n\u00famero de miembros computables o cambio en el documento de identidad, por ejemplo, de Pasaporte a NIE o de NIE a NIF), conlleva realizar una nueva solicitud, no una pr\u00f3rroga.<\/p>\n\n\n\n<p>Cualquier modificaci\u00f3n en los requisitos por los que se le concedi\u00f3 la beca (por ejemplo, se le concedi\u00f3 por renta per c\u00e1pita inferior a 8.400 euros y ahora ha pasado a ser beneficiario del Ingreso M\u00ednimo Vital), conlleva realizar una nueva solicitud, no una pr\u00f3rroga.<\/p>\n\n\n\n<p>5.- A tener en cuenta:&nbsp;<\/p>\n\n\n\n<p>\u25cf La solicitud deber\u00e1 ser firmada por todos los miembros de la unidad familiar mayores de 18 a\u00f1os incluidos en ella.&nbsp;<\/p>\n\n\n\n<p>\u25cf Asimismo, en la solicitud deben indicar un n\u00famero de tel\u00e9fono m\u00f3vil y una direcci\u00f3n de correo electr\u00f3nico.&nbsp;<\/p>\n\n\n\n<p>\u25cf Tambi\u00e9n hay que tener en cuenta que, en el caso de que se opongan expresamente a la consulta de datos por parte de la Comunidad de Madrid, se deber\u00e1 marcar la opci\u00f3n y expresar los motivos de la oposici\u00f3n, as\u00ed como aportar la documentaci\u00f3n exigida en las normas que regulan esta convocatoria.&nbsp;<\/p>\n\n\n\n<p>\u25cf Por \u00faltimo, se\u00f1alar que es importante marcar expresamente en el formulario la casilla de consulta a la Informaci\u00f3n de renta de la Agencia Estatal de Administraci\u00f3n Tributaria 2024. Si no se autoriza expresamente este cruce de datos, se deber\u00e1 adjuntar certificado de IRPF del ejercicio 2024 expedido por la AEAT, no siendo v\u00e1lido el MODELO 100 que se imprime cuando se presenta o confirma la declaraci\u00f3n de la renta.<\/p>\n\n\n\n<p>Documento de <a href=\"https:\/\/www.educa2.madrid.org\/web\/educamadrid\/principal\/files\/fd272281-3d7d-49d9-81ef-c3a1cfa7e1f3\/Preguntas%20m%C3%A1s%20frecuentes%20solicitud%202026_2027.pdf?t=1777467815606\">preguntas frecuentes<\/a><br><br>NOTA: la presente carta informativa NO sustituye la lectura cuidadosa de la normativa, ni<br>de cualquier otra informaci\u00f3n presente en las p\u00e1ginas de internet oficiales<br>correspondientes<\/p>\n\n\n\n<h1 class=\"wp-block-heading\"><strong><a href=\"https:\/\/www.educa2.madrid.org\/web\/educamadrid\/principal\/files\/fd272281-3d7d-49d9-81ef-c3a1cfa7e1f3\/Preguntas%20m%C3%A1s%20frecuentes%20solicitud%202026_2027.pdf?t=1777467815606\" target=\"_blank\" rel=\"noreferrer noopener\"><mark style=\"background-color:rgba(0, 0, 0, 0)\" class=\"has-inline-color has-vivid-red-color\">PREGUNTAS FRECUENTES<\/mark><\/a><\/strong><\/h1>\n\n\n\n<p><\/p>\n","protected":false},"excerpt":{"rendered":"<p>BECAS COMEDOR 2026-2027 Desde el d\u00eda 29 de abril&nbsp; se abre el plazo para la presentaci\u00f3n de las becas de comedor del curso 26\/27&nbsp; hasta el 28 de mayo (ambos inclusive). 1-&nbsp;Las familias podr\u00e1n presentar la documentaci\u00f3n preferentemente de forma TELEM\u00c1TICA . De forma TELEM\u00c1TICA: se podr\u00e1 realizar el tr\u00e1mite accediendo a trav\u00e9s de Cuenta &hellip; <\/p>\n<p class=\"link-more\"><a href=\"https:\/\/site.educa.madrid.org\/cra.vegadetajuna.orusco\/index.php\/becas-comedor\/\" class=\"more-link\">Continuar leyendo<span class=\"screen-reader-text\"> \u00abBECAS COMEDOR\u00bb<\/span><\/a><\/p>\n","protected":false},"author":3,"featured_media":0,"parent":0,"menu_order":0,"comment_status":"closed","ping_status":"closed","template":"","meta":{"footnotes":""},"folder":[],"class_list":["post-1457","page","type-page","status-publish","hentry"],"rttpg_featured_image_url":null,"rttpg_author":{"display_name":"cra.vegadetajuna.orusco","author_link":"https:\/\/site.educa.madrid.org\/cra.vegadetajuna.orusco\/index.php\/author\/cuenta_cra-vegadetajuna-orusco\/"},"rttpg_comment":0,"rttpg_category":false,"rttpg_excerpt":"BECAS COMEDOR 2026-2027 Desde el d\u00eda 29 de abril&nbsp; se abre el plazo para la presentaci\u00f3n de las becas de comedor del curso 26\/27&nbsp; hasta el 28 de mayo (ambos inclusive). 1-&nbsp;Las familias podr\u00e1n presentar la documentaci\u00f3n preferentemente de forma TELEM\u00c1TICA . De forma TELEM\u00c1TICA: se podr\u00e1 realizar el tr\u00e1mite accediendo a trav\u00e9s de Cuenta&hellip;","post_mailing_queue_ids":[],"_links":{"self":[{"href":"https:\/\/site.educa.madrid.org\/cra.vegadetajuna.orusco\/index.php\/wp-json\/wp\/v2\/pages\/1457","targetHints":{"allow":["GET"]}}],"collection":[{"href":"https:\/\/site.educa.madrid.org\/cra.vegadetajuna.orusco\/index.php\/wp-json\/wp\/v2\/pages"}],"about":[{"href":"https:\/\/site.educa.madrid.org\/cra.vegadetajuna.orusco\/index.php\/wp-json\/wp\/v2\/types\/page"}],"author":[{"embeddable":true,"href":"https:\/\/site.educa.madrid.org\/cra.vegadetajuna.orusco\/index.php\/wp-json\/wp\/v2\/users\/3"}],"replies":[{"embeddable":true,"href":"https:\/\/site.educa.madrid.org\/cra.vegadetajuna.orusco\/index.php\/wp-json\/wp\/v2\/comments?post=1457"}],"version-history":[{"count":11,"href":"https:\/\/site.educa.madrid.org\/cra.vegadetajuna.orusco\/index.php\/wp-json\/wp\/v2\/pages\/1457\/revisions"}],"predecessor-version":[{"id":2118,"href":"https:\/\/site.educa.madrid.org\/cra.vegadetajuna.orusco\/index.php\/wp-json\/wp\/v2\/pages\/1457\/revisions\/2118"}],"wp:attachment":[{"href":"https:\/\/site.educa.madrid.org\/cra.vegadetajuna.orusco\/index.php\/wp-json\/wp\/v2\/media?parent=1457"}],"wp:term":[{"taxonomy":"folder","embeddable":true,"href":"https:\/\/site.educa.madrid.org\/cra.vegadetajuna.orusco\/index.php\/wp-json\/wp\/v2\/folder?post=1457"}],"curies":[{"name":"wp","href":"https:\/\/api.w.org\/{rel}","templated":true}]}}

<h1 class="wp-block-heading"><strong><mark style="background-color:rgba(0, 0, 0, 0)" class="has-inline-color has-vivid-red-color"><a href="https://site.educa.madrid.org/cra.vegadetajuna.orusco//wp-content/uploads/cra.vegadetajuna.orusco/2025/10/Informacion-beca-de-comedor_2o-plazo_2526.pdf">BECAS COMEDOR 2026-2027</a></mark></strong></h1>



<p>Desde el día <strong>29 de abril</strong>&nbsp; se abre el plazo para la presentación de las becas de comedor del curso 26/27&nbsp; <strong>hasta el 28</strong> de mayo (ambos inclusive).</p>



<p>1-<strong>&nbsp;Las familias podrán presentar la documentación </strong><strong>preferentemente de forma </strong><strong>TELEMÁTICA</strong> .</p>



<p>De forma <strong>TELEMÁTICA</strong><strong>:</strong> se podrá realizar el trámite accediendo a través de Cuenta Digital, <a href="https://urldefense.com/v3/__https://digital.comunidad.madrid/acceso__;!!D9dNQwwGXtA!SCF5dIejCSbQ0jEZd-4-SB7H7wCYsJ7zZvgspyL7u6xL_fvr5Kzuq2Q5OvXfcX7a5mrhhoaM1lexcwPjrTGW3X5RHbAEhWvULMZMj6BHEUXT$">CUENTA DIGITAL DE LA COMUNIDAD DE MADRID</a> o a través de este enlace: <a href="https://www.comunidad.madrid/educacion/becas-comedor-escolar">BECAS COMEDOR 26-27</a>.</p>



<p>De forma <strong>PRESENCIAL EN EL CENTRO:  </strong>el plazo es<strong> hasta el VIERNES 22 de mayo inclusive.</strong></p>



<figure class="wp-block-table"><table class="has-fixed-layout"><tbody><tr><td class="has-text-align-center" data-align="center"><mark style="background-color:rgba(0, 0, 0, 0)" class="has-inline-color has-vivid-red-color">IMPORTANTE!!</mark><br>Para admisiones, matriculaciones,<strong> BECAS</strong> o cualquier documentación administrativa hay que poner <strong>en el CENTRO:</strong> <strong>CRA VEGA DE TAJUÑA, ORUSCO</strong>, independientemente de que el alumno sea o pertenezca a otra localidad. El<strong> CÓDIGO DE CENTRO</strong> del CRA Vega de Tajuña es <strong>28044422</strong></td></tr></tbody></table></figure>



<p><br>2- Para facilitar y agilizar la tramitación, los solicitantes <strong>sólo deberán presentar una solicitud</strong> en la que figuren sus datos básicos y el permiso expreso para que la Administración regional pueda comprobar el resto de la información requerida. Este documento <strong>deberá estar firmado obligatoriamente por todas las personas mayores de edad que figuren en él</strong>.</p>



<p>3- Las becas están destinadas a los alumnos de Educación Infantil, Primaria, y Secundaria Obligatoria escolarizados en centros sostenidos con fondos públicos de la región, que cumplan alguno de estos <strong>REQUISITOS</strong>:</p>



<p>&nbsp;&nbsp;&nbsp;&nbsp;&nbsp;&nbsp;1. Disponer de una <strong>renta familiar</strong> por persona inferior a 8.400 euros durante el año económico 2024. Para este cálculo se tienen en cuenta todos los ingresos de la unidad familiar, así como el número de personas que la conforman.</p>



<p>&nbsp;&nbsp;&nbsp;&nbsp;&nbsp;&nbsp;&nbsp;2. Algún miembro de la unidad familiar recibe la <strong>Renta Mínima de Inserción</strong>.</p>



<p>&nbsp;&nbsp;&nbsp;&nbsp;&nbsp;&nbsp;&nbsp;3. Algún miembro de la unidad familiar recibe el <strong>Ingreso Mínimo Vital</strong> (IMV) y la <strong>renta familiar anual por persona es inferior a 8.400 euros.</strong> Para ello, puedes acreditar el Ingreso Mínimo Vital del 2024, 2025 o 2026.</p>



<p>&nbsp;&nbsp;&nbsp;&nbsp;&nbsp;&nbsp;4. Pertenecer a una familia que dejó de recibir la Renta Mínima de Inserción por recibir el Ingreso Mínimo Vital.</p>



<p>&nbsp;&nbsp;&nbsp;&nbsp;&nbsp;&nbsp;5. Disponer del título de <strong>Familia Numerosa</strong> y una renta familiar por persona a partir de 8.400 e inferior a 10.000 euros durante el año económico 2024.</p>



<p>&nbsp;&nbsp;&nbsp;&nbsp;&nbsp;&nbsp;6. Algún miembro de la unidad familiar es <strong>víctima del terrorismo</strong>.</p>



<p>&nbsp;&nbsp;&nbsp;&nbsp;&nbsp;&nbsp;7. Algún miembro de la unidad familiar es víctima de<strong> violencia de género</strong>.</p>



<p>&nbsp;&nbsp;&nbsp;&nbsp;&nbsp;&nbsp;8. Alguno de los progenitores pertenece a las <strong>Fuerzas y Cuerpos de Seguridad del Estado</strong> (Policía Nacional o Guardia Civil) o pertenece a las <strong>Fuerzas Armadas</strong> con destino en la Comunidad de Madrid.</p>



<p>&nbsp;&nbsp;&nbsp;&nbsp;&nbsp;&nbsp;9. Alumnado en <strong>acogimiento familiar</strong> temporal, permanente o guarda con fines de adopción.</p>



<p>&nbsp;&nbsp;&nbsp;&nbsp;&nbsp;10. Escolarizado de oficio en un centro concertado que usa el transporte escolar (alumnado que ha sido asignado en un centro concertado y hace uso del transporte escolar).</p>



<p>&nbsp;&nbsp;&nbsp;&nbsp;&nbsp;11. Algún miembro de la unidad familiar es beneficiario de<strong> protección internacional,</strong> en cualquiera de sus modalidades (asilo o protección subsidiaria).</p>



<p>&nbsp;&nbsp;&nbsp;&nbsp;&nbsp;12. Algún miembro de la unidad familiar es beneficiario de la protección temporal afectada por el <strong>conflicto de Ucrania</strong>.</p>



<p>Consideraciones de la solicitud:</p>



<ul class="wp-block-list">
<li>Las personas beneficiarias de la beca en el curso 2025-2026 pueden solicitar la <strong>renovación de la beca</strong>, en vez de hacer de nuevo la solicitud. Esto sólo es posible si la unidad familiar no ha cambiado y siguen cumpliendo los requisitos de concesión de la beca.</li>



<li>Todas las personas progenitoras o tutoras y todas las personas mayores de 18 años incluidas en la solicitud <strong>deben firmarla.</strong></li>



<li>Puedes solicitar becas para <strong>varios hermanos en una única solicitud</strong>, así solo necesitas presentar la documentación una vez.</li>



<li>Debes proporcionar un <strong>certificado de fecha probable de parto</strong> para que tu hijo compute como miembro de la unidad familiar, si aún no ha nacido al presentar la solicitud.</li>



<li>Ten en cuenta que:<br>
<ul class="wp-block-list">
<li>Estás declarando el número de personas consideradas para calcular la renta por persona, al completar los datos familiares.</li>



<li>Autorizas a la Dirección General a comunicarse contigo sobre el estado de tu solicitud, al proporcionar tu número de teléfono móvil y correo electrónico. Puedes cancelar esta autorización en cualquier momento.</li>
</ul>
</li>
</ul>



<p>4- Se puede solicitar la <strong>prórroga</strong> de la beca concedida, siempre que no haya cambiado la situación familiar (se mantiene el número de miembros de unidad familiar) y se sigan cumpliendo los requisitos por los que se le concedió la beca.</p>



<p>Cualquier modificación en el número de miembros (por ejemplo, se produce un divorcio o separación de hecho, un fallecimiento o nacimiento o se reconoce una discapacidad que no existía que pueda suponer un cambio en el número de miembros computables o cambio en el documento de identidad, por ejemplo, de Pasaporte a NIE o de NIE a NIF), conlleva realizar una nueva solicitud, no una prórroga.</p>



<p>Cualquier modificación en los requisitos por los que se le concedió la beca (por ejemplo, se le concedió por renta per cápita inferior a 8.400 euros y ahora ha pasado a ser beneficiario del Ingreso Mínimo Vital), conlleva realizar una nueva solicitud, no una prórroga.</p>



<p>5.- A tener en cuenta:&nbsp;</p>



<p>● La solicitud deberá ser firmada por todos los miembros de la unidad familiar mayores de 18 años incluidos en ella.&nbsp;</p>



<p>● Asimismo, en la solicitud deben indicar un número de teléfono móvil y una dirección de correo electrónico.&nbsp;</p>



<p>● También hay que tener en cuenta que, en el caso de que se opongan expresamente a la consulta de datos por parte de la Comunidad de Madrid, se deberá marcar la opción y expresar los motivos de la oposición, así como aportar la documentación exigida en las normas que regulan esta convocatoria.&nbsp;</p>



<p>● Por último, señalar que es importante marcar expresamente en el formulario la casilla de consulta a la Información de renta de la Agencia Estatal de Administración Tributaria 2024. Si no se autoriza expresamente este cruce de datos, se deberá adjuntar certificado de IRPF del ejercicio 2024 expedido por la AEAT, no siendo válido el MODELO 100 que se imprime cuando se presenta o confirma la declaración de la renta.</p>



<p>Documento de <a href="https://www.educa2.madrid.org/web/educamadrid/principal/files/fd272281-3d7d-49d9-81ef-c3a1cfa7e1f3/Preguntas%20m%C3%A1s%20frecuentes%20solicitud%202026_2027.pdf?t=1777467815606">preguntas frecuentes</a><br><br>NOTA: la presente carta informativa NO sustituye la lectura cuidadosa de la normativa, ni<br>de cualquier otra información presente en las páginas de internet oficiales<br>correspondientes</p>



<h1 class="wp-block-heading"><strong><a href="https://www.educa2.madrid.org/web/educamadrid/principal/files/fd272281-3d7d-49d9-81ef-c3a1cfa7e1f3/Preguntas%20m%C3%A1s%20frecuentes%20solicitud%202026_2027.pdf?t=1777467815606" target="_blank" rel="noreferrer noopener"><mark style="background-color:rgba(0, 0, 0, 0)" class="has-inline-color has-vivid-red-color">PREGUNTAS FRECUENTES</mark></a></strong></h1>



<p></p>

<p>BECAS COMEDOR 2026-2027 Desde el día 29 de abril&nbsp; se abre el plazo para la presentación de las becas de comedor del curso 26/27&nbsp; hasta el 28 de mayo (ambos inclusive). 1-&nbsp;Las familias podrán presentar la documentación preferentemente de forma TELEMÁTICA . De forma TELEMÁTICA: se podrá realizar el trámite accediendo a través de Cuenta &hellip; </p>
<p class="link-more"><a href="https://site.educa.madrid.org/cra.vegadetajuna.orusco/index.php/becas-comedor/" class="more-link">Continuar leyendo<span class="screen-reader-text"> «BECAS COMEDOR»</span></a></p>

BECAS COMEDOR 2026-2027 Desde el día 29 de abril&nbsp; se abre el plazo para la presentación de las becas de comedor del curso 26/27&nbsp; hasta el 28 de mayo (ambos inclusive). 1-&nbsp;Las familias podrán presentar la documentación preferentemente de forma TELEMÁTICA . De forma TELEMÁTICA: se podrá realizar el trámite accediendo a través de Cuenta&hellip;
