{"id":1736,"date":"2025-03-13T10:22:32","date_gmt":"2025-03-13T09:22:32","guid":{"rendered":"https:\/\/site.educa.madrid.org\/cra.vegadetajuna.orusco\/?page_id=1736"},"modified":"2025-05-23T09:56:47","modified_gmt":"2025-05-23T07:56:47","slug":"ampas","status":"publish","type":"page","link":"https:\/\/site.educa.madrid.org\/cra.vegadetajuna.orusco\/index.php\/ampas\/","title":{"rendered":"AMPAS"},"content":{"rendered":"\n<h1 class=\"wp-block-heading has-text-align-center\"><strong><mark style=\"background-color:rgba(0, 0, 0, 0)\" class=\"has-inline-color has-vivid-cyan-blue-color\">AMPA <\/mark><\/strong><mark style=\"background-color:rgba(0, 0, 0, 0)\" class=\"has-inline-color has-vivid-cyan-blue-color\"><strong>ORUSCO<\/strong><\/mark><\/h1>\n\n\n\n<figure class=\"wp-block-image size-large is-resized\"><img loading=\"lazy\" decoding=\"async\" width=\"614\" height=\"1024\" src=\"https:\/\/site.educa.madrid.org\/cra.vegadetajuna.orusco\/\/wp-content\/uploads\/cra.vegadetajuna.orusco\/2025\/05\/AMPA-Orusco-1-614x1024.jpg\" alt=\"\" class=\"wp-image-1826\" style=\"width:619px;height:auto\" srcset=\"https:\/\/site.educa.madrid.org\/cra.vegadetajuna.orusco\/\/wp-content\/uploads\/cra.vegadetajuna.orusco\/2025\/05\/AMPA-Orusco-1-614x1024.jpg 614w, https:\/\/site.educa.madrid.org\/cra.vegadetajuna.orusco\/\/wp-content\/uploads\/cra.vegadetajuna.orusco\/2025\/05\/AMPA-Orusco-1-180x300.jpg 180w, https:\/\/site.educa.madrid.org\/cra.vegadetajuna.orusco\/\/wp-content\/uploads\/cra.vegadetajuna.orusco\/2025\/05\/AMPA-Orusco-1-768x1280.jpg 768w, https:\/\/site.educa.madrid.org\/cra.vegadetajuna.orusco\/\/wp-content\/uploads\/cra.vegadetajuna.orusco\/2025\/05\/AMPA-Orusco-1-922x1536.jpg 922w, https:\/\/site.educa.madrid.org\/cra.vegadetajuna.orusco\/\/wp-content\/uploads\/cra.vegadetajuna.orusco\/2025\/05\/AMPA-Orusco-1.jpg 1200w\" sizes=\"auto, (max-width: 614px) 100vw, 614px\" \/><\/figure>\n\n\n\n<figure class=\"wp-block-image size-large\"><img loading=\"lazy\" decoding=\"async\" width=\"614\" height=\"1024\" src=\"https:\/\/site.educa.madrid.org\/cra.vegadetajuna.orusco\/\/wp-content\/uploads\/cra.vegadetajuna.orusco\/2025\/05\/AMPA-Orusco-2-614x1024.jpg\" alt=\"\" class=\"wp-image-1827\" srcset=\"https:\/\/site.educa.madrid.org\/cra.vegadetajuna.orusco\/\/wp-content\/uploads\/cra.vegadetajuna.orusco\/2025\/05\/AMPA-Orusco-2-614x1024.jpg 614w, https:\/\/site.educa.madrid.org\/cra.vegadetajuna.orusco\/\/wp-content\/uploads\/cra.vegadetajuna.orusco\/2025\/05\/AMPA-Orusco-2-180x300.jpg 180w, https:\/\/site.educa.madrid.org\/cra.vegadetajuna.orusco\/\/wp-content\/uploads\/cra.vegadetajuna.orusco\/2025\/05\/AMPA-Orusco-2-768x1280.jpg 768w, https:\/\/site.educa.madrid.org\/cra.vegadetajuna.orusco\/\/wp-content\/uploads\/cra.vegadetajuna.orusco\/2025\/05\/AMPA-Orusco-2-922x1536.jpg 922w, https:\/\/site.educa.madrid.org\/cra.vegadetajuna.orusco\/\/wp-content\/uploads\/cra.vegadetajuna.orusco\/2025\/05\/AMPA-Orusco-2.jpg 1200w\" sizes=\"auto, (max-width: 614px) 100vw, 614px\" \/><\/figure>\n\n\n\n<hr class=\"wp-block-separator aligncenter has-alpha-channel-opacity\"\/>\n\n\n\n<figure class=\"wp-block-image size-large\"><img loading=\"lazy\" decoding=\"async\" width=\"614\" height=\"1024\" src=\"https:\/\/site.educa.madrid.org\/cra.vegadetajuna.orusco\/\/wp-content\/uploads\/cra.vegadetajuna.orusco\/2025\/05\/AMPA-Orusco-3-614x1024.jpg\" alt=\"\" class=\"wp-image-1828\" srcset=\"https:\/\/site.educa.madrid.org\/cra.vegadetajuna.orusco\/\/wp-content\/uploads\/cra.vegadetajuna.orusco\/2025\/05\/AMPA-Orusco-3-614x1024.jpg 614w, https:\/\/site.educa.madrid.org\/cra.vegadetajuna.orusco\/\/wp-content\/uploads\/cra.vegadetajuna.orusco\/2025\/05\/AMPA-Orusco-3-180x300.jpg 180w, https:\/\/site.educa.madrid.org\/cra.vegadetajuna.orusco\/\/wp-content\/uploads\/cra.vegadetajuna.orusco\/2025\/05\/AMPA-Orusco-3-768x1280.jpg 768w, https:\/\/site.educa.madrid.org\/cra.vegadetajuna.orusco\/\/wp-content\/uploads\/cra.vegadetajuna.orusco\/2025\/05\/AMPA-Orusco-3-922x1536.jpg 922w, https:\/\/site.educa.madrid.org\/cra.vegadetajuna.orusco\/\/wp-content\/uploads\/cra.vegadetajuna.orusco\/2025\/05\/AMPA-Orusco-3.jpg 1200w\" sizes=\"auto, (max-width: 614px) 100vw, 614px\" \/><\/figure>\n\n\n\n<h1 class=\"wp-block-heading has-text-align-center\"><strong><mark style=\"background-color:rgba(0, 0, 0, 0)\" class=\"has-inline-color has-vivid-cyan-blue-color\">AMPA POZUELO<\/mark><\/strong><\/h1>\n\n\n\n<div class=\"wp-block-group is-vertical is-layout-flex wp-container-core-group-is-layout-8cf370e7 wp-block-group-is-layout-flex\">\n<figure class=\"wp-block-image\"><img loading=\"lazy\" decoding=\"async\" width=\"1024\" height=\"509\" src=\"https:\/\/site.educa.madrid.org\/cra.vegadetajuna.orusco\/\/wp-content\/uploads\/cra.vegadetajuna.orusco\/2025\/03\/LOGO-AMPA-POZUELO-1024x509.jpg\" alt=\"\" class=\"wp-image-1742\" srcset=\"https:\/\/site.educa.madrid.org\/cra.vegadetajuna.orusco\/\/wp-content\/uploads\/cra.vegadetajuna.orusco\/2025\/03\/LOGO-AMPA-POZUELO-1024x509.jpg 1024w, https:\/\/site.educa.madrid.org\/cra.vegadetajuna.orusco\/\/wp-content\/uploads\/cra.vegadetajuna.orusco\/2025\/03\/LOGO-AMPA-POZUELO-300x149.jpg 300w, https:\/\/site.educa.madrid.org\/cra.vegadetajuna.orusco\/\/wp-content\/uploads\/cra.vegadetajuna.orusco\/2025\/03\/LOGO-AMPA-POZUELO-768x382.jpg 768w, https:\/\/site.educa.madrid.org\/cra.vegadetajuna.orusco\/\/wp-content\/uploads\/cra.vegadetajuna.orusco\/2025\/03\/LOGO-AMPA-POZUELO-1536x764.jpg 1536w, https:\/\/site.educa.madrid.org\/cra.vegadetajuna.orusco\/\/wp-content\/uploads\/cra.vegadetajuna.orusco\/2025\/03\/LOGO-AMPA-POZUELO.jpg 1561w\" sizes=\"auto, (max-width: 767px) 89vw, (max-width: 1000px) 54vw, (max-width: 1071px) 543px, 580px\" \/><\/figure>\n<\/div>\n\n\n\n<p>La AMPA CRA Vega de Taju\u00f1a &#8211; Pozuelo del Rey, agrupa cada a\u00f1o a familias de nuestro Colegio, apoyando a la Comunidad Educativa en sus necesidades y poniendo a disposici\u00f3n de los ni\u00f1os y ni\u00f1as nuevas oportunidades para apoyar su desarrollo, tales como:<\/p>\n\n\n\n<ul class=\"wp-block-list\">\n<li>Ludoteca diaria de 16 a 17 horas.<\/li>\n\n\n\n<li>Talleres y actividades familiares<\/li>\n\n\n\n<li>Apoyo en fechas significativas como Halloween, Navidad y Carnaval.&nbsp;<\/li>\n<\/ul>\n\n\n\n<figure class=\"wp-block-image size-full\"><img loading=\"lazy\" decoding=\"async\" width=\"940\" height=\"788\" src=\"https:\/\/site.educa.madrid.org\/cra.vegadetajuna.orusco\/\/wp-content\/uploads\/cra.vegadetajuna.orusco\/2025\/03\/\u00bfDONDE-ESTA-LA-INFORMACION-DEL-AMPA.png\" alt=\"\" class=\"wp-image-1747\" srcset=\"https:\/\/site.educa.madrid.org\/cra.vegadetajuna.orusco\/\/wp-content\/uploads\/cra.vegadetajuna.orusco\/2025\/03\/\u00bfDONDE-ESTA-LA-INFORMACION-DEL-AMPA.png 940w, https:\/\/site.educa.madrid.org\/cra.vegadetajuna.orusco\/\/wp-content\/uploads\/cra.vegadetajuna.orusco\/2025\/03\/\u00bfDONDE-ESTA-LA-INFORMACION-DEL-AMPA-300x251.png 300w, https:\/\/site.educa.madrid.org\/cra.vegadetajuna.orusco\/\/wp-content\/uploads\/cra.vegadetajuna.orusco\/2025\/03\/\u00bfDONDE-ESTA-LA-INFORMACION-DEL-AMPA-768x644.png 768w\" sizes=\"auto, (max-width: 767px) 89vw, (max-width: 1000px) 54vw, (max-width: 1071px) 543px, 580px\" \/><\/figure>\n\n\n\n<figure class=\"wp-block-image size-large\"><img loading=\"lazy\" decoding=\"async\" width=\"1024\" height=\"726\" src=\"https:\/\/site.educa.madrid.org\/cra.vegadetajuna.orusco\/\/wp-content\/uploads\/cra.vegadetajuna.orusco\/2025\/03\/BENEFICIOS-PARA-LAS-FAMILIAS-ASOCIADAS-1024x726.jpg\" alt=\"\" class=\"wp-image-1746\" srcset=\"https:\/\/site.educa.madrid.org\/cra.vegadetajuna.orusco\/\/wp-content\/uploads\/cra.vegadetajuna.orusco\/2025\/03\/BENEFICIOS-PARA-LAS-FAMILIAS-ASOCIADAS-1024x726.jpg 1024w, https:\/\/site.educa.madrid.org\/cra.vegadetajuna.orusco\/\/wp-content\/uploads\/cra.vegadetajuna.orusco\/2025\/03\/BENEFICIOS-PARA-LAS-FAMILIAS-ASOCIADAS-300x213.jpg 300w, https:\/\/site.educa.madrid.org\/cra.vegadetajuna.orusco\/\/wp-content\/uploads\/cra.vegadetajuna.orusco\/2025\/03\/BENEFICIOS-PARA-LAS-FAMILIAS-ASOCIADAS-768x545.jpg 768w, https:\/\/site.educa.madrid.org\/cra.vegadetajuna.orusco\/\/wp-content\/uploads\/cra.vegadetajuna.orusco\/2025\/03\/BENEFICIOS-PARA-LAS-FAMILIAS-ASOCIADAS-1536x1090.jpg 1536w, https:\/\/site.educa.madrid.org\/cra.vegadetajuna.orusco\/\/wp-content\/uploads\/cra.vegadetajuna.orusco\/2025\/03\/BENEFICIOS-PARA-LAS-FAMILIAS-ASOCIADAS.jpg 1748w\" sizes=\"auto, (max-width: 767px) 89vw, (max-width: 1000px) 54vw, (max-width: 1071px) 543px, 580px\" \/><\/figure>\n\n\n\n<figure class=\"wp-block-image size-large\"><img loading=\"lazy\" decoding=\"async\" width=\"1024\" height=\"726\" src=\"https:\/\/site.educa.madrid.org\/cra.vegadetajuna.orusco\/\/wp-content\/uploads\/cra.vegadetajuna.orusco\/2025\/03\/CARNET-DE-FAMILIA-ASOCIADA-1024x726.jpg\" alt=\"\" class=\"wp-image-1745\" srcset=\"https:\/\/site.educa.madrid.org\/cra.vegadetajuna.orusco\/\/wp-content\/uploads\/cra.vegadetajuna.orusco\/2025\/03\/CARNET-DE-FAMILIA-ASOCIADA-1024x726.jpg 1024w, https:\/\/site.educa.madrid.org\/cra.vegadetajuna.orusco\/\/wp-content\/uploads\/cra.vegadetajuna.orusco\/2025\/03\/CARNET-DE-FAMILIA-ASOCIADA-300x213.jpg 300w, https:\/\/site.educa.madrid.org\/cra.vegadetajuna.orusco\/\/wp-content\/uploads\/cra.vegadetajuna.orusco\/2025\/03\/CARNET-DE-FAMILIA-ASOCIADA-768x545.jpg 768w, https:\/\/site.educa.madrid.org\/cra.vegadetajuna.orusco\/\/wp-content\/uploads\/cra.vegadetajuna.orusco\/2025\/03\/CARNET-DE-FAMILIA-ASOCIADA-1536x1090.jpg 1536w, https:\/\/site.educa.madrid.org\/cra.vegadetajuna.orusco\/\/wp-content\/uploads\/cra.vegadetajuna.orusco\/2025\/03\/CARNET-DE-FAMILIA-ASOCIADA.jpg 1748w\" sizes=\"auto, (max-width: 767px) 89vw, (max-width: 1000px) 54vw, (max-width: 1071px) 543px, 580px\" \/><\/figure>\n","protected":false},"excerpt":{"rendered":"<p>AMPA ORUSCO AMPA POZUELO La AMPA CRA Vega de Taju\u00f1a &#8211; Pozuelo del Rey, agrupa cada a\u00f1o a familias de nuestro Colegio, apoyando a la Comunidad Educativa en sus necesidades y poniendo a disposici\u00f3n de los ni\u00f1os y ni\u00f1as nuevas oportunidades para apoyar su desarrollo, tales como:<\/p>\n","protected":false},"author":3,"featured_media":0,"parent":0,"menu_order":0,"comment_status":"closed","ping_status":"closed","template":"","meta":{"footnotes":""},"folder":[],"class_list":["post-1736","page","type-page","status-publish","hentry"],"rttpg_featured_image_url":null,"rttpg_author":{"display_name":"cra.vegadetajuna.orusco","author_link":"https:\/\/site.educa.madrid.org\/cra.vegadetajuna.orusco\/index.php\/author\/cuenta_cra-vegadetajuna-orusco\/"},"rttpg_comment":0,"rttpg_category":false,"rttpg_excerpt":"AMPA ORUSCO AMPA POZUELO La AMPA CRA Vega de Taju\u00f1a &#8211; Pozuelo del Rey, agrupa cada a\u00f1o a familias de nuestro Colegio, apoyando a la Comunidad Educativa en sus necesidades y poniendo a disposici\u00f3n de los ni\u00f1os y ni\u00f1as nuevas oportunidades para apoyar su desarrollo, tales como:","post_mailing_queue_ids":[],"_links":{"self":[{"href":"https:\/\/site.educa.madrid.org\/cra.vegadetajuna.orusco\/index.php\/wp-json\/wp\/v2\/pages\/1736","targetHints":{"allow":["GET"]}}],"collection":[{"href":"https:\/\/site.educa.madrid.org\/cra.vegadetajuna.orusco\/index.php\/wp-json\/wp\/v2\/pages"}],"about":[{"href":"https:\/\/site.educa.madrid.org\/cra.vegadetajuna.orusco\/index.php\/wp-json\/wp\/v2\/types\/page"}],"author":[{"embeddable":true,"href":"https:\/\/site.educa.madrid.org\/cra.vegadetajuna.orusco\/index.php\/wp-json\/wp\/v2\/users\/3"}],"replies":[{"embeddable":true,"href":"https:\/\/site.educa.madrid.org\/cra.vegadetajuna.orusco\/index.php\/wp-json\/wp\/v2\/comments?post=1736"}],"version-history":[{"count":8,"href":"https:\/\/site.educa.madrid.org\/cra.vegadetajuna.orusco\/index.php\/wp-json\/wp\/v2\/pages\/1736\/revisions"}],"predecessor-version":[{"id":1829,"href":"https:\/\/site.educa.madrid.org\/cra.vegadetajuna.orusco\/index.php\/wp-json\/wp\/v2\/pages\/1736\/revisions\/1829"}],"wp:attachment":[{"href":"https:\/\/site.educa.madrid.org\/cra.vegadetajuna.orusco\/index.php\/wp-json\/wp\/v2\/media?parent=1736"}],"wp:term":[{"taxonomy":"folder","embeddable":true,"href":"https:\/\/site.educa.madrid.org\/cra.vegadetajuna.orusco\/index.php\/wp-json\/wp\/v2\/folder?post=1736"}],"curies":[{"name":"wp","href":"https:\/\/api.w.org\/{rel}","templated":true}]}}

<h1 class="wp-block-heading has-text-align-center"><strong><mark style="background-color:rgba(0, 0, 0, 0)" class="has-inline-color has-vivid-cyan-blue-color">AMPA </mark></strong><mark style="background-color:rgba(0, 0, 0, 0)" class="has-inline-color has-vivid-cyan-blue-color"><strong>ORUSCO</strong></mark></h1>



<figure class="wp-block-image size-large is-resized"><img loading="lazy" decoding="async" width="614" height="1024" src="https://site.educa.madrid.org/cra.vegadetajuna.orusco//wp-content/uploads/cra.vegadetajuna.orusco/2025/05/AMPA-Orusco-1-614x1024.jpg" alt="" class="wp-image-1826" style="width:619px;height:auto" srcset="https://site.educa.madrid.org/cra.vegadetajuna.orusco//wp-content/uploads/cra.vegadetajuna.orusco/2025/05/AMPA-Orusco-1-614x1024.jpg 614w, https://site.educa.madrid.org/cra.vegadetajuna.orusco//wp-content/uploads/cra.vegadetajuna.orusco/2025/05/AMPA-Orusco-1-180x300.jpg 180w, https://site.educa.madrid.org/cra.vegadetajuna.orusco//wp-content/uploads/cra.vegadetajuna.orusco/2025/05/AMPA-Orusco-1-768x1280.jpg 768w, https://site.educa.madrid.org/cra.vegadetajuna.orusco//wp-content/uploads/cra.vegadetajuna.orusco/2025/05/AMPA-Orusco-1-922x1536.jpg 922w, https://site.educa.madrid.org/cra.vegadetajuna.orusco//wp-content/uploads/cra.vegadetajuna.orusco/2025/05/AMPA-Orusco-1.jpg 1200w" sizes="auto, (max-width: 614px) 100vw, 614px" /></figure>



<figure class="wp-block-image size-large"><img loading="lazy" decoding="async" width="614" height="1024" src="https://site.educa.madrid.org/cra.vegadetajuna.orusco//wp-content/uploads/cra.vegadetajuna.orusco/2025/05/AMPA-Orusco-2-614x1024.jpg" alt="" class="wp-image-1827" srcset="https://site.educa.madrid.org/cra.vegadetajuna.orusco//wp-content/uploads/cra.vegadetajuna.orusco/2025/05/AMPA-Orusco-2-614x1024.jpg 614w, https://site.educa.madrid.org/cra.vegadetajuna.orusco//wp-content/uploads/cra.vegadetajuna.orusco/2025/05/AMPA-Orusco-2-180x300.jpg 180w, https://site.educa.madrid.org/cra.vegadetajuna.orusco//wp-content/uploads/cra.vegadetajuna.orusco/2025/05/AMPA-Orusco-2-768x1280.jpg 768w, https://site.educa.madrid.org/cra.vegadetajuna.orusco//wp-content/uploads/cra.vegadetajuna.orusco/2025/05/AMPA-Orusco-2-922x1536.jpg 922w, https://site.educa.madrid.org/cra.vegadetajuna.orusco//wp-content/uploads/cra.vegadetajuna.orusco/2025/05/AMPA-Orusco-2.jpg 1200w" sizes="auto, (max-width: 614px) 100vw, 614px" /></figure>



<hr class="wp-block-separator aligncenter has-alpha-channel-opacity"/>



<figure class="wp-block-image size-large"><img loading="lazy" decoding="async" width="614" height="1024" src="https://site.educa.madrid.org/cra.vegadetajuna.orusco//wp-content/uploads/cra.vegadetajuna.orusco/2025/05/AMPA-Orusco-3-614x1024.jpg" alt="" class="wp-image-1828" srcset="https://site.educa.madrid.org/cra.vegadetajuna.orusco//wp-content/uploads/cra.vegadetajuna.orusco/2025/05/AMPA-Orusco-3-614x1024.jpg 614w, https://site.educa.madrid.org/cra.vegadetajuna.orusco//wp-content/uploads/cra.vegadetajuna.orusco/2025/05/AMPA-Orusco-3-180x300.jpg 180w, https://site.educa.madrid.org/cra.vegadetajuna.orusco//wp-content/uploads/cra.vegadetajuna.orusco/2025/05/AMPA-Orusco-3-768x1280.jpg 768w, https://site.educa.madrid.org/cra.vegadetajuna.orusco//wp-content/uploads/cra.vegadetajuna.orusco/2025/05/AMPA-Orusco-3-922x1536.jpg 922w, https://site.educa.madrid.org/cra.vegadetajuna.orusco//wp-content/uploads/cra.vegadetajuna.orusco/2025/05/AMPA-Orusco-3.jpg 1200w" sizes="auto, (max-width: 614px) 100vw, 614px" /></figure>



<h1 class="wp-block-heading has-text-align-center"><strong><mark style="background-color:rgba(0, 0, 0, 0)" class="has-inline-color has-vivid-cyan-blue-color">AMPA POZUELO</mark></strong></h1>



<div class="wp-block-group is-vertical is-layout-flex wp-container-core-group-is-layout-8cf370e7 wp-block-group-is-layout-flex">
<figure class="wp-block-image"><img loading="lazy" decoding="async" width="1024" height="509" src="https://site.educa.madrid.org/cra.vegadetajuna.orusco//wp-content/uploads/cra.vegadetajuna.orusco/2025/03/LOGO-AMPA-POZUELO-1024x509.jpg" alt="" class="wp-image-1742" srcset="https://site.educa.madrid.org/cra.vegadetajuna.orusco//wp-content/uploads/cra.vegadetajuna.orusco/2025/03/LOGO-AMPA-POZUELO-1024x509.jpg 1024w, https://site.educa.madrid.org/cra.vegadetajuna.orusco//wp-content/uploads/cra.vegadetajuna.orusco/2025/03/LOGO-AMPA-POZUELO-300x149.jpg 300w, https://site.educa.madrid.org/cra.vegadetajuna.orusco//wp-content/uploads/cra.vegadetajuna.orusco/2025/03/LOGO-AMPA-POZUELO-768x382.jpg 768w, https://site.educa.madrid.org/cra.vegadetajuna.orusco//wp-content/uploads/cra.vegadetajuna.orusco/2025/03/LOGO-AMPA-POZUELO-1536x764.jpg 1536w, https://site.educa.madrid.org/cra.vegadetajuna.orusco//wp-content/uploads/cra.vegadetajuna.orusco/2025/03/LOGO-AMPA-POZUELO.jpg 1561w" sizes="auto, (max-width: 767px) 89vw, (max-width: 1000px) 54vw, (max-width: 1071px) 543px, 580px" /></figure>
</div>



<p>La AMPA CRA Vega de Tajuña &#8211; Pozuelo del Rey, agrupa cada año a familias de nuestro Colegio, apoyando a la Comunidad Educativa en sus necesidades y poniendo a disposición de los niños y niñas nuevas oportunidades para apoyar su desarrollo, tales como:</p>



<ul class="wp-block-list">
<li>Ludoteca diaria de 16 a 17 horas.</li>



<li>Talleres y actividades familiares</li>



<li>Apoyo en fechas significativas como Halloween, Navidad y Carnaval.&nbsp;</li>
</ul>



<figure class="wp-block-image size-full"><img loading="lazy" decoding="async" width="940" height="788" src="https://site.educa.madrid.org/cra.vegadetajuna.orusco//wp-content/uploads/cra.vegadetajuna.orusco/2025/03/¿DONDE-ESTA-LA-INFORMACION-DEL-AMPA.png" alt="" class="wp-image-1747" srcset="https://site.educa.madrid.org/cra.vegadetajuna.orusco//wp-content/uploads/cra.vegadetajuna.orusco/2025/03/¿DONDE-ESTA-LA-INFORMACION-DEL-AMPA.png 940w, https://site.educa.madrid.org/cra.vegadetajuna.orusco//wp-content/uploads/cra.vegadetajuna.orusco/2025/03/¿DONDE-ESTA-LA-INFORMACION-DEL-AMPA-300x251.png 300w, https://site.educa.madrid.org/cra.vegadetajuna.orusco//wp-content/uploads/cra.vegadetajuna.orusco/2025/03/¿DONDE-ESTA-LA-INFORMACION-DEL-AMPA-768x644.png 768w" sizes="auto, (max-width: 767px) 89vw, (max-width: 1000px) 54vw, (max-width: 1071px) 543px, 580px" /></figure>



<figure class="wp-block-image size-large"><img loading="lazy" decoding="async" width="1024" height="726" src="https://site.educa.madrid.org/cra.vegadetajuna.orusco//wp-content/uploads/cra.vegadetajuna.orusco/2025/03/BENEFICIOS-PARA-LAS-FAMILIAS-ASOCIADAS-1024x726.jpg" alt="" class="wp-image-1746" srcset="https://site.educa.madrid.org/cra.vegadetajuna.orusco//wp-content/uploads/cra.vegadetajuna.orusco/2025/03/BENEFICIOS-PARA-LAS-FAMILIAS-ASOCIADAS-1024x726.jpg 1024w, https://site.educa.madrid.org/cra.vegadetajuna.orusco//wp-content/uploads/cra.vegadetajuna.orusco/2025/03/BENEFICIOS-PARA-LAS-FAMILIAS-ASOCIADAS-300x213.jpg 300w, https://site.educa.madrid.org/cra.vegadetajuna.orusco//wp-content/uploads/cra.vegadetajuna.orusco/2025/03/BENEFICIOS-PARA-LAS-FAMILIAS-ASOCIADAS-768x545.jpg 768w, https://site.educa.madrid.org/cra.vegadetajuna.orusco//wp-content/uploads/cra.vegadetajuna.orusco/2025/03/BENEFICIOS-PARA-LAS-FAMILIAS-ASOCIADAS-1536x1090.jpg 1536w, https://site.educa.madrid.org/cra.vegadetajuna.orusco//wp-content/uploads/cra.vegadetajuna.orusco/2025/03/BENEFICIOS-PARA-LAS-FAMILIAS-ASOCIADAS.jpg 1748w" sizes="auto, (max-width: 767px) 89vw, (max-width: 1000px) 54vw, (max-width: 1071px) 543px, 580px" /></figure>



<figure class="wp-block-image size-large"><img loading="lazy" decoding="async" width="1024" height="726" src="https://site.educa.madrid.org/cra.vegadetajuna.orusco//wp-content/uploads/cra.vegadetajuna.orusco/2025/03/CARNET-DE-FAMILIA-ASOCIADA-1024x726.jpg" alt="" class="wp-image-1745" srcset="https://site.educa.madrid.org/cra.vegadetajuna.orusco//wp-content/uploads/cra.vegadetajuna.orusco/2025/03/CARNET-DE-FAMILIA-ASOCIADA-1024x726.jpg 1024w, https://site.educa.madrid.org/cra.vegadetajuna.orusco//wp-content/uploads/cra.vegadetajuna.orusco/2025/03/CARNET-DE-FAMILIA-ASOCIADA-300x213.jpg 300w, https://site.educa.madrid.org/cra.vegadetajuna.orusco//wp-content/uploads/cra.vegadetajuna.orusco/2025/03/CARNET-DE-FAMILIA-ASOCIADA-768x545.jpg 768w, https://site.educa.madrid.org/cra.vegadetajuna.orusco//wp-content/uploads/cra.vegadetajuna.orusco/2025/03/CARNET-DE-FAMILIA-ASOCIADA-1536x1090.jpg 1536w, https://site.educa.madrid.org/cra.vegadetajuna.orusco//wp-content/uploads/cra.vegadetajuna.orusco/2025/03/CARNET-DE-FAMILIA-ASOCIADA.jpg 1748w" sizes="auto, (max-width: 767px) 89vw, (max-width: 1000px) 54vw, (max-width: 1071px) 543px, 580px" /></figure>

<p>AMPA ORUSCO AMPA POZUELO La AMPA CRA Vega de Tajuña &#8211; Pozuelo del Rey, agrupa cada año a familias de nuestro Colegio, apoyando a la Comunidad Educativa en sus necesidades y poniendo a disposición de los niños y niñas nuevas oportunidades para apoyar su desarrollo, tales como:</p>

AMPA ORUSCO AMPA POZUELO La AMPA CRA Vega de Tajuña &#8211; Pozuelo del Rey, agrupa cada año a familias de nuestro Colegio, apoyando a la Comunidad Educativa en sus necesidades y poniendo a disposición de los niños y niñas nuevas oportunidades para apoyar su desarrollo, tales como:
