{"id":587,"date":"2024-06-21T11:24:59","date_gmt":"2024-06-21T09:24:59","guid":{"rendered":"https:\/\/site.educa.madrid.org\/eoep.aranjuez\/?page_id=587"},"modified":"2024-06-26T12:56:53","modified_gmt":"2024-06-26T10:56:53","slug":"becas-2","status":"publish","type":"page","link":"https:\/\/site.educa.madrid.org\/eoep.aranjuez\/index.php\/becas-2\/","title":{"rendered":"Becas"},"content":{"rendered":"\n<p>Actualmente se encuentra abierto el plazo de presentaci\u00f3n de solicitudes de Becas y ayudas para alumnos con necesidades espec\u00edficas de apoyo educativo para el curso 24\/25.<\/p>\n\n\n\n<p>Para realizar la solicitud, pulse\u00a0<a href=\"https:\/\/www.educacionfpydeportes.gob.es\/servicios-al-ciudadano\/catalogo\/general\/05\/050140\/ficha\/050140-2024.html\" target=\"_blank\" rel=\"noreferrer noopener\">AQU\u00cd.<\/a><\/p>\n\n\n\n<p>Si desea obtener m\u00e1s informaci\u00f3n sobre este tipo de ayudas, as\u00ed como el procedimiento para rellenar la solicitud, pulse\u00a0<a href=\"https:\/\/www.becaseducacion.gob.es\/becas-y-ayudas\/ayudas-apoyo-educativo\/como-solicitarla.html\" target=\"_blank\" rel=\"noreferrer noopener\">AQU\u00cd.<\/a><\/p>\n","protected":false},"excerpt":{"rendered":"<p>Actualmente se encuentra abierto el plazo de presentaci\u00f3n de solicitudes de Becas y ayudas para alumnos con necesidades espec\u00edficas de apoyo educativo para el curso 24\/25. Para realizar la solicitud, pulse\u00a0AQU\u00cd. Si desea obtener m\u00e1s informaci\u00f3n sobre este tipo de ayudas, as\u00ed como el procedimiento para rellenar la solicitud, pulse\u00a0AQU\u00cd.<\/p>\n","protected":false},"author":3,"featured_media":0,"parent":0,"menu_order":0,"comment_status":"closed","ping_status":"closed","template":"","meta":{"footnotes":""},"folder":[],"class_list":["post-587","page","type-page","status-publish","hentry"],"rttpg_featured_image_url":null,"rttpg_author":{"display_name":"eoep.aranjuez","author_link":"https:\/\/site.educa.madrid.org\/eoep.aranjuez\/index.php\/author\/cuenta_eoep-aranjuez\/"},"rttpg_comment":0,"rttpg_category":false,"rttpg_excerpt":"Actualmente se encuentra abierto el plazo de presentaci\u00f3n de solicitudes de Becas y ayudas para alumnos con necesidades espec\u00edficas de apoyo educativo para el curso 24\/25. Para realizar la solicitud, pulse\u00a0AQU\u00cd. Si desea obtener m\u00e1s informaci\u00f3n sobre este tipo de ayudas, as\u00ed como el procedimiento para rellenar la solicitud, pulse\u00a0AQU\u00cd.","post_mailing_queue_ids":[],"_links":{"self":[{"href":"https:\/\/site.educa.madrid.org\/eoep.aranjuez\/index.php\/wp-json\/wp\/v2\/pages\/587","targetHints":{"allow":["GET"]}}],"collection":[{"href":"https:\/\/site.educa.madrid.org\/eoep.aranjuez\/index.php\/wp-json\/wp\/v2\/pages"}],"about":[{"href":"https:\/\/site.educa.madrid.org\/eoep.aranjuez\/index.php\/wp-json\/wp\/v2\/types\/page"}],"author":[{"embeddable":true,"href":"https:\/\/site.educa.madrid.org\/eoep.aranjuez\/index.php\/wp-json\/wp\/v2\/users\/3"}],"replies":[{"embeddable":true,"href":"https:\/\/site.educa.madrid.org\/eoep.aranjuez\/index.php\/wp-json\/wp\/v2\/comments?post=587"}],"version-history":[{"count":2,"href":"https:\/\/site.educa.madrid.org\/eoep.aranjuez\/index.php\/wp-json\/wp\/v2\/pages\/587\/revisions"}],"predecessor-version":[{"id":628,"href":"https:\/\/site.educa.madrid.org\/eoep.aranjuez\/index.php\/wp-json\/wp\/v2\/pages\/587\/revisions\/628"}],"wp:attachment":[{"href":"https:\/\/site.educa.madrid.org\/eoep.aranjuez\/index.php\/wp-json\/wp\/v2\/media?parent=587"}],"wp:term":[{"taxonomy":"folder","embeddable":true,"href":"https:\/\/site.educa.madrid.org\/eoep.aranjuez\/index.php\/wp-json\/wp\/v2\/folder?post=587"}],"curies":[{"name":"wp","href":"https:\/\/api.w.org\/{rel}","templated":true}]}}