{"id":1885,"date":"2024-10-21T16:00:07","date_gmt":"2024-10-21T16:00:07","guid":{"rendered":"https:\/\/www.eoimoratalaz.disercom.es\/?page_id=332"},"modified":"2025-09-12T18:29:08","modified_gmt":"2025-09-12T16:29:08","slug":"inicio-de-curso","status":"publish","type":"page","link":"https:\/\/site.educa.madrid.org\/eoi.extmoratalaz-ptevallecas.madrid\/index.php\/inicio-de-curso\/","title":{"rendered":"Inicio de curso 2025 2026"},"content":{"rendered":"\n<div style=\"width: 100%;\"><div style=\"position: relative; padding-bottom: 56.25%; padding-top: 0; height: 0;\"><iframe loading=\"lazy\" title=\"24 25 VK  inaguraci\u00f3n\" frameborder=\"0\" width=\"1200px\" height=\"675px\" style=\"position: absolute; top: 0; left: 0; width: 100%; height: 100%;\" src=\"https:\/\/view.genially.com\/66e1415cc8e32cd22eba7407\" type=\"text\/html\" allowscriptaccess=\"always\" allowfullscreen=\"true\" scrolling=\"yes\" allownetworking=\"all\"><\/iframe> <\/div> <\/div>\n\n\n\n<h3 class=\"wp-block-heading\">Comienzo de clases<\/h3>\n\n\n\n<p>El curso acad\u00e9mico dar\u00e1 comienzo la pr\u00f3xima semana con unas sesiones de bienvenida:<\/p>\n\n\n\n<p>&#8211; Martes 9, 19h00, Sal\u00f3n de actos. Para grupos de martes y jueves<\/p>\n\n\n\n<p>&#8211; Mi\u00e9rcoles 10, 19h00, Sal\u00f3n de actos. Para gupos de lunes y mi\u00e9rcoles e intensivos de mi\u00e9rcoles.<\/p>\n\n\n\n<p><\/p>\n\n\n\n<p>\u00a1Buen comienzo de curso para todos!<\/p>\n\n\n\n<h3 class=\"wp-block-heading has-large-font-size\">Informaci\u00f3n inicio de curso 2025-2026<\/h3>\n\n\n\n<ul class=\"wp-block-list\">\n<li class=\"has-medium-font-size\"><a href=\"https:\/\/cloud.educa.madrid.org\/s\/EWHoKXbCrxoede7\" data-type=\"link\" data-id=\"https:\/\/cloud.educa.madrid.org\/s\/EWHoKXbCrxoede7\" target=\"_blank\" rel=\"noreferrer noopener\">Horarios &#8211; grupos &#8211; aulas <\/a><\/li>\n\n\n\n<li class=\"has-medium-font-size\"><a href=\"https:\/\/cloud.educa.madrid.org\/s\/dttpyz3nAcDZ4Jj\" target=\"_blank\" rel=\"noreferrer noopener\">Calendario escolar <\/a>&#8211; <a href=\"https:\/\/gestiona.comunidad.madrid\/wleg_pub\/servlet\/Servidor?opcion=VerHtml&amp;nmnorma=14093\" target=\"_blank\" rel=\"noreferrer noopener\">ORDEN 1476\/2025, de 4 de mayo, del Consejero de Educaci\u00f3n, Ciencia y Universidades, por la que se establece el calendario escolar para el curso 2025\/2026 en los centros educativos no universitarios sostenidos con fondos p\u00fablicos de la Comunidad de Madrid.<\/a><\/li>\n\n\n\n<li class=\"has-medium-font-size\"><a href=\"https:\/\/cloud.educa.madrid.org\/s\/SXAxrAm2FfJiidj\" target=\"_blank\" rel=\"noreferrer noopener\">Hoja informativa del alumno<\/a><\/li>\n\n\n\n<li class=\"has-medium-font-size\">Plan de acogida del alumno<\/li>\n<\/ul>\n\n\n\n<h3 class=\"wp-block-heading has-large-font-size\">Libros de texto &#8211; Curso 2025-2026<\/h3>\n\n\n\n<ul class=\"wp-block-list\">\n<li class=\"has-medium-font-size\"><a href=\"https:\/\/cloud.educa.madrid.org\/s\/AFD8y5r5DK9kAEt\" target=\"_blank\" rel=\"noreferrer noopener\">Departamento de Franc\u00e9s<\/a><\/li>\n\n\n\n<li class=\"has-medium-font-size\"><a href=\"https:\/\/cloud.educa.madrid.org\/s\/xLNNdWPSqN5ordo\" target=\"_blank\" rel=\"noreferrer noopener\">Departamento de Ingl\u00e9s<\/a><\/li>\n<\/ul>\n\n\n\n<h3 class=\"wp-block-heading has-large-font-size\">Alumnos menores<\/h3>\n\n\n\n<ul class=\"wp-block-list\">\n<li class=\"has-medium-font-size\"><a href=\"https:\/\/cloud.educa.madrid.org\/s\/zQP3rMdjFrdwKGi\" target=\"_blank\" rel=\"noreferrer noopener\">Justificaci\u00f3n faltas alumnos menores<\/a><\/li>\n<\/ul>\n\n\n\n<div style=\"height:21px\" aria-hidden=\"true\" class=\"wp-block-spacer\"><\/div>\n\n\n\n<p class=\"has-text-align-right\">Actualizado 12\/09\/2025<\/p>\n","protected":false},"excerpt":{"rendered":"<p>Comienzo de clases El curso acad\u00e9mico dar\u00e1 comienzo la pr\u00f3xima semana con unas sesiones de bienvenida: &#8211; Martes 9, 19h00, Sal\u00f3n de actos. Para grupos de martes y jueves &#8211; &#8230;<\/p>\n","protected":false},"author":2,"featured_media":0,"parent":0,"menu_order":0,"comment_status":"closed","ping_status":"closed","template":"","meta":{"footnotes":""},"folder":[45],"class_list":["post-1885","page","type-page","status-publish","hentry"],"rttpg_featured_image_url":null,"rttpg_author":{"display_name":"tic.eoi.extmoratalaz-ptevallecas.madrid","author_link":"https:\/\/site.educa.madrid.org\/eoi.extmoratalaz-ptevallecas.madrid\/index.php\/author\/cuenta_tic-eoi-extmoratalaz-ptevallecas-madrid\/"},"rttpg_comment":0,"rttpg_category":" <a href=\"https:\/\/site.educa.madrid.org\/eoi.extmoratalaz-ptevallecas.madrid\/?taxonomy=folder&#038;term=2025-2026-1757005900-7\" rel=\"tag\">2025 2026<\/a>","rttpg_excerpt":"Comienzo de clases El curso acad\u00e9mico dar\u00e1 comienzo la pr\u00f3xima semana con unas sesiones de bienvenida: &#8211; Martes 9, 19h00, Sal\u00f3n de actos. Para grupos de martes y jueves &#8211; ...","post_mailing_queue_ids":[],"_links":{"self":[{"href":"https:\/\/site.educa.madrid.org\/eoi.extmoratalaz-ptevallecas.madrid\/index.php\/wp-json\/wp\/v2\/pages\/1885","targetHints":{"allow":["GET"]}}],"collection":[{"href":"https:\/\/site.educa.madrid.org\/eoi.extmoratalaz-ptevallecas.madrid\/index.php\/wp-json\/wp\/v2\/pages"}],"about":[{"href":"https:\/\/site.educa.madrid.org\/eoi.extmoratalaz-ptevallecas.madrid\/index.php\/wp-json\/wp\/v2\/types\/page"}],"author":[{"embeddable":true,"href":"https:\/\/site.educa.madrid.org\/eoi.extmoratalaz-ptevallecas.madrid\/index.php\/wp-json\/wp\/v2\/users\/2"}],"replies":[{"embeddable":true,"href":"https:\/\/site.educa.madrid.org\/eoi.extmoratalaz-ptevallecas.madrid\/index.php\/wp-json\/wp\/v2\/comments?post=1885"}],"version-history":[{"count":11,"href":"https:\/\/site.educa.madrid.org\/eoi.extmoratalaz-ptevallecas.madrid\/index.php\/wp-json\/wp\/v2\/pages\/1885\/revisions"}],"predecessor-version":[{"id":2974,"href":"https:\/\/site.educa.madrid.org\/eoi.extmoratalaz-ptevallecas.madrid\/index.php\/wp-json\/wp\/v2\/pages\/1885\/revisions\/2974"}],"wp:attachment":[{"href":"https:\/\/site.educa.madrid.org\/eoi.extmoratalaz-ptevallecas.madrid\/index.php\/wp-json\/wp\/v2\/media?parent=1885"}],"wp:term":[{"taxonomy":"folder","embeddable":true,"href":"https:\/\/site.educa.madrid.org\/eoi.extmoratalaz-ptevallecas.madrid\/index.php\/wp-json\/wp\/v2\/folder?post=1885"}],"curies":[{"name":"wp","href":"https:\/\/api.w.org\/{rel}","templated":true}]}}