{"id":3928,"date":"2026-03-15T11:22:00","date_gmt":"2026-03-15T10:22:00","guid":{"rendered":"https:\/\/site.educa.madrid.org\/eoi.sansebastian\/?page_id=3928"},"modified":"2026-03-27T11:25:33","modified_gmt":"2026-03-27T10:25:33","slug":"actividades-2024-2025","status":"publish","type":"page","link":"https:\/\/site.educa.madrid.org\/eoi.sansebastian\/index.php\/actividades-2024-2025\/","title":{"rendered":"Actividades 2024-2025"},"content":{"rendered":"\n<div style=\"height:50px\" aria-hidden=\"true\" class=\"wp-block-spacer\"><\/div>\n\n\n\n<p><strong>DEPARTAMENTO DE FRANC\u00c9S<\/strong><\/p>\n\n\n\n<p><strong>ACTIVIT\u00c9S 2024-2025 \/ ACTIVIDADES 2024-2025<\/strong><\/p>\n\n\n\n<p><strong>C\u00e9l\u00e9bration de la Chandeleur (f\u00e9vrier 2025)<\/strong><\/p>\n\n\n\n<p>\u00c0 l\u2019occasion de la Chandeleur, nous \u00e9l\u00e8ves des groupes de A1 et A2 de fran\u00e7ais ont mis la main \u00e0 la p\u00e2te afin de f\u00eater la Chandeleur comme il se doit. Un moment convivial et gourmand qui leur a permis de s\u2019initier aux joies de la gastronomie fran\u00e7aise. Une exp\u00e9rience \u00e0 la fois culturelle, ludique et savoureuse, tr\u00e8s appr\u00e9ci\u00e9e par tous les participants.<\/p>\n\n\n\n<p><strong>Celebraci\u00f3n de la Candelaria (febrero de 2025)<\/strong><\/p>\n\n\n\n<p>Con motivo de la Candelaria, los alumnos de los grupos A1 y A2 de franc\u00e9s se pusieron manos a la obra para celebrar esta tradici\u00f3n como se merece. Este momento convivencial y gastron\u00f3mico les permiti\u00f3 descubrir una costumbre emblem\u00e1tica de la cultura francesa al mismo tiempo que se iniciaban en los placeres de la gastronom\u00eda. Una experiencia a la vez cultural, l\u00fadica y sabrosa, muy apreciada por todos los participantes.<\/p>\n\n\n\n<p><a href=\"https:\/\/www.disercom.com\/eoisanse\/wp-content\/uploads\/2026\/02\/PHOTO-2025-02-13-18-00-42-2.jpg\" target=\"_blank\" rel=\"noreferrer noopener\"><\/a><a href=\"https:\/\/www.disercom.com\/eoisanse\/wp-content\/uploads\/2026\/02\/PHOTO-2025-02-13-18-00-43.jpg\" target=\"_blank\" rel=\"noreferrer noopener\"><\/a><a href=\"https:\/\/www.disercom.com\/eoisanse\/wp-content\/uploads\/2026\/02\/PHOTO-2025-02-13-18-00-43-2.jpg\" target=\"_blank\" rel=\"noreferrer noopener\"><\/a><\/p>\n\n\n\n<figure class=\"wp-block-gallery has-nested-images columns-default is-cropped wp-block-gallery-1 is-layout-flex wp-block-gallery-is-layout-flex\">\n<figure class=\"wp-block-image size-full\"><a href=\"https:\/\/site.educa.madrid.org\/eoi.sansebastian\/\/wp-content\/uploads\/eoi.sansebastian\/2026\/03\/PHOTO-2025-02-13-18-00-43-2-1024x768-1.jpg\" target=\"_blank\"><img loading=\"lazy\" decoding=\"async\" width=\"1024\" height=\"768\" data-id=\"3880\" src=\"https:\/\/site.educa.madrid.org\/eoi.sansebastian\/\/wp-content\/uploads\/eoi.sansebastian\/2026\/03\/PHOTO-2025-02-13-18-00-43-2-1024x768-1.jpg\" alt=\"\" class=\"wp-image-3880\" srcset=\"https:\/\/site.educa.madrid.org\/eoi.sansebastian\/\/wp-content\/uploads\/eoi.sansebastian\/2026\/03\/PHOTO-2025-02-13-18-00-43-2-1024x768-1.jpg 1024w, https:\/\/site.educa.madrid.org\/eoi.sansebastian\/\/wp-content\/uploads\/eoi.sansebastian\/2026\/03\/PHOTO-2025-02-13-18-00-43-2-1024x768-1-300x225.jpg 300w, https:\/\/site.educa.madrid.org\/eoi.sansebastian\/\/wp-content\/uploads\/eoi.sansebastian\/2026\/03\/PHOTO-2025-02-13-18-00-43-2-1024x768-1-768x576.jpg 768w\" sizes=\"auto, (max-width: 1024px) 100vw, 1024px\" \/><\/a><\/figure>\n\n\n\n<figure class=\"wp-block-image size-full\"><a href=\"https:\/\/site.educa.madrid.org\/eoi.sansebastian\/\/wp-content\/uploads\/eoi.sansebastian\/2026\/03\/PHOTO-2025-02-13-18-00-43-1024x768-1.jpg\" target=\"_blank\"><img loading=\"lazy\" decoding=\"async\" width=\"1024\" height=\"768\" data-id=\"3882\" src=\"https:\/\/site.educa.madrid.org\/eoi.sansebastian\/\/wp-content\/uploads\/eoi.sansebastian\/2026\/03\/PHOTO-2025-02-13-18-00-43-1024x768-1.jpg\" alt=\"\" class=\"wp-image-3882\" srcset=\"https:\/\/site.educa.madrid.org\/eoi.sansebastian\/\/wp-content\/uploads\/eoi.sansebastian\/2026\/03\/PHOTO-2025-02-13-18-00-43-1024x768-1.jpg 1024w, https:\/\/site.educa.madrid.org\/eoi.sansebastian\/\/wp-content\/uploads\/eoi.sansebastian\/2026\/03\/PHOTO-2025-02-13-18-00-43-1024x768-1-300x225.jpg 300w, https:\/\/site.educa.madrid.org\/eoi.sansebastian\/\/wp-content\/uploads\/eoi.sansebastian\/2026\/03\/PHOTO-2025-02-13-18-00-43-1024x768-1-768x576.jpg 768w\" sizes=\"auto, (max-width: 1024px) 100vw, 1024px\" \/><\/a><\/figure>\n\n\n\n<figure class=\"wp-block-image size-full\"><a href=\"https:\/\/site.educa.madrid.org\/eoi.sansebastian\/\/wp-content\/uploads\/eoi.sansebastian\/2026\/03\/PHOTO-2025-02-13-18-00-42-2-1024x768-1.jpg\" target=\"_blank\"><img loading=\"lazy\" decoding=\"async\" width=\"1024\" height=\"768\" data-id=\"3881\" src=\"https:\/\/site.educa.madrid.org\/eoi.sansebastian\/\/wp-content\/uploads\/eoi.sansebastian\/2026\/03\/PHOTO-2025-02-13-18-00-42-2-1024x768-1.jpg\" alt=\"\" class=\"wp-image-3881\" srcset=\"https:\/\/site.educa.madrid.org\/eoi.sansebastian\/\/wp-content\/uploads\/eoi.sansebastian\/2026\/03\/PHOTO-2025-02-13-18-00-42-2-1024x768-1.jpg 1024w, https:\/\/site.educa.madrid.org\/eoi.sansebastian\/\/wp-content\/uploads\/eoi.sansebastian\/2026\/03\/PHOTO-2025-02-13-18-00-42-2-1024x768-1-300x225.jpg 300w, https:\/\/site.educa.madrid.org\/eoi.sansebastian\/\/wp-content\/uploads\/eoi.sansebastian\/2026\/03\/PHOTO-2025-02-13-18-00-42-2-1024x768-1-768x576.jpg 768w\" sizes=\"auto, (max-width: 1024px) 100vw, 1024px\" \/><\/a><\/figure>\n<\/figure>\n\n\n\n<p><strong>Avant-premi\u00e8re de \u201cLa vie devant moi&nbsp;\u00bb \u00e0 l\u2019Institut Fran\u00e7ais de Madrid<\/strong><\/p>\n\n\n\n<p>Le 17 f\u00e9vrier 2025, les \u00e9l\u00e8ves de fran\u00e7ais ont assist\u00e9 \u00e0 l\u2019avant-premi\u00e8re du film de Nils Tavernier \u00abLa vie devant moi\u00bb \u00e0 l\u2019Institut Fran\u00e7ais. Une occasion de d\u00e9couvrir l\u2019Histoire de France et la Seconde Guerre mondiale autrement.<\/p>\n\n\n\n<p><strong>Preestreno de <\/strong><em><strong>\u201cLa vida ante m\u00ed\u201d<\/strong><\/em><strong> en el Instituto Franc\u00e9s de Madrid<\/strong><\/p>\n\n\n\n<p>El 17 de febrero de 2025, los alumnos de franc\u00e9s asistieron al preestreno de la pel\u00edcula de Nils Tavernier <em>\u201cLa vida ante m\u00ed\u201d<\/em> en el Instituto Franc\u00e9s. Fue una oportunidad para descubrir la Historia de Francia y la Segunda Guerra Mundial desde una perspectiva diferente.<\/p>\n\n\n\n<figure class=\"wp-block-image\"><a href=\"https:\/\/www.disercom.com\/eoisanse\/wp-content\/uploads\/2026\/02\/20250224_195615-scaled.jpg\"><img decoding=\"async\" src=\"https:\/\/www.disercom.com\/eoisanse\/wp-content\/uploads\/2026\/02\/20250224_195615-1024x462.jpg\" alt=\"\" class=\"wp-image-4500\"\/><\/a><\/figure>\n\n\n\n<p><\/p>\n","protected":false},"excerpt":{"rendered":"<p>DEPARTAMENTO DE FRANC\u00c9S ACTIVIT\u00c9S 2024-2025 \/ ACTIVIDADES 2024-2025 C\u00e9l\u00e9bration de la Chandeleur (f\u00e9vrier 2025) \u00c0 l\u2019occasion de la Chandeleur, nous \u00e9l\u00e8ves des groupes de A1 et A2 de fran\u00e7ais ont &#8230;<\/p>\n","protected":false},"author":2,"featured_media":3883,"parent":0,"menu_order":0,"comment_status":"closed","ping_status":"closed","template":"","meta":{"footnotes":""},"folder":[64],"class_list":["post-3928","page","type-page","status-publish","has-post-thumbnail","hentry"],"rttpg_featured_image_url":{"full":["https:\/\/site.educa.madrid.org\/eoi.sansebastian\/\/wp-content\/uploads\/eoi.sansebastian\/2026\/03\/PHOTO-2025-02-13-18-00-422.jpg",1200,1600,false],"landscape":["https:\/\/site.educa.madrid.org\/eoi.sansebastian\/\/wp-content\/uploads\/eoi.sansebastian\/2026\/03\/PHOTO-2025-02-13-18-00-422.jpg",1200,1600,false],"portraits":["https:\/\/site.educa.madrid.org\/eoi.sansebastian\/\/wp-content\/uploads\/eoi.sansebastian\/2026\/03\/PHOTO-2025-02-13-18-00-422.jpg",1200,1600,false],"thumbnail":["https:\/\/site.educa.madrid.org\/eoi.sansebastian\/\/wp-content\/uploads\/eoi.sansebastian\/2026\/03\/PHOTO-2025-02-13-18-00-422-150x150.jpg",150,150,true],"medium":["https:\/\/site.educa.madrid.org\/eoi.sansebastian\/\/wp-content\/uploads\/eoi.sansebastian\/2026\/03\/PHOTO-2025-02-13-18-00-422-225x300.jpg",225,300,true],"large":["https:\/\/site.educa.madrid.org\/eoi.sansebastian\/\/wp-content\/uploads\/eoi.sansebastian\/2026\/03\/PHOTO-2025-02-13-18-00-422-768x1024.jpg",768,1024,true],"thumblist":["https:\/\/site.educa.madrid.org\/eoi.sansebastian\/\/wp-content\/uploads\/eoi.sansebastian\/2026\/03\/PHOTO-2025-02-13-18-00-422-300x300.jpg",300,300,true],"thumbrelated":["https:\/\/site.educa.madrid.org\/eoi.sansebastian\/\/wp-content\/uploads\/eoi.sansebastian\/2026\/03\/PHOTO-2025-02-13-18-00-422-500x500.jpg",500,500,true],"meccarouselthumb":["https:\/\/site.educa.madrid.org\/eoi.sansebastian\/\/wp-content\/uploads\/eoi.sansebastian\/2026\/03\/PHOTO-2025-02-13-18-00-422-474x324.jpg",474,324,true],"gridsquare":["https:\/\/site.educa.madrid.org\/eoi.sansebastian\/\/wp-content\/uploads\/eoi.sansebastian\/2026\/03\/PHOTO-2025-02-13-18-00-422-391x260.jpg",391,260,true],"tileview":["https:\/\/site.educa.madrid.org\/eoi.sansebastian\/\/wp-content\/uploads\/eoi.sansebastian\/2026\/03\/PHOTO-2025-02-13-18-00-422-300x400.jpg",300,400,true],"1536x1536":["https:\/\/site.educa.madrid.org\/eoi.sansebastian\/\/wp-content\/uploads\/eoi.sansebastian\/2026\/03\/PHOTO-2025-02-13-18-00-422-1152x1536.jpg",1152,1536,true],"2048x2048":["https:\/\/site.educa.madrid.org\/eoi.sansebastian\/\/wp-content\/uploads\/eoi.sansebastian\/2026\/03\/PHOTO-2025-02-13-18-00-422.jpg",1200,1600,false],"onepress-blog-small":["https:\/\/site.educa.madrid.org\/eoi.sansebastian\/\/wp-content\/uploads\/eoi.sansebastian\/2026\/03\/PHOTO-2025-02-13-18-00-422-300x150.jpg",300,150,true],"onepress-small":["https:\/\/site.educa.madrid.org\/eoi.sansebastian\/\/wp-content\/uploads\/eoi.sansebastian\/2026\/03\/PHOTO-2025-02-13-18-00-422-480x300.jpg",480,300,true],"onepress-medium":["https:\/\/site.educa.madrid.org\/eoi.sansebastian\/\/wp-content\/uploads\/eoi.sansebastian\/2026\/03\/PHOTO-2025-02-13-18-00-422-640x400.jpg",640,400,true],"sow-carousel-default":["https:\/\/site.educa.madrid.org\/eoi.sansebastian\/\/wp-content\/uploads\/eoi.sansebastian\/2026\/03\/PHOTO-2025-02-13-18-00-422-272x182.jpg",272,182,true],"sow-post-carousel-overlay-theme":["https:\/\/site.educa.madrid.org\/eoi.sansebastian\/\/wp-content\/uploads\/eoi.sansebastian\/2026\/03\/PHOTO-2025-02-13-18-00-422-360x476.jpg",360,476,true],"sow-post-carousel-cards-theme":["https:\/\/site.educa.madrid.org\/eoi.sansebastian\/\/wp-content\/uploads\/eoi.sansebastian\/2026\/03\/PHOTO-2025-02-13-18-00-422-360x240.jpg",360,240,true],"rt_custom":["https:\/\/site.educa.madrid.org\/eoi.sansebastian\/\/wp-content\/uploads\/eoi.sansebastian\/2026\/03\/PHOTO-2025-02-13-18-00-422.jpg",1200,1600,false]},"rttpg_author":{"display_name":"tic.eoi.sansebastian","author_link":"https:\/\/site.educa.madrid.org\/eoi.sansebastian\/index.php\/author\/cuenta_tic-eoi-sansebastian\/"},"rttpg_comment":0,"rttpg_category":" <a href=\"https:\/\/site.educa.madrid.org\/eoi.sansebastian\/?taxonomy=folder&#038;term=actividades\" rel=\"tag\">Actividades<\/a>","rttpg_excerpt":"DEPARTAMENTO DE FRANC\u00c9S ACTIVIT\u00c9S 2024-2025 \/ ACTIVIDADES 2024-2025 C\u00e9l\u00e9bration de la Chandeleur (f\u00e9vrier 2025) \u00c0 l\u2019occasion de la Chandeleur, nous \u00e9l\u00e8ves des groupes de A1 et A2 de fran\u00e7ais ont ...","post_mailing_queue_ids":[],"_links":{"self":[{"href":"https:\/\/site.educa.madrid.org\/eoi.sansebastian\/index.php\/wp-json\/wp\/v2\/pages\/3928","targetHints":{"allow":["GET"]}}],"collection":[{"href":"https:\/\/site.educa.madrid.org\/eoi.sansebastian\/index.php\/wp-json\/wp\/v2\/pages"}],"about":[{"href":"https:\/\/site.educa.madrid.org\/eoi.sansebastian\/index.php\/wp-json\/wp\/v2\/types\/page"}],"author":[{"embeddable":true,"href":"https:\/\/site.educa.madrid.org\/eoi.sansebastian\/index.php\/wp-json\/wp\/v2\/users\/2"}],"replies":[{"embeddable":true,"href":"https:\/\/site.educa.madrid.org\/eoi.sansebastian\/index.php\/wp-json\/wp\/v2\/comments?post=3928"}],"version-history":[{"count":3,"href":"https:\/\/site.educa.madrid.org\/eoi.sansebastian\/index.php\/wp-json\/wp\/v2\/pages\/3928\/revisions"}],"predecessor-version":[{"id":3932,"href":"https:\/\/site.educa.madrid.org\/eoi.sansebastian\/index.php\/wp-json\/wp\/v2\/pages\/3928\/revisions\/3932"}],"wp:featuredmedia":[{"embeddable":true,"href":"https:\/\/site.educa.madrid.org\/eoi.sansebastian\/index.php\/wp-json\/wp\/v2\/media\/3883"}],"wp:attachment":[{"href":"https:\/\/site.educa.madrid.org\/eoi.sansebastian\/index.php\/wp-json\/wp\/v2\/media?parent=3928"}],"wp:term":[{"taxonomy":"folder","embeddable":true,"href":"https:\/\/site.educa.madrid.org\/eoi.sansebastian\/index.php\/wp-json\/wp\/v2\/folder?post=3928"}],"curies":[{"name":"wp","href":"https:\/\/api.w.org\/{rel}","templated":true}]}}

<div style="height:50px" aria-hidden="true" class="wp-block-spacer"></div>



<p><strong>DEPARTAMENTO DE FRANCÉS</strong></p>



<p><strong>ACTIVITÉS 2024-2025 / ACTIVIDADES 2024-2025</strong></p>



<p><strong>Célébration de la Chandeleur (février 2025)</strong></p>



<p>À l’occasion de la Chandeleur, nous élèves des groupes de A1 et A2 de français ont mis la main à la pâte afin de fêter la Chandeleur comme il se doit. Un moment convivial et gourmand qui leur a permis de s’initier aux joies de la gastronomie française. Une expérience à la fois culturelle, ludique et savoureuse, très appréciée par tous les participants.</p>



<p><strong>Celebración de la Candelaria (febrero de 2025)</strong></p>



<p>Con motivo de la Candelaria, los alumnos de los grupos A1 y A2 de francés se pusieron manos a la obra para celebrar esta tradición como se merece. Este momento convivencial y gastronómico les permitió descubrir una costumbre emblemática de la cultura francesa al mismo tiempo que se iniciaban en los placeres de la gastronomía. Una experiencia a la vez cultural, lúdica y sabrosa, muy apreciada por todos los participantes.</p>



<p><a href="https://www.disercom.com/eoisanse/wp-content/uploads/2026/02/PHOTO-2025-02-13-18-00-42-2.jpg" target="_blank" rel="noreferrer noopener"></a><a href="https://www.disercom.com/eoisanse/wp-content/uploads/2026/02/PHOTO-2025-02-13-18-00-43.jpg" target="_blank" rel="noreferrer noopener"></a><a href="https://www.disercom.com/eoisanse/wp-content/uploads/2026/02/PHOTO-2025-02-13-18-00-43-2.jpg" target="_blank" rel="noreferrer noopener"></a></p>



<figure class="wp-block-gallery has-nested-images columns-default is-cropped wp-block-gallery-1 is-layout-flex wp-block-gallery-is-layout-flex">
<figure class="wp-block-image size-full"><a href="https://site.educa.madrid.org/eoi.sansebastian//wp-content/uploads/eoi.sansebastian/2026/03/PHOTO-2025-02-13-18-00-43-2-1024x768-1.jpg" target="_blank"><img loading="lazy" decoding="async" width="1024" height="768" data-id="3880" src="https://site.educa.madrid.org/eoi.sansebastian//wp-content/uploads/eoi.sansebastian/2026/03/PHOTO-2025-02-13-18-00-43-2-1024x768-1.jpg" alt="" class="wp-image-3880" srcset="https://site.educa.madrid.org/eoi.sansebastian//wp-content/uploads/eoi.sansebastian/2026/03/PHOTO-2025-02-13-18-00-43-2-1024x768-1.jpg 1024w, https://site.educa.madrid.org/eoi.sansebastian//wp-content/uploads/eoi.sansebastian/2026/03/PHOTO-2025-02-13-18-00-43-2-1024x768-1-300x225.jpg 300w, https://site.educa.madrid.org/eoi.sansebastian//wp-content/uploads/eoi.sansebastian/2026/03/PHOTO-2025-02-13-18-00-43-2-1024x768-1-768x576.jpg 768w" sizes="auto, (max-width: 1024px) 100vw, 1024px" /></a></figure>



<figure class="wp-block-image size-full"><a href="https://site.educa.madrid.org/eoi.sansebastian//wp-content/uploads/eoi.sansebastian/2026/03/PHOTO-2025-02-13-18-00-43-1024x768-1.jpg" target="_blank"><img loading="lazy" decoding="async" width="1024" height="768" data-id="3882" src="https://site.educa.madrid.org/eoi.sansebastian//wp-content/uploads/eoi.sansebastian/2026/03/PHOTO-2025-02-13-18-00-43-1024x768-1.jpg" alt="" class="wp-image-3882" srcset="https://site.educa.madrid.org/eoi.sansebastian//wp-content/uploads/eoi.sansebastian/2026/03/PHOTO-2025-02-13-18-00-43-1024x768-1.jpg 1024w, https://site.educa.madrid.org/eoi.sansebastian//wp-content/uploads/eoi.sansebastian/2026/03/PHOTO-2025-02-13-18-00-43-1024x768-1-300x225.jpg 300w, https://site.educa.madrid.org/eoi.sansebastian//wp-content/uploads/eoi.sansebastian/2026/03/PHOTO-2025-02-13-18-00-43-1024x768-1-768x576.jpg 768w" sizes="auto, (max-width: 1024px) 100vw, 1024px" /></a></figure>



<figure class="wp-block-image size-full"><a href="https://site.educa.madrid.org/eoi.sansebastian//wp-content/uploads/eoi.sansebastian/2026/03/PHOTO-2025-02-13-18-00-42-2-1024x768-1.jpg" target="_blank"><img loading="lazy" decoding="async" width="1024" height="768" data-id="3881" src="https://site.educa.madrid.org/eoi.sansebastian//wp-content/uploads/eoi.sansebastian/2026/03/PHOTO-2025-02-13-18-00-42-2-1024x768-1.jpg" alt="" class="wp-image-3881" srcset="https://site.educa.madrid.org/eoi.sansebastian//wp-content/uploads/eoi.sansebastian/2026/03/PHOTO-2025-02-13-18-00-42-2-1024x768-1.jpg 1024w, https://site.educa.madrid.org/eoi.sansebastian//wp-content/uploads/eoi.sansebastian/2026/03/PHOTO-2025-02-13-18-00-42-2-1024x768-1-300x225.jpg 300w, https://site.educa.madrid.org/eoi.sansebastian//wp-content/uploads/eoi.sansebastian/2026/03/PHOTO-2025-02-13-18-00-42-2-1024x768-1-768x576.jpg 768w" sizes="auto, (max-width: 1024px) 100vw, 1024px" /></a></figure>
</figure>



<p><strong>Avant-première de “La vie devant moi&nbsp;» à l’Institut Français de Madrid</strong></p>



<p>Le 17 février 2025, les élèves de français ont assisté à l’avant-première du film de Nils Tavernier «La vie devant moi» à l’Institut Français. Une occasion de découvrir l’Histoire de France et la Seconde Guerre mondiale autrement.</p>



<p><strong>Preestreno de </strong><em><strong>“La vida ante mí”</strong></em><strong> en el Instituto Francés de Madrid</strong></p>



<p>El 17 de febrero de 2025, los alumnos de francés asistieron al preestreno de la película de Nils Tavernier <em>“La vida ante mí”</em> en el Instituto Francés. Fue una oportunidad para descubrir la Historia de Francia y la Segunda Guerra Mundial desde una perspectiva diferente.</p>



<figure class="wp-block-image"><a href="https://www.disercom.com/eoisanse/wp-content/uploads/2026/02/20250224_195615-scaled.jpg"><img decoding="async" src="https://www.disercom.com/eoisanse/wp-content/uploads/2026/02/20250224_195615-1024x462.jpg" alt="" class="wp-image-4500"/></a></figure>



<p></p>

<p>DEPARTAMENTO DE FRANCÉS ACTIVITÉS 2024-2025 / ACTIVIDADES 2024-2025 Célébration de la Chandeleur (février 2025) À l’occasion de la Chandeleur, nous élèves des groupes de A1 et A2 de français ont &#8230;</p>

DEPARTAMENTO DE FRANCÉS ACTIVITÉS 2024-2025 / ACTIVIDADES 2024-2025 Célébration de la Chandeleur (février 2025) À l’occasion de la Chandeleur, nous élèves des groupes de A1 et A2 de français ont ...
