{"id":602,"date":"2020-07-12T10:27:22","date_gmt":"2020-07-12T10:27:22","guid":{"rendered":"https:\/\/site.educa.madrid.org\/eoi.valdezarza.madrid\/?page_id=602"},"modified":"2025-03-31T16:53:01","modified_gmt":"2025-03-31T14:53:01","slug":"oferta-educativa-y-modalidades-de-ensenanza","status":"publish","type":"page","link":"https:\/\/site.educa.madrid.org\/eoi.valdezarza.madrid\/index.php\/oferta-educativa-y-modalidades-de-ensenanza\/","title":{"rendered":"Modalidades de ense\u00f1anza"},"content":{"rendered":"<div><ss3-force-full-width data-overflow-x=\"body\" data-horizontal-selector=\"body\"><div class=\"n2-section-smartslider fitvidsignore \" data-ssid=\"11\" tabindex=\"0\" role=\"region\" aria-label=\"Slider\"><div id=\"n2-ss-11-align\" class=\"n2-ss-align\"><div class=\"n2-padding\"><div id=\"n2-ss-11\" data-creator=\"Smart Slider 3\" data-responsive=\"fullwidth\" class=\"n2-ss-slider n2-ow n2-has-hover n2notransition  \">\n        <div class=\"n2-ss-slider-1 n2_ss__touch_element n2-ow\">\n            <div class=\"n2-ss-slider-2 n2-ow\">\n                                                <div class=\"n2-ss-slider-3 n2-ow\">\n\n                    <div class=\"n2-ss-slide-backgrounds n2-ow-all\"><div class=\"n2-ss-slide-background\" data-public-id=\"1\" data-mode=\"fill\"><div class=\"n2-ss-slide-background-image\" data-blur=\"0\" data-opacity=\"100\" data-x=\"50\" data-y=\"50\" data-alt=\"\" data-title=\"\"><picture class=\"skip-lazy\" data-skip-lazy=\"1\"><img decoding=\"async\" src=\"\/\/site.educa.madrid.org\/eoi.valdezarza.madrid\/\/wp-content\/uploads\/eoi.valdezarza.madrid\/2020\/05\/oferta_educativa_idiomas_eoi_valdezarza.jpg\" alt=\"\" title=\"\" loading=\"lazy\" class=\"skip-lazy\" data-skip-lazy=\"1\"><\/picture><\/div><div data-color=\"RGBA(255,255,255,0)\" style=\"background-color: RGBA(255,255,255,0);\" class=\"n2-ss-slide-background-color\"><\/div><\/div><\/div>                    <div class=\"n2-ss-slider-4 n2-ow\">\n                        <svg xmlns=\"http:\/\/www.w3.org\/2000\/svg\" viewBox=\"0 0 1200 200\" data-related-device=\"desktopPortrait\" class=\"n2-ow n2-ss-preserve-size n2-ss-preserve-size--slider n2-ss-slide-limiter\"><\/svg><div data-first=\"1\" data-slide-duration=\"0\" data-id=\"16\" data-slide-public-id=\"1\" data-title=\"oferta_educativa_idiomas_eoi_valdezarza\" class=\"n2-ss-slide n2-ow  n2-ss-slide-16\"><div role=\"note\" class=\"n2-ss-slide--focus\" tabindex=\"-1\">oferta_educativa_idiomas_eoi_valdezarza<\/div><div class=\"n2-ss-layers-container n2-ss-slide-limiter n2-ow\"><div class=\"n2-ss-layer n2-ow n-uc-ClzQehHe474B\" data-sstype=\"slide\" data-pm=\"default\"><\/div><\/div><\/div>                    <\/div>\n\n                                    <\/div>\n            <\/div>\n        <\/div>\n        <\/div><ss3-loader><\/ss3-loader><\/div><\/div><div class=\"n2_clear\"><\/div><\/div><\/ss3-force-full-width><\/div>\n\n\n<div style=\"height:50px\" aria-hidden=\"true\" class=\"wp-block-spacer\"><\/div>\n\n\n\n<div class=\"wp-block-columns is-layout-flex wp-container-core-columns-is-layout-9d6595d7 wp-block-columns-is-layout-flex\">\n<div class=\"wp-block-column is-layout-flow wp-block-column-is-layout-flow\">\n<h2 class=\"wp-block-heading\">Modalidades de ense\u00f1anza<\/h2>\n\n\n\n<p>Existen dos modalidades b\u00e1sicas de ense\u00f1anzas: la&nbsp;<strong>oficial<\/strong>&nbsp;y la&nbsp;<strong>libre<\/strong>, a las que hay que a\u00f1adir, pero s\u00f3lo en ingl\u00e9s, la <strong>modalidad a distancia.<\/strong> En estas modalidades, tanto presencial como libre o a distancia, se obtiene una titulaci\u00f3n de reconocido prestigio y homologada a los niveles europeos de competencia lingu\u00edstica, expedida por las autoridades educativas, con validez en todo el territorio nacional y reconocimiento en el territorio UE.<br><br><strong>La ense\u00f1anza oficial<\/strong>:<br><br>Puede ser <strong>presencial<\/strong> o <strong>semipresencial<\/strong>. La modalidad presencial consiste en dar todas las horas lectivas presencialmente, Consta de ocho cursos acad\u00e9micos de entre 90 y 135 horas lectivas cada uno (dependiendo de los cursos), impartidas en dos d\u00edas por semana (L y X o M y J). El abanico de horarios, que depender\u00e1 de la demanda de cada idioma y nivel, se extiende por la tarde de lunes a jueves desde las 15:30 h a las 21:15h y por la ma\u00f1ana, solo los martes y jueves, desde las 9:45h a las 14:15 h.<strong> <\/strong>La modalidad semipresencial consiste en reducir la presencialidad hasta un 50 % de las horas lectivas, complet\u00e1ndose el resto de las horas desde casa a trav\u00e9s del aula virtual.<\/p>\n\n\n\n<p><strong>La ense\u00f1anza libre<\/strong><br><br>Consiste en presentarse \u00fanicamente a los ex\u00e1menes de Certificado de nivel b\u00e1sico, intermedio u avanzado, convocados anualmente por las Autoridades educativas. Estos ex\u00e1menes suelen realizarse en el mes de junio.<\/p>\n\n\n\n<p><strong>Modalidad a distancia<\/strong><\/p>\n\n\n\n<p>Existe para los niveles b\u00e1sico e intermedio de Ingl\u00e9s la modalidad de ense\u00f1anza a distancia a trav\u00e9s del <a href=\"https:\/\/site.educa.madrid.org\/eoi.valdezarza.madrid\/index.php\/thats-english\/\" target=\"_blank\" rel=\"noreferrer noopener\">programa That&#8217;s English.<\/a><\/p>\n\n\n\n<p><\/p>\n<\/div>\n\n\n\n<div class=\"wp-block-column is-layout-flow wp-block-column-is-layout-flow\">\n<div style=\"height:50px\" aria-hidden=\"true\" class=\"wp-block-spacer\"><\/div>\n\n\n\n<p class=\"has-very-light-gray-background-color has-background\">En la EOI de Valdezarza, los niveles ofertados para los programas de ense\u00f1anza reglada, van desde el&nbsp;<strong>nivel b\u00e1sico (A1) hasta el nivel avanzado (C2)<\/strong>, divididos en ocho cursos.<\/p>\n\n\n\n<p class=\"has-very-light-gray-background-color has-background\">Estos niveles se corresponden con los recogidos en el&nbsp;<a href=\"http:\/\/cvc.cervantes.es\/ensenanza\/biblioteca_ele\/marco\/cvc_mer.pdf\">Marco Com\u00fan de Referencia para las Lenguas<\/a>.<\/p>\n\n\n\n<p class=\"has-very-light-gray-background-color has-background\"><strong>Cursos de actualizaci\u00f3n y perfeccionamiento<\/strong>. <br><br>Ense\u00f1anza no reglada, dirigida a aquellos alumnos, de diferentes niveles, que busquen actualizarse y perfeccionar determinadas destrezas o adquirir habilidades ling\u00fc\u00edsticas dirigidas al desarrollo profesional. Esta oferta educativa se renueva cada curso acad\u00e9mico (consultar disponibilidad).<\/p>\n<\/div>\n<\/div>\n\n\n\n<hr class=\"wp-block-separator has-css-opacity is-style-wide\"\/>\n\n\n\n<div class=\"wp-block-columns is-layout-flex wp-container-core-columns-is-layout-9d6595d7 wp-block-columns-is-layout-flex\">\n<div class=\"wp-block-column is-layout-flow wp-block-column-is-layout-flow\"><\/div>\n\n\n\n<div class=\"wp-block-column is-layout-flow wp-block-column-is-layout-flow\"><\/div>\n<\/div>\n","protected":false},"excerpt":{"rendered":"<p>Modalidades de ense\u00f1anza Existen dos modalidades b\u00e1sicas de ense\u00f1anzas: la&nbsp;oficial&nbsp;y la&nbsp;libre, a las que hay que a\u00f1adir, pero s\u00f3lo en ingl\u00e9s, la modalidad a distancia. En estas modalidades, tanto presencial &#8230;<\/p>\n","protected":false},"author":2,"featured_media":0,"parent":0,"menu_order":0,"comment_status":"closed","ping_status":"closed","template":"template-fullwidth.php","meta":{"footnotes":""},"folder":[],"class_list":["post-602","page","type-page","status-publish","hentry"],"rttpg_featured_image_url":null,"rttpg_author":{"display_name":"tic.eoi.valdezarza.madrid","author_link":"https:\/\/site.educa.madrid.org\/eoi.valdezarza.madrid\/index.php\/author\/cuenta_tic-eoi-valdezarza-madrid\/"},"rttpg_comment":0,"rttpg_category":false,"rttpg_excerpt":"Modalidades de ense\u00f1anza Existen dos modalidades b\u00e1sicas de ense\u00f1anzas: la&nbsp;oficial&nbsp;y la&nbsp;libre, a las que hay que a\u00f1adir, pero s\u00f3lo en ingl\u00e9s, la modalidad a distancia. En estas modalidades, tanto presencial ...","post_mailing_queue_ids":[],"_links":{"self":[{"href":"https:\/\/site.educa.madrid.org\/eoi.valdezarza.madrid\/index.php\/wp-json\/wp\/v2\/pages\/602","targetHints":{"allow":["GET"]}}],"collection":[{"href":"https:\/\/site.educa.madrid.org\/eoi.valdezarza.madrid\/index.php\/wp-json\/wp\/v2\/pages"}],"about":[{"href":"https:\/\/site.educa.madrid.org\/eoi.valdezarza.madrid\/index.php\/wp-json\/wp\/v2\/types\/page"}],"author":[{"embeddable":true,"href":"https:\/\/site.educa.madrid.org\/eoi.valdezarza.madrid\/index.php\/wp-json\/wp\/v2\/users\/2"}],"replies":[{"embeddable":true,"href":"https:\/\/site.educa.madrid.org\/eoi.valdezarza.madrid\/index.php\/wp-json\/wp\/v2\/comments?post=602"}],"version-history":[{"count":14,"href":"https:\/\/site.educa.madrid.org\/eoi.valdezarza.madrid\/index.php\/wp-json\/wp\/v2\/pages\/602\/revisions"}],"predecessor-version":[{"id":3794,"href":"https:\/\/site.educa.madrid.org\/eoi.valdezarza.madrid\/index.php\/wp-json\/wp\/v2\/pages\/602\/revisions\/3794"}],"wp:attachment":[{"href":"https:\/\/site.educa.madrid.org\/eoi.valdezarza.madrid\/index.php\/wp-json\/wp\/v2\/media?parent=602"}],"wp:term":[{"taxonomy":"folder","embeddable":true,"href":"https:\/\/site.educa.madrid.org\/eoi.valdezarza.madrid\/index.php\/wp-json\/wp\/v2\/folder?post=602"}],"curies":[{"name":"wp","href":"https:\/\/api.w.org\/{rel}","templated":true}]}}