{"id":515,"date":"2022-06-29T10:21:07","date_gmt":"2022-06-29T08:21:07","guid":{"rendered":"https:\/\/site.educa.madrid.org\/ies.alfonsomoreno.brunete\/?page_id=515"},"modified":"2023-10-19T19:47:51","modified_gmt":"2023-10-19T17:47:51","slug":"economia","status":"publish","type":"page","link":"https:\/\/site.educa.madrid.org\/ies.alfonsomoreno.brunete\/index.php\/inicio\/quienes-somos\/equipo-docente\/economia\/","title":{"rendered":"Econom\u00eda"},"content":{"rendered":"<p class=\"Textbody\">Si te apasiona el mundo de la Econom\u00eda, pero no est\u00e1s seguro de todo lo que te puede ofrecer, te recomendamos que leas con atenci\u00f3n toda la informaci\u00f3n que te dejamos en nuestra web. Y si, despu\u00e9s de esto, sigues teniendo dudas, ponte en contacto con nosotros y te aclararemos todas las dudas.<\/p>\n<p class=\"Textbody\"><b><span style=\"font-size: 14.0pt; line-height: 115%;\">Criterios de calificaci\u00f3n de la materias<\/span><\/b><\/p>\n<p class=\"Textbody\"><a href=\"https:\/\/site.educa.madrid.org\/ies.alfonsomoreno.brunete\/\/wp-content\/uploads\/ies.alfonsomoreno.brunete\/2023\/10\/4o-ESO-EVALUACION-Y-CALIFICACION_ECONOMIA-Y-EMPRENDIMIENTO.pdf\">4\u00baESO<\/a><\/p>\n<p><a href=\"https:\/\/site.educa.madrid.org\/ies.alfonsomoreno.brunete\/\/wp-content\/uploads\/ies.alfonsomoreno.brunete\/2023\/10\/1o-BACH-EVALUACION-Y-CALIFICACION_ECONOMIA.docx\">1\u00baBachillerato<\/a><\/p>\n<p><a href=\"https:\/\/site.educa.madrid.org\/ies.alfonsomoreno.brunete\/\/wp-content\/uploads\/ies.alfonsomoreno.brunete\/2023\/10\/2o-BACH-EVALUACION-Y-CALIFICACION_EMPRESA-Y-DISENO-DE-MODELOS-DE-NEGOCIO.docx\">2\u00baBachillerato<\/a><\/p>\n","protected":false},"excerpt":{"rendered":"<p>Si te apasiona el mundo de la Econom\u00eda, pero no est\u00e1s seguro de todo lo que te puede ofrecer, te recomendamos que leas con atenci\u00f3n toda la informaci\u00f3n que te dejamos en nuestra web. Y si, despu\u00e9s de esto, sigues teniendo dudas, ponte en contacto con nosotros y te aclararemos todas las dudas. Criterios de [&hellip;]<\/p>\n","protected":false},"author":5,"featured_media":0,"parent":121,"menu_order":10,"comment_status":"closed","ping_status":"closed","template":"","meta":{"footnotes":""},"folder":[],"class_list":["post-515","page","type-page","status-publish","hentry"],"rttpg_featured_image_url":null,"rttpg_author":{"display_name":"Cuenta Admin-educamadrid","author_link":"https:\/\/site.educa.madrid.org\/ies.alfonsomoreno.brunete\/index.php\/author\/cuenta_admin-educamadrid\/"},"rttpg_comment":0,"rttpg_category":false,"rttpg_excerpt":"Si te apasiona el mundo de la Econom\u00eda, pero no est\u00e1s seguro de todo lo que te puede ofrecer, te recomendamos que leas con atenci\u00f3n toda la informaci\u00f3n que te dejamos en nuestra web. Y si, despu\u00e9s de esto, sigues teniendo dudas, ponte en contacto con nosotros y te aclararemos todas las dudas. Criterios de&hellip;","post_mailing_queue_ids":[],"_links":{"self":[{"href":"https:\/\/site.educa.madrid.org\/ies.alfonsomoreno.brunete\/index.php\/wp-json\/wp\/v2\/pages\/515","targetHints":{"allow":["GET"]}}],"collection":[{"href":"https:\/\/site.educa.madrid.org\/ies.alfonsomoreno.brunete\/index.php\/wp-json\/wp\/v2\/pages"}],"about":[{"href":"https:\/\/site.educa.madrid.org\/ies.alfonsomoreno.brunete\/index.php\/wp-json\/wp\/v2\/types\/page"}],"author":[{"embeddable":true,"href":"https:\/\/site.educa.madrid.org\/ies.alfonsomoreno.brunete\/index.php\/wp-json\/wp\/v2\/users\/5"}],"replies":[{"embeddable":true,"href":"https:\/\/site.educa.madrid.org\/ies.alfonsomoreno.brunete\/index.php\/wp-json\/wp\/v2\/comments?post=515"}],"version-history":[{"count":2,"href":"https:\/\/site.educa.madrid.org\/ies.alfonsomoreno.brunete\/index.php\/wp-json\/wp\/v2\/pages\/515\/revisions"}],"predecessor-version":[{"id":1791,"href":"https:\/\/site.educa.madrid.org\/ies.alfonsomoreno.brunete\/index.php\/wp-json\/wp\/v2\/pages\/515\/revisions\/1791"}],"up":[{"embeddable":true,"href":"https:\/\/site.educa.madrid.org\/ies.alfonsomoreno.brunete\/index.php\/wp-json\/wp\/v2\/pages\/121"}],"wp:attachment":[{"href":"https:\/\/site.educa.madrid.org\/ies.alfonsomoreno.brunete\/index.php\/wp-json\/wp\/v2\/media?parent=515"}],"wp:term":[{"taxonomy":"folder","embeddable":true,"href":"https:\/\/site.educa.madrid.org\/ies.alfonsomoreno.brunete\/index.php\/wp-json\/wp\/v2\/folder?post=515"}],"curies":[{"name":"wp","href":"https:\/\/api.w.org\/{rel}","templated":true}]}}