{"id":527,"date":"2022-06-29T10:24:58","date_gmt":"2022-06-29T08:24:58","guid":{"rendered":"https:\/\/site.educa.madrid.org\/ies.alfonsomoreno.brunete\/?page_id=527"},"modified":"2026-05-10T17:37:43","modified_gmt":"2026-05-10T15:37:43","slug":"lengua-castellana-y-literatura","status":"publish","type":"page","link":"https:\/\/site.educa.madrid.org\/ies.alfonsomoreno.brunete\/index.php\/inicio\/quienes-somos\/equipo-docente\/lengua-castellana-y-literatura\/","title":{"rendered":"Lengua castellana y Literatura"},"content":{"rendered":"<p>\u00a0<\/p>\n<p><strong>CONCURSO LITERARIO 2026<\/strong><\/p>\n<p>El jueves 23 de abril, D\u00eda Internacional del Libro, se celebr\u00f3 en la biblioteca del IES Alfonso Moreno el acto de entrega de premios por el\u00a0 concurso literario realizado con motivo de la Semana del Libro. El concurso consist\u00eda en escribir un relato breve a partir de una frase de la novela\u00a0<em>Nubosidad variable<\/em>, de Carmen Mart\u00edn-Gaite. En el nivel de 1\u00ba y 2\u00ba de ESO, el relato ganador ha sido el de\u00a0<strong>Paula Fern\u00e1ndez<\/strong>, de 2\u00ba E. El segundo nivel (3\u00ba y 4\u00ba ESO) qued\u00f3 desierto, as\u00ed que se han entregado dos premios al tercer nivel, el de bachillerato. Los relatos seleccionados del mismo los han escrito\u00a0<strong>Eva Herranz\u00a0<\/strong>y\u00a0<strong>Jes\u00fas Montero<\/strong>, de 2\u00ba Bachillerato A y B, respectivamente. Las tres personas ganadoras han recibido un vale de regalo para gastar en la Papeler\u00eda-Librer\u00eda Iris de Brunete, con el fin de promocionar el comercio local y de cercan\u00eda. Felicidades a las tres.\u00a0<\/p>\n<p>Desde el departamento de Lengua y Literatura queremos agradecer la creatividad a todo el alumnado que ha participado en el concurso y que, con sus palabras, nos ha transportado a otros mundos, nos ha invitado a imaginar. Gracias por vuestros trabajos y nuestro deseo de que sig\u00e1is escribiendo y leyendo.\u00a0<\/p>\n<p>Aqu\u00ed pod\u00e9is disfrutar leyendo los relatos ganadores:<\/p>\n\n\n<div data-wp-interactive=\"core\/file\" class=\"wp-block-file\"><object data-wp-bind--hidden=\"!state.hasPdfPreview\" hidden class=\"wp-block-file__embed\" data=\"https:\/\/site.educa.madrid.org\/ies.alfonsomoreno.brunete\/\/wp-content\/uploads\/ies.alfonsomoreno.brunete\/2026\/05\/Concurso-literario-1o-y-2o-ESO-Paula-Fernandez.pdf\" type=\"application\/pdf\" style=\"width:100%;height:350px\" aria-label=\"Incrustado de Concurso literario 1\u00ba y 2\u00ba ESO Paula Fern\u00e1ndez.\"><\/object><a id=\"wp-block-file--media-c0f8ed88-083b-46c3-a75a-ef0c742ef45b\" href=\"https:\/\/site.educa.madrid.org\/ies.alfonsomoreno.brunete\/\/wp-content\/uploads\/ies.alfonsomoreno.brunete\/2026\/05\/Concurso-literario-1o-y-2o-ESO-Paula-Fernandez.pdf\">Concurso literario 1\u00ba y 2\u00ba ESO Paula Fern\u00e1ndez<\/a><a href=\"https:\/\/site.educa.madrid.org\/ies.alfonsomoreno.brunete\/\/wp-content\/uploads\/ies.alfonsomoreno.brunete\/2026\/05\/Concurso-literario-1o-y-2o-ESO-Paula-Fernandez.pdf\" class=\"wp-block-file__button wp-element-button\" download aria-describedby=\"wp-block-file--media-c0f8ed88-083b-46c3-a75a-ef0c742ef45b\">Descarga<\/a><\/div>\n\n\n\n<div data-wp-interactive=\"core\/file\" class=\"wp-block-file\"><object data-wp-bind--hidden=\"!state.hasPdfPreview\" hidden class=\"wp-block-file__embed\" data=\"https:\/\/site.educa.madrid.org\/ies.alfonsomoreno.brunete\/\/wp-content\/uploads\/ies.alfonsomoreno.brunete\/2026\/05\/concurso-literario-Bach-Eva-Herranz.pdf\" type=\"application\/pdf\" style=\"width:100%;height:450px\" aria-label=\"Incrustado de concurso literario Bach Eva Herranz.\"><\/object><a id=\"wp-block-file--media-a063cb56-0fca-4ead-a3c2-848c15cc6fee\" href=\"https:\/\/site.educa.madrid.org\/ies.alfonsomoreno.brunete\/\/wp-content\/uploads\/ies.alfonsomoreno.brunete\/2026\/05\/concurso-literario-Bach-Eva-Herranz.pdf\">concurso literario Bach Eva Herranz<\/a><a href=\"https:\/\/site.educa.madrid.org\/ies.alfonsomoreno.brunete\/\/wp-content\/uploads\/ies.alfonsomoreno.brunete\/2026\/05\/concurso-literario-Bach-Eva-Herranz.pdf\" class=\"wp-block-file__button wp-element-button\" download aria-describedby=\"wp-block-file--media-a063cb56-0fca-4ead-a3c2-848c15cc6fee\">Descarga<\/a><\/div>\n\n\n\n<div data-wp-interactive=\"core\/file\" class=\"wp-block-file\"><object data-wp-bind--hidden=\"!state.hasPdfPreview\" hidden class=\"wp-block-file__embed\" data=\"https:\/\/site.educa.madrid.org\/ies.alfonsomoreno.brunete\/\/wp-content\/uploads\/ies.alfonsomoreno.brunete\/2026\/05\/Concurso-literario-Bach.-Jesus-Montero.pdf\" type=\"application\/pdf\" style=\"width:100%;height:520px\" aria-label=\"Incrustado de Concurso literario Bach. Jes\u00fas Montero.\"><\/object><a id=\"wp-block-file--media-0e93cd5d-71b2-4696-84b2-4d254b4aa9c6\" href=\"https:\/\/site.educa.madrid.org\/ies.alfonsomoreno.brunete\/\/wp-content\/uploads\/ies.alfonsomoreno.brunete\/2026\/05\/Concurso-literario-Bach.-Jesus-Montero.pdf\">Concurso literario Bach. Jes\u00fas Montero<\/a><a href=\"https:\/\/site.educa.madrid.org\/ies.alfonsomoreno.brunete\/\/wp-content\/uploads\/ies.alfonsomoreno.brunete\/2026\/05\/Concurso-literario-Bach.-Jesus-Montero.pdf\" class=\"wp-block-file__button wp-element-button\" download aria-describedby=\"wp-block-file--media-0e93cd5d-71b2-4696-84b2-4d254b4aa9c6\">Descarga<\/a><\/div>\n\n\n\n<h4 class=\"wp-block-heading\">El encuentro con un cl\u00e1sico puede cambiar la vida<\/h4>\n\n\n\n<p>\u201c[\u2026] No es posible concebir ninguna forma de ense\u00f1anza sin los cl\u00e1sicos. El encuentro entre el docente y el alumno presupone siempre un \u201ctexto\u201d del que partir. Sin este contacto directo, los estudiantes tendr\u00e1n dificultades para amar la filosof\u00eda o la literatura y, a su vez, los profesores perder\u00e1n la oportunidad de aprovechar al m\u00e1ximo sus cualidades para despertar pasi\u00f3n y entusiasmo en los alumnos.\u201d<\/p>\n\n\n\n<p><strong>Nuccio Ordine<\/strong>, <em>La utilidad de lo in\u00fatil<\/em>. Ed. Acantilado<\/p>\n\n\n\n<p>La<strong> finalidad b\u00e1sica<\/strong> de la materia de <em>Lengua castellana y Literatura <\/em>en la Educaci\u00f3n Secundaria Obligatoria es que los alumnos <strong>enriquezcan el lenguaje, tanto oral como escrito,<\/strong> en el doble proceso de <strong>comprensi\u00f3n<\/strong> y de <strong>expresi\u00f3n<\/strong>, y que avancen en la educaci\u00f3n literaria. Al mismo tiempo, ha de ponerse especial inter\u00e9s en la <strong>expresi\u00f3n escrita<\/strong>, cuyo dominio a\u00fan es limitado, y continuar la reflexi\u00f3n sistem\u00e1tica acerca de la lengua y la literatura iniciada en la etapa anterior. De esta manera se pretende adecuar el discurso y los comportamientos al texto; dotar de coherencia y cohesi\u00f3n la expresi\u00f3n; y enunciar textos con correcci\u00f3n gramatical.<\/p>\n\n\n\n<p>El uso de la lengua es indispensable para el aprendizaje de todas las materias, ya que act\u00faa como elemento did\u00e1ctico. A su vez, las dem\u00e1s materias deber\u00e1n colaborar en la utilizaci\u00f3n correcta de la lengua como instrumento de conocimiento y representaci\u00f3n. El<strong> desarrollo de la competencia ling\u00fc\u00edstica,<\/strong> no s\u00f3lo en esta materia, propiciar\u00e1 la comunicaci\u00f3n entre todos los alumnos y actualizar\u00e1 todas sus funciones y dimensiones.<\/p>\n\n\n\n<p><strong>Criterios de calificaci\u00f3n&nbsp;<\/strong><\/p>\n\n\n\n<p><a href=\"https:\/\/site.educa.madrid.org\/ies.alfonsomoreno.brunete\/\/wp-content\/uploads\/ies.alfonsomoreno.brunete\/2023\/10\/EXTRACTO-CRITERIOS-DE-CALIFICACION-LCL.pdf\">Lengua Castellana y Literatura<\/a><\/p>\n","protected":false},"excerpt":{"rendered":"<p>\u00a0 CONCURSO LITERARIO 2026 El jueves 23 de abril, D\u00eda Internacional del Libro, se celebr\u00f3 en la biblioteca del IES Alfonso Moreno el acto de entrega de premios por el\u00a0 concurso literario realizado con motivo de la Semana del Libro. El concurso consist\u00eda en escribir un relato breve a partir de una frase de la [&hellip;]<\/p>\n","protected":false},"author":5,"featured_media":0,"parent":121,"menu_order":11,"comment_status":"closed","ping_status":"closed","template":"","meta":{"footnotes":""},"folder":[],"class_list":["post-527","page","type-page","status-publish","hentry"],"rttpg_featured_image_url":null,"rttpg_author":{"display_name":"Cuenta Admin-educamadrid","author_link":"https:\/\/site.educa.madrid.org\/ies.alfonsomoreno.brunete\/index.php\/author\/cuenta_admin-educamadrid\/"},"rttpg_comment":0,"rttpg_category":false,"rttpg_excerpt":"\u00a0 CONCURSO LITERARIO 2026 El jueves 23 de abril, D\u00eda Internacional del Libro, se celebr\u00f3 en la biblioteca del IES Alfonso Moreno el acto de entrega de premios por el\u00a0 concurso literario realizado con motivo de la Semana del Libro. El concurso consist\u00eda en escribir un relato breve a partir de una frase de la&hellip;","post_mailing_queue_ids":[],"_links":{"self":[{"href":"https:\/\/site.educa.madrid.org\/ies.alfonsomoreno.brunete\/index.php\/wp-json\/wp\/v2\/pages\/527","targetHints":{"allow":["GET"]}}],"collection":[{"href":"https:\/\/site.educa.madrid.org\/ies.alfonsomoreno.brunete\/index.php\/wp-json\/wp\/v2\/pages"}],"about":[{"href":"https:\/\/site.educa.madrid.org\/ies.alfonsomoreno.brunete\/index.php\/wp-json\/wp\/v2\/types\/page"}],"author":[{"embeddable":true,"href":"https:\/\/site.educa.madrid.org\/ies.alfonsomoreno.brunete\/index.php\/wp-json\/wp\/v2\/users\/5"}],"replies":[{"embeddable":true,"href":"https:\/\/site.educa.madrid.org\/ies.alfonsomoreno.brunete\/index.php\/wp-json\/wp\/v2\/comments?post=527"}],"version-history":[{"count":7,"href":"https:\/\/site.educa.madrid.org\/ies.alfonsomoreno.brunete\/index.php\/wp-json\/wp\/v2\/pages\/527\/revisions"}],"predecessor-version":[{"id":2756,"href":"https:\/\/site.educa.madrid.org\/ies.alfonsomoreno.brunete\/index.php\/wp-json\/wp\/v2\/pages\/527\/revisions\/2756"}],"up":[{"embeddable":true,"href":"https:\/\/site.educa.madrid.org\/ies.alfonsomoreno.brunete\/index.php\/wp-json\/wp\/v2\/pages\/121"}],"wp:attachment":[{"href":"https:\/\/site.educa.madrid.org\/ies.alfonsomoreno.brunete\/index.php\/wp-json\/wp\/v2\/media?parent=527"}],"wp:term":[{"taxonomy":"folder","embeddable":true,"href":"https:\/\/site.educa.madrid.org\/ies.alfonsomoreno.brunete\/index.php\/wp-json\/wp\/v2\/folder?post=527"}],"curies":[{"name":"wp","href":"https:\/\/api.w.org\/{rel}","templated":true}]}}