{"id":800,"date":"2023-02-11T19:10:40","date_gmt":"2023-02-11T18:10:40","guid":{"rendered":"https:\/\/site.educa.madrid.org\/ies.alfonsomoreno.brunete\/?page_id=800"},"modified":"2024-09-05T12:55:33","modified_gmt":"2024-09-05T10:55:33","slug":"edificos-y-aulas","status":"publish","type":"page","link":"https:\/\/site.educa.madrid.org\/ies.alfonsomoreno.brunete\/index.php\/edificos-y-aulas\/","title":{"rendered":"Edificios y aulas"},"content":{"rendered":"\n<div class=\"wp-block-columns is-layout-flex wp-container-core-columns-is-layout-28f84493 wp-block-columns-is-layout-flex\">\n<div class=\"wp-block-column is-layout-flow wp-block-column-is-layout-flow\" style=\"flex-basis:25%\">\n<p>Biblioteca<\/p>\n\n\n\n<p>Sal\u00f3n de actos<\/p>\n\n\n\n<p>Aula ECO (espacio de convivencia)<\/p>\n\n\n\n<p>Espacio polivalente (1\u00aa planta)<\/p>\n\n\n\n<p class=\"has-text-align-left\">Aulas de atenci\u00f3n a familia<\/p>\n<\/div>\n\n\n\n<div class=\"wp-block-column is-layout-flow wp-block-column-is-layout-flow\" style=\"flex-basis:50%\">\n<figure class=\"wp-block-gallery has-nested-images columns-default is-cropped wp-block-gallery-1 is-layout-flex wp-block-gallery-is-layout-flex\">\n<figure class=\"wp-block-image size-large is-style-default\"><img loading=\"lazy\" decoding=\"async\" width=\"640\" height=\"480\" data-id=\"832\" src=\"https:\/\/site.educa.madrid.org\/ies.alfonsomoreno.brunete\/\/wp-content\/uploads\/ies.alfonsomoreno.brunete\/2023\/02\/mche-lee-PC91Jm1DlWA-unsplash-edited.jpg\" alt=\"mesas y sillas vac\u00edas en un aula\" class=\"wp-image-832\" srcset=\"https:\/\/site.educa.madrid.org\/ies.alfonsomoreno.brunete\/\/wp-content\/uploads\/ies.alfonsomoreno.brunete\/2023\/02\/mche-lee-PC91Jm1DlWA-unsplash-edited.jpg 640w, https:\/\/site.educa.madrid.org\/ies.alfonsomoreno.brunete\/\/wp-content\/uploads\/ies.alfonsomoreno.brunete\/2023\/02\/mche-lee-PC91Jm1DlWA-unsplash-edited-300x225.jpg 300w\" sizes=\"auto, (max-width: 640px) 100vw, 640px\" \/><\/figure>\n<\/figure>\n<\/div>\n\n\n\n<div class=\"wp-block-column is-layout-flow wp-block-column-is-layout-flow\" style=\"flex-basis:25%\">\n<p>2 aulas de inform\u00e1tica<\/p>\n\n\n\n<p>Aula de dibujo<\/p>\n\n\n\n<p>Taller de tecnolog\u00eda<\/p>\n\n\n\n<p>Espacios deportivos<\/p>\n\n\n\n<p>Gimnasio<\/p>\n\n\n\n<p>Cafeter\u00eda<\/p>\n<\/div>\n<\/div>\n\n\n\n<p class=\"has-text-align-center has-large-font-size\"><strong>Aulas materia<\/strong><\/p>\n\n\n\n<div data-wp-interactive=\"core\/file\" class=\"wp-block-file\"><object data-wp-bind--hidden=\"!state.hasPdfPreview\" hidden class=\"wp-block-file__embed\" data=\"https:\/\/site.educa.madrid.org\/ies.alfonsomoreno.brunete\/\/wp-content\/uploads\/ies.alfonsomoreno.brunete\/2024\/09\/Distribucion-aulas-2.pdf\" type=\"application\/pdf\" style=\"width:100%;height:600px\" aria-label=\"Incrustado de Distribucion-aulas-2.\"><\/object><a id=\"wp-block-file--media-56e657b6-799a-4ab7-a9d0-b84563032bdd\" href=\"https:\/\/site.educa.madrid.org\/ies.alfonsomoreno.brunete\/\/wp-content\/uploads\/ies.alfonsomoreno.brunete\/2024\/09\/Distribucion-aulas-2.pdf\">Distribucion-aulas-2<\/a><a href=\"https:\/\/site.educa.madrid.org\/ies.alfonsomoreno.brunete\/\/wp-content\/uploads\/ies.alfonsomoreno.brunete\/2024\/09\/Distribucion-aulas-2.pdf\" class=\"wp-block-file__button wp-element-button\" download aria-describedby=\"wp-block-file--media-56e657b6-799a-4ab7-a9d0-b84563032bdd\">Descarga<\/a><\/div>\n","protected":false},"excerpt":{"rendered":"<p>Biblioteca Sal\u00f3n de actos Aula ECO (espacio de convivencia) Espacio polivalente (1\u00aa planta) Aulas de atenci\u00f3n a familia 2 aulas de inform\u00e1tica Aula de dibujo Taller de tecnolog\u00eda Espacios deportivos Gimnasio Cafeter\u00eda Aulas materia<\/p>\n","protected":false},"author":8,"featured_media":0,"parent":0,"menu_order":0,"comment_status":"closed","ping_status":"closed","template":"","meta":{"footnotes":""},"folder":[],"class_list":["post-800","page","type-page","status-publish","hentry"],"rttpg_featured_image_url":null,"rttpg_author":{"display_name":"Sara Fern\u00e1ndez Caballero","author_link":"https:\/\/site.educa.madrid.org\/ies.alfonsomoreno.brunete\/index.php\/author\/sara_fernndez-caballero\/"},"rttpg_comment":0,"rttpg_category":false,"rttpg_excerpt":"Biblioteca Sal\u00f3n de actos Aula ECO (espacio de convivencia) Espacio polivalente (1\u00aa planta) Aulas de atenci\u00f3n a familia 2 aulas de inform\u00e1tica Aula de dibujo Taller de tecnolog\u00eda Espacios deportivos Gimnasio Cafeter\u00eda Aulas materia","post_mailing_queue_ids":[],"_links":{"self":[{"href":"https:\/\/site.educa.madrid.org\/ies.alfonsomoreno.brunete\/index.php\/wp-json\/wp\/v2\/pages\/800","targetHints":{"allow":["GET"]}}],"collection":[{"href":"https:\/\/site.educa.madrid.org\/ies.alfonsomoreno.brunete\/index.php\/wp-json\/wp\/v2\/pages"}],"about":[{"href":"https:\/\/site.educa.madrid.org\/ies.alfonsomoreno.brunete\/index.php\/wp-json\/wp\/v2\/types\/page"}],"author":[{"embeddable":true,"href":"https:\/\/site.educa.madrid.org\/ies.alfonsomoreno.brunete\/index.php\/wp-json\/wp\/v2\/users\/8"}],"replies":[{"embeddable":true,"href":"https:\/\/site.educa.madrid.org\/ies.alfonsomoreno.brunete\/index.php\/wp-json\/wp\/v2\/comments?post=800"}],"version-history":[{"count":17,"href":"https:\/\/site.educa.madrid.org\/ies.alfonsomoreno.brunete\/index.php\/wp-json\/wp\/v2\/pages\/800\/revisions"}],"predecessor-version":[{"id":2226,"href":"https:\/\/site.educa.madrid.org\/ies.alfonsomoreno.brunete\/index.php\/wp-json\/wp\/v2\/pages\/800\/revisions\/2226"}],"wp:attachment":[{"href":"https:\/\/site.educa.madrid.org\/ies.alfonsomoreno.brunete\/index.php\/wp-json\/wp\/v2\/media?parent=800"}],"wp:term":[{"taxonomy":"folder","embeddable":true,"href":"https:\/\/site.educa.madrid.org\/ies.alfonsomoreno.brunete\/index.php\/wp-json\/wp\/v2\/folder?post=800"}],"curies":[{"name":"wp","href":"https:\/\/api.w.org\/{rel}","templated":true}]}}