{"id":186,"date":"2021-05-13T06:47:01","date_gmt":"2021-05-13T06:47:01","guid":{"rendered":"https:\/\/site.educa.madrid.org\/ies.alonsodeavellan.alcala\/?page_id=186"},"modified":"2021-05-24T06:57:05","modified_gmt":"2021-05-24T06:57:05","slug":"historia","status":"publish","type":"page","link":"https:\/\/site.educa.madrid.org\/ies.alonsodeavellan.alcala\/index.php\/historia\/","title":{"rendered":"HISTORIA"},"content":{"rendered":"\n<p>El&nbsp;<strong>Instituto de Educaci\u00f3n Secundaria Alonso de Avellaneda<\/strong>&nbsp;inici\u00f3 sus actividades en septiembre de 1961 como Escuela de Aprendizaje, siendo la primera en la provincia de Madrid, fuera de la capital.<\/p>\n\n\n\n<p>Los primeras especialidades implantadas fueron las de Electricidad, Madera y Mec\u00e1nica.<\/p>\n\n\n\n<p>En el curso 1971-72 se transform\u00f3 en Escuela de Maestr\u00eda Industrial, entonces ya no exist\u00eda la especialidad de Madera, y de ella han salido centenares de profesionales de la Mec\u00e1nica y la Electricidad que han tenido una influencia muy grande en el desarrollo de la Ciudad y del corredor del Henares.<\/p>\n\n\n\n<p>Con la Ley General de Educaci\u00f3n de 1970 el centro pas\u00f3 a ser \u00abCentro Nacional de Formaci\u00f3n Profesional N\u00ba 1\u00bb. En su 25 aniversario (1986), el centro ya era Instituto de Formaci\u00f3n Profesional y pas\u00f3 a denominarse I.F.P. \u00abAlonso de Avellaneda\u00bb. Del centenar de alumnos matriculados en el curso 1961-62 se pas\u00f3 a m\u00e1s de un millar en esas fechas. La escasez de espacios llev\u00f3 a que se construyera un nuevo centro en pleno pol\u00edgono de expansi\u00f3n, entonces, de la Ciudad en la calle Vitoria n\u00ba 3 para 840 puestos escolares. Las actividades lectivas en las nuevas instalaciones dieron comienzo en el curso 1987-88.<\/p>\n\n\n\n<p>En el curso 1991-92 el Claustro de profesores apost\u00f3 por implantar anticipadamente la Reforma, inici\u00e1ndose el curso 1992-93 la impartici\u00f3n del tercer curso de la Educaci\u00f3n Secundaria Obligatoria.<\/p>\n\n\n\n<p>Hasta el curso 2012\/13, junto con la Formaci\u00f3n Profesional, se imparti\u00f3 la Educaci\u00f3n Secundaria y el Bachillerato, comenzando, en el curso 2013\/14, la desaparici\u00f3n paulatina de estas ense\u00f1anzas.<\/p>\n\n\n\n<p>En el curso 2016\/17 se inicia la vuelta a los or\u00edgenes como Centro de Formaci\u00f3n Profesional, pues se ampl\u00eda la oferta educativa al trasladarse todas los ciclos de la Familia Profesional de Servicios Socioculturales y a la Comunidad del IES Complutense a nuestro Instituto.<\/p>\n\n\n\n<p>Pr\u00e1cticamente desde su comienzo, el centro ha ofrecido a la sociedad Complutense las m\u00e1ximas facilidades posibles para su formaci\u00f3n e inserci\u00f3n laboral, manteniendo reg\u00edmenes de ense\u00f1anza nocturnos y actualmente vespertinos, ofertando a sus alumnos, padres y personal actividades culturales que se proyectan fuera del recinto escolar, en muchos casos, y se integran en la vida cultural de la Ciudad y manteniendo excelentes relaciones con el mundo empresarial.<\/p>\n\n\n\n<h2 class=\"wp-block-heading\">\u00bfPor qu\u00e9 Alonso de Avellaneda?<\/h2>\n\n\n\n<p>La Comunidad escolar de este Instituto ha sido siempre muy sensible a las necesidades del entorno ciudadano y, por ello, al elegir el nombre que caracteriza al centro se fij\u00f3, en primer lugar en ese aspecto. Y Alonso (Alfonso) Pablo de Avellaneda y Pe\u00f1alosa fue un alcala\u00edno del siglo XVIII, muy imbuido del pensamiento de su \u00e9poca, caballero de la Orden de Santiago, ayuda de c\u00e1mara del rey y teniente alcaide del Real sitio de la Casa de Campo.<\/p>\n\n\n\n<p>Estos t\u00edtulos no nos cegaron. Nos sedujo, en cambio, el que, cuando otorg\u00f3 testamento el 9 de agosto de 1748, dej\u00f3 toda su hacienda para fundar dos escuelas, \u201cuna de muchachos y otra de muchachas\u201d, para que se les eduque y ense\u00f1en \u201clas primeras letras&#8230;\u201d y, todo ello, \u201csin inter\u00e9s alguno\u201d, d\u00e1ndoles incluso mantenimiento y vestido a aquellos que lo necesitaban.<\/p>\n\n\n\n<p>Estos datos nos parecieron muy elocuentes para que un centro de Alcal\u00e1 ostentase el nombre&nbsp;<strong>\u201cAlonso de Avellaneda\u201d<\/strong>, as\u00ed sintetizado, con orgullo. Y nos atrajo de manera especial ese mensaje de formar hombres y mujeres completos como un quehacer atrayente para las gentes dedicadas a la ense\u00f1anza.<\/p>\n\n\n\n<h3 class=\"wp-block-heading\" id=\"by-purple\">Don Alonso de Avellaneda y Pe\u00f1alosa<\/h3>\n\n\n\n<p>Don Alonso de Avellaneda y Pe\u00f1alosa fue un alcala\u00edno Caballero de la Orden de Santiago, ayuda de c\u00e1mara de Su Majestad y Teniente Alcaide del Real sitio y Casa de Campo.<\/p>\n\n\n\n<p>En agosto de 1748 otorg\u00f3 testamento y mostraba en \u00e9l una sensibilidad poco com\u00fan. Eran momentos en que deca\u00eda la Universidad de Alcal\u00e1 y no se cubr\u00edan las necesidades docentes de la infancia. Al mismo tiempo, la Ilustraci\u00f3n abr\u00eda nuevos caminos para los hombres y, Alonso de Avellaneda lo refleja en su voluntad:<\/p>\n\n\n\n<p><em>\u201cQueriendo manifestar a mi patria la ciudad de Alcal\u00e1 alg\u00fan reconocimiento por el amor que naturalmente la tengo, mando que despu\u00e9s de practicar almoneda de todos mis bienes, quiero que el dinero que se hallase en el ser al tiempo de mi fallecimiento (pagadas las deudas si las dejare) y todo lo que produjere la almoneda\u2026 de todos mis bienes muebles y alhajas\u2026 que mis testamentarios consideren si\u2026 pueden producir diez y ocho reales de vell\u00f3n en cada un d\u00eda, y pudiendo, es mi voluntad\u2026 funden en la Ciudad de Alcal\u00e1 de Henares sus escuelas, para que todo el com\u00fan de aquella Ciudad logre con su ense\u00f1anza y doctrina, aprovech\u00e1ndose de los principios de la juventud\u2026\u201d<\/em><\/p>\n\n\n\n<p>Quer\u00eda Avellaneda que fuesen los Escolapios quienes se hicieran cargo de dichas escuelas pero\u2026<\/p>\n\n\n\n<p><em>\u201c\u2026 es mi voluntad que si los dichos PP no aceptasen esta fundaci\u00f3n o no pudiesen plantificarse\u2026 que por mis testamentarios pasado que sea una a\u00f1o sin que se haya podido tener efecto, establezcan y funden en la referida Ciudad de Alcal\u00e1 dos escuelas p\u00fablicas, una para muchachos y otra para muchachas, que en ellas se les eduque y ense\u00f1e las primeras letras y doctrina cristiana\u2026 al maestro que ha de regentar la escuela&#8230; que este ha de ser de buena vida y costumbres y con la habilidad suficiente para la ense\u00f1anza&#8230; y para la ense\u00f1anza, educaci\u00f3n, y doctrina cristiana de las muchachas&#8230; se ha de nombrar una mujer capaz, de habilidad, buena vida y costumbres cual se requiere para semejante ministerio&#8230; todo ello sin inter\u00e9s alguno\u201d<\/em><\/p>\n\n\n\n<p>A la muerte de Avellaneda en 1753 no se establecieron las escuelas p\u00edas, primeras que dec\u00eda en su testamento. Y todo lo actuado en torno a la ejecuci\u00f3n del testamento recay\u00f3 informe que aprob\u00f3 el Ayuntamiento de la ciudad, de donde se extrae los siguientes datos:<\/p>\n\n\n\n<p><em>\u201c\u2026 muri\u00f3 en Madrid Alfonso Pablo de Avellaneda, Caballero de la Orden de Santiago y natural de esta ciudad, dejando sus bienes para que los PP. De las escuelas p\u00edas fundase con ellos en esta poblaci\u00f3n una escuela\u2026 se declare no haber lugar a la primera parte del testamento\u2026 que esta Ciudad debe solicitar que tenga efecto la segunda parte del testamento de Abellaneda\u2026 con obligaci\u00f3n de mantener escuelas de ni\u00f1os\u2026 y el Ayuntamiento en la misma conformidad que antes con el gobierno, proceda a la nominaci\u00f3n de maestros y maestras y patrono del origen de la fundaci\u00f3n\u2026 cumplida la voluntad de D. Pablo Alfonso Abellaneda, pues su principal\u00edsimo fin, es, que sus caudales se conviertan en beneficio de la educaci\u00f3n de los ni\u00f1os y ni\u00f1as pobres de su patria\u2026 todo lo expuesto despu\u00e9s de hacerlo presente a este Ilustre Ayuntamiento, lo sujeta en todo y por todo a la alta y superior penetraci\u00f3n del Concejo y lo firmo en Alcal\u00e1 y noviembre veinte y cuatro de mil setecientos sesenta y tres. D. Isidro Lizano.\u201d<\/em><\/p>\n\n\n\n<p>As\u00ed lo aprob\u00f3 el Concejo y as\u00ed se cumpli\u00f3. Se verific\u00f3 la venta de los bienes de Avellaneda por una suma de quinientos sesenta y cuatro mil ochocientos ocho reales y veinte maravedises.<\/p>\n","protected":false},"excerpt":{"rendered":"<p>El&nbsp;Instituto de Educaci\u00f3n Secundaria Alonso de Avellaneda&nbsp;inici\u00f3 sus actividades en septiembre de 1961 como Escuela de Aprendizaje, siendo la primera en la provincia de Madrid, fuera de la capital. Los primeras especialidades implantadas fueron las de Electricidad, Madera y Mec\u00e1nica. En el curso 1971-72 se transform\u00f3 en Escuela de Maestr\u00eda Industrial, entonces ya no exist\u00eda [&hellip;]<\/p>\n","protected":false},"author":6,"featured_media":0,"parent":0,"menu_order":0,"comment_status":"closed","ping_status":"closed","template":"template-fullwide.php","meta":{"footnotes":""},"folder":[],"class_list":["post-186","page","type-page","status-publish","hentry"],"rttpg_featured_image_url":null,"rttpg_author":{"display_name":"Luis G\u00f3mez Dom\u00ednguez","author_link":"https:\/\/site.educa.madrid.org\/ies.alonsodeavellan.alcala\/index.php\/author\/luis_gmez-domnguez\/"},"rttpg_comment":0,"rttpg_category":false,"rttpg_excerpt":"El&nbsp;Instituto de Educaci\u00f3n Secundaria Alonso de Avellaneda&nbsp;inici\u00f3 sus actividades en septiembre de 1961 como Escuela de Aprendizaje, siendo la primera en la provincia de Madrid, fuera de la capital. Los primeras especialidades implantadas fueron las de Electricidad, Madera y Mec\u00e1nica. En el curso 1971-72 se transform\u00f3 en Escuela de Maestr\u00eda Industrial, entonces ya no exist\u00eda&hellip;","post_mailing_queue_ids":[],"_links":{"self":[{"href":"https:\/\/site.educa.madrid.org\/ies.alonsodeavellan.alcala\/index.php\/wp-json\/wp\/v2\/pages\/186","targetHints":{"allow":["GET"]}}],"collection":[{"href":"https:\/\/site.educa.madrid.org\/ies.alonsodeavellan.alcala\/index.php\/wp-json\/wp\/v2\/pages"}],"about":[{"href":"https:\/\/site.educa.madrid.org\/ies.alonsodeavellan.alcala\/index.php\/wp-json\/wp\/v2\/types\/page"}],"author":[{"embeddable":true,"href":"https:\/\/site.educa.madrid.org\/ies.alonsodeavellan.alcala\/index.php\/wp-json\/wp\/v2\/users\/6"}],"replies":[{"embeddable":true,"href":"https:\/\/site.educa.madrid.org\/ies.alonsodeavellan.alcala\/index.php\/wp-json\/wp\/v2\/comments?post=186"}],"version-history":[{"count":2,"href":"https:\/\/site.educa.madrid.org\/ies.alonsodeavellan.alcala\/index.php\/wp-json\/wp\/v2\/pages\/186\/revisions"}],"predecessor-version":[{"id":189,"href":"https:\/\/site.educa.madrid.org\/ies.alonsodeavellan.alcala\/index.php\/wp-json\/wp\/v2\/pages\/186\/revisions\/189"}],"wp:attachment":[{"href":"https:\/\/site.educa.madrid.org\/ies.alonsodeavellan.alcala\/index.php\/wp-json\/wp\/v2\/media?parent=186"}],"wp:term":[{"taxonomy":"folder","embeddable":true,"href":"https:\/\/site.educa.madrid.org\/ies.alonsodeavellan.alcala\/index.php\/wp-json\/wp\/v2\/folder?post=186"}],"curies":[{"name":"wp","href":"https:\/\/api.w.org\/{rel}","templated":true}]}}