{"id":197,"date":"2021-05-13T07:06:38","date_gmt":"2021-05-13T07:06:38","guid":{"rendered":"https:\/\/site.educa.madrid.org\/ies.alonsodeavellan.alcala\/?page_id=197"},"modified":"2025-10-29T13:59:12","modified_gmt":"2025-10-29T12:59:12","slug":"tecnico-en-instalaciones-electricas-y-automaticas","status":"publish","type":"page","link":"https:\/\/site.educa.madrid.org\/ies.alonsodeavellan.alcala\/index.php\/tecnico-en-instalaciones-electricas-y-automaticas\/","title":{"rendered":"T\u00e9cnico en Instalaciones El\u00e9ctricas y Autom\u00e1ticas"},"content":{"rendered":"\n<p>Familia Profesional Electricidad y Electr\u00f3nica<\/p>\n\n\n\n<p>Grado Medio ELEM01<\/p>\n\n\n\n<p>Turnos de ma\u00f1ana.<\/p>\n\n\n\n<h3 class=\"wp-block-heading\" id=\"by-purple\">Este profesional ser\u00e1 capaz de:<\/h3>\n\n\n\n<p>Montar y mantener infraestructuras de telecomunicaci\u00f3n en edificios, instalaciones el\u00e9ctricas de baja tensi\u00f3n, m\u00e1quinas el\u00e9ctricas y sistemas automatizados, aplicando normativa y reglamentaci\u00f3n vigente, protocolos de calidad, seguridad y riesgos laborales, asegurando su funcionamiento y respeto al medio ambiente. Ejerce su actividad en peque\u00f1as y medianas empresas, mayoritariamente privadas, dedicadas al montaje y mantenimiento de infraestructuras de comunicaci\u00f3n en edificios, m\u00e1quinas el\u00e9ctricas, sistemas automatizados, instalaciones el\u00e9ctricas de baja tensi\u00f3n y sistemas dom\u00f3ticos, bien por cuenta propia o por cuenta ajena.<\/p>\n\n\n\n<h3 class=\"wp-block-heading\" id=\"by-purple\">Plan de estudios <\/h3>\n\n\n\n<div data-wp-interactive=\"core\/file\" class=\"wp-block-file\"><object data-wp-bind--hidden=\"!state.hasPdfPreview\" hidden class=\"wp-block-file__embed\" data=\"https:\/\/site.educa.madrid.org\/ies.alonsodeavellan.alcala\/\/wp-content\/uploads\/ies.alonsodeavellan.alcala\/2025\/09\/ELEM01.pdf\" type=\"application\/pdf\" style=\"width:100%;height:600px\" aria-label=\"Incrustado de ELEM01.\"><\/object><a id=\"wp-block-file--media-6b2a919d-11c3-428e-bc32-02948904b0fc\" href=\"https:\/\/site.educa.madrid.org\/ies.alonsodeavellan.alcala\/\/wp-content\/uploads\/ies.alonsodeavellan.alcala\/2025\/09\/ELEM01.pdf\">ELEM01<\/a><\/div>\n\n\n\n<h3 class=\"wp-block-heading\" id=\"by-purple\">Requisitos de acceso<\/h3>\n\n\n\n<ul class=\"wp-block-list\">\n<li>T\u00edtulo de Graduado en Educaci\u00f3n Secundaria Obligatoria.<\/li>\n\n\n\n<li>T\u00edtulo de Graduado en Educaci\u00f3n Secundaria.<\/li>\n\n\n\n<li>T\u00edtulo de Bachiller Superior.<\/li>\n\n\n\n<li>T\u00edtulo de T\u00e9cnico Auxiliar.<\/li>\n\n\n\n<li>T\u00edtulo de T\u00e9cnico.<\/li>\n\n\n\n<li>Haber superado los m\u00f3dulos obligatorios de un Programa de Cualificaci\u00f3n Profesional Inicial.<\/li>\n\n\n\n<li>Haber superado el curso de formaci\u00f3n espec\u00edfico para el acceso a ciclos de grado medio.<\/li>\n\n\n\n<li>Haber superado los dos primeros cursos del Bachillerato Unificado y Polivalente con un m\u00e1ximo, en conjunto, de dos materias pendientes.<\/li>\n\n\n\n<li>Haber superado el segundo curso del primer ciclo experimental de reforma de las ense\u00f1anzas medias.<\/li>\n\n\n\n<li>Haber superado, de las ense\u00f1anzas de Artes Aplicadas y Oficios Art\u00edsticos, el tercer curso del plan de 1963, o el segundo de comunes experimental.<\/li>\n\n\n\n<li>Haber superado otros estudios declarados equivalentes a efectos acad\u00e9micos con alguno de los anteriores.<\/li>\n\n\n\n<li>Haber superado la prueba de acceso a los ciclos formativos de grado superior.<\/li>\n\n\n\n<li>Haber superado la prueba de acceso a la universidad para mayores de 25 a\u00f1os.<\/li>\n\n\n\n<li>Reunir alguno de los requisitos que permiten el acceso a los ciclos formativos de grado superior.<\/li>\n<\/ul>\n\n\n\n<h3 class=\"wp-block-heading\" id=\"by-purple\">Acceso mediante prueba<\/h3>\n\n\n\n<p>Quienes no re\u00fanan ninguno de los requisitos de acceso del apartado anterior y tengan 17 a\u00f1os o los cumplan en el a\u00f1o natural de celebraci\u00f3n de la prueba.<\/p>\n\n\n\n<h3 class=\"wp-block-heading\" id=\"by-purple\">Acceso con este T\u00edtulo a otros estudios superiores<\/h3>\n\n\n\n<p>Cualquiera de las modalidades de Bachillerato.<\/p>\n\n\n\n<h3 class=\"wp-block-heading\" id=\"by-purple\">Referencia legislativa<\/h3>\n\n\n\n<p><strong>Ense\u00f1anzas m\u00ednimas:<\/strong>&nbsp;<a href=\"http:\/\/www.madrid.org\/fp\/ense_fp\/catalogo_LOE\/pdf\/ELEM01\/titulo\/RD20080177.pdf\" target=\"_blank\" rel=\"noreferrer noopener\">R.D. 177\/2008 (B.O.E. 1\/03\/2008)<\/a><\/p>\n\n\n\n<p><strong>Curr\u00edculo:<\/strong>&nbsp;<a href=\"http:\/\/www.madrid.org\/fp\/ense_fp\/catalogo_LOE\/pdf\/ELEM01\/curriculo\/D20090017_Instalac_Elect_Automaticas.pdf\" target=\"_blank\" rel=\"noreferrer noopener\">D 17\/2009 (B.O.C.M. 10\/03\/2009)<\/a><\/p>\n\n\n\n<h3 class=\"wp-block-heading\" id=\"by-purple\">Cualificaciones profesionales incluidas en el t\u00edtulo<\/h3>\n\n\n\n<p><strong>Completas:<\/strong><\/p>\n\n\n\n<p><a href=\"http:\/\/www.madrid.org\/fp\/ense_fp\/catalogo_LOE\/cualificaciones\/ELE257_2.pdf\" target=\"_blank\" rel=\"noreferrer noopener\">ELE257_2: Montaje y mantenimiento de instalaciones el\u00e9ctricas de baja tensi\u00f3n. (RD. 1115\/2007 de 24 de agosto).<\/a><\/p>\n\n\n\n<p><a href=\"http:\/\/www.madrid.org\/fp\/ense_fp\/catalogo_LOE\/cualificaciones\/ELE043_2.pdf\" target=\"_blank\" rel=\"noreferrer noopener\">ELE043_2: Montaje y mantenimiento de infraestructuras de telecomunicaciones en edificios. (RD. 295\/2004 de 20 de febrero).<\/a><\/p>\n\n\n\n<p><strong>Incompletas:<\/strong><\/p>\n\n\n\n<p><a href=\"http:\/\/www.madrid.org\/fp\/ense_fp\/catalogo_LOE\/cualificaciones\/ENA261_2.pdf\" target=\"_blank\" rel=\"noreferrer noopener\">ENA261_2: Montaje y mantenimiento de instalaciones solares fotovoltaicas (R.D. 1114\/2007, de 24 de agosto).<\/a><\/p>\n\n\n\n<ul class=\"wp-block-list\">\n<li>UC0836_2 Montar instalaciones solares fotovoltaicas.<\/li>\n\n\n\n<li>UC0837_2 Mantener instalaciones solares fotovoltaicas.<\/li>\n<\/ul>\n\n\n\n<h3 class=\"wp-block-heading\" id=\"by-purple\">Otros t\u00edtulos de esta familia profesional ofertados en la Comunidad de Madrid<\/h3>\n\n\n\n<ul class=\"wp-block-list\">\n<li>T\u00e9cnico en Equipos Electr\u00f3nicos de Consumo.<\/li>\n\n\n\n<li>T\u00e9cnico en Instalaciones de Telecomunicaciones.<\/li>\n\n\n\n<li>T\u00e9cnico Superior en Sistemas Electrot\u00e9cnicos y Automatizados.<\/li>\n\n\n\n<li>T\u00e9cnico Superior en Sistemas de Telecomunicaciones e Inform\u00e1ticos.<\/li>\n\n\n\n<li>T\u00e9cnico Superior en Mantenimiento Electr\u00f3nico.<\/li>\n\n\n\n<li>T\u00e9cnico Superior en Mantenimiento Electr\u00f3nico.<\/li>\n<\/ul>\n","protected":false},"excerpt":{"rendered":"<p>Familia Profesional Electricidad y Electr\u00f3nica Grado Medio ELEM01 Turnos de ma\u00f1ana. Este profesional ser\u00e1 capaz de: Montar y mantener infraestructuras de telecomunicaci\u00f3n en edificios, instalaciones el\u00e9ctricas de baja tensi\u00f3n, m\u00e1quinas el\u00e9ctricas y sistemas automatizados, aplicando normativa y reglamentaci\u00f3n vigente, protocolos de calidad, seguridad y riesgos laborales, asegurando su funcionamiento y respeto al medio ambiente. Ejerce [&hellip;]<\/p>\n","protected":false},"author":6,"featured_media":0,"parent":0,"menu_order":0,"comment_status":"closed","ping_status":"closed","template":"template-fullwide.php","meta":{"footnotes":""},"folder":[],"class_list":["post-197","page","type-page","status-publish","hentry"],"rttpg_featured_image_url":null,"rttpg_author":{"display_name":"Luis G\u00f3mez Dom\u00ednguez","author_link":"https:\/\/site.educa.madrid.org\/ies.alonsodeavellan.alcala\/index.php\/author\/luis_gmez-domnguez\/"},"rttpg_comment":0,"rttpg_category":false,"rttpg_excerpt":"Familia Profesional Electricidad y Electr\u00f3nica Grado Medio ELEM01 Turnos de ma\u00f1ana. Este profesional ser\u00e1 capaz de: Montar y mantener infraestructuras de telecomunicaci\u00f3n en edificios, instalaciones el\u00e9ctricas de baja tensi\u00f3n, m\u00e1quinas el\u00e9ctricas y sistemas automatizados, aplicando normativa y reglamentaci\u00f3n vigente, protocolos de calidad, seguridad y riesgos laborales, asegurando su funcionamiento y respeto al medio ambiente. Ejerce&hellip;","post_mailing_queue_ids":[],"_links":{"self":[{"href":"https:\/\/site.educa.madrid.org\/ies.alonsodeavellan.alcala\/index.php\/wp-json\/wp\/v2\/pages\/197","targetHints":{"allow":["GET"]}}],"collection":[{"href":"https:\/\/site.educa.madrid.org\/ies.alonsodeavellan.alcala\/index.php\/wp-json\/wp\/v2\/pages"}],"about":[{"href":"https:\/\/site.educa.madrid.org\/ies.alonsodeavellan.alcala\/index.php\/wp-json\/wp\/v2\/types\/page"}],"author":[{"embeddable":true,"href":"https:\/\/site.educa.madrid.org\/ies.alonsodeavellan.alcala\/index.php\/wp-json\/wp\/v2\/users\/6"}],"replies":[{"embeddable":true,"href":"https:\/\/site.educa.madrid.org\/ies.alonsodeavellan.alcala\/index.php\/wp-json\/wp\/v2\/comments?post=197"}],"version-history":[{"count":3,"href":"https:\/\/site.educa.madrid.org\/ies.alonsodeavellan.alcala\/index.php\/wp-json\/wp\/v2\/pages\/197\/revisions"}],"predecessor-version":[{"id":6443,"href":"https:\/\/site.educa.madrid.org\/ies.alonsodeavellan.alcala\/index.php\/wp-json\/wp\/v2\/pages\/197\/revisions\/6443"}],"wp:attachment":[{"href":"https:\/\/site.educa.madrid.org\/ies.alonsodeavellan.alcala\/index.php\/wp-json\/wp\/v2\/media?parent=197"}],"wp:term":[{"taxonomy":"folder","embeddable":true,"href":"https:\/\/site.educa.madrid.org\/ies.alonsodeavellan.alcala\/index.php\/wp-json\/wp\/v2\/folder?post=197"}],"curies":[{"name":"wp","href":"https:\/\/api.w.org\/{rel}","templated":true}]}}