{"id":200,"date":"2021-05-13T07:08:37","date_gmt":"2021-05-13T07:08:37","guid":{"rendered":"https:\/\/site.educa.madrid.org\/ies.alonsodeavellan.alcala\/?page_id=200"},"modified":"2025-10-29T13:56:21","modified_gmt":"2025-10-29T12:56:21","slug":"tecnico-en-sistemas-microinformaticos-y-redes-fp-dual-diurno-y-fp-presencial-vespertino","status":"publish","type":"page","link":"https:\/\/site.educa.madrid.org\/ies.alonsodeavellan.alcala\/index.php\/tecnico-en-sistemas-microinformaticos-y-redes-fp-dual-diurno-y-fp-presencial-vespertino\/","title":{"rendered":"T\u00e9cnico en Sistemas Microinform\u00e1ticos y Redes, FP general (Diurno y Vespertino)"},"content":{"rendered":"\n<p>Familia Profesional Inform\u00e1tica y Comunicaciones<\/p>\n\n\n\n<p>Grado Medio IFCM01<\/p>\n\n\n\n<p>Modalidad Presencial. Turno diurno y vespertino.<\/p>\n\n\n\n<p><\/p>\n\n\n\n<h3 class=\"wp-block-heading\" id=\"by-purple\">Plan de estudios <\/h3>\n\n\n\n<div data-wp-interactive=\"core\/file\" class=\"wp-block-file\"><object data-wp-bind--hidden=\"!state.hasPdfPreview\" hidden class=\"wp-block-file__embed\" data=\"https:\/\/site.educa.madrid.org\/ies.alonsodeavellan.alcala\/\/wp-content\/uploads\/ies.alonsodeavellan.alcala\/2025\/09\/IFCM01.pdf\" type=\"application\/pdf\" style=\"width:100%;height:600px\" aria-label=\"Incrustado de IFCM01.\"><\/object><a id=\"wp-block-file--media-7b3fcd3a-80bf-4289-a8d1-3a9a7806fbd3\" href=\"https:\/\/site.educa.madrid.org\/ies.alonsodeavellan.alcala\/\/wp-content\/uploads\/ies.alonsodeavellan.alcala\/2025\/09\/IFCM01.pdf\">IFCM01<\/a><\/div>\n\n\n\n<h3 class=\"wp-block-heading\" id=\"by-purple\">Requisitos de acceso<\/h3>\n\n\n\n<ul class=\"wp-block-list\">\n<li>T\u00edtulo de Graduado en Educaci\u00f3n Secundaria Obligatoria.<\/li>\n\n\n\n<li>T\u00edtulo de Graduado en Educaci\u00f3n Secundaria.<\/li>\n\n\n\n<li>T\u00edtulo de Bachiller Superior.<\/li>\n\n\n\n<li>T\u00edtulo de T\u00e9cnico Auxiliar.<\/li>\n\n\n\n<li>T\u00edtulo de T\u00e9cnico.<\/li>\n\n\n\n<li>Haber superado los m\u00f3dulos obligatorios de un Programa de Cualificaci\u00f3n Profesional Inicial.<\/li>\n\n\n\n<li>Haber superado el curso de formaci\u00f3n espec\u00edfico para el acceso a ciclos de grado medio.<\/li>\n\n\n\n<li>Haber superado los dos primeros cursos del Bachillerato Unificado y Polivalente con un m\u00e1ximo, en conjunto, de dos materias pendientes.<\/li>\n\n\n\n<li>Haber superado el segundo curso del primer ciclo experimental de reforma de las ense\u00f1anzas medias.<\/li>\n\n\n\n<li>Haber superado, de las ense\u00f1anzas de Artes Aplicadas y Oficios Art\u00edsticos, el tercer curso del plan de 1963, o el segundo de comunes experimental.<\/li>\n\n\n\n<li>Haber superado otros estudios declarados equivalentes a efectos acad\u00e9micos con alguno de los anteriores.<\/li>\n\n\n\n<li>Haber superado la prueba de acceso a los ciclos formativos de grado superior.<\/li>\n\n\n\n<li>Haber superado la prueba de acceso a la universidad para mayores de 25 a\u00f1os.<\/li>\n\n\n\n<li>Reunir alguno de los requisitos que permiten el acceso a los ciclos formativos de grado superior.<\/li>\n<\/ul>\n\n\n\n<h3 class=\"wp-block-heading\" id=\"by-purple\">Acceso mediante prueba<\/h3>\n\n\n\n<p>Quienes no re\u00fanan ninguno de los requisitos de acceso del apartado anterior y tengan 17 a\u00f1os o los cumplan en el a\u00f1o natural de celebraci\u00f3n de la prueba.<\/p>\n\n\n\n<p><em>Quienes tengan superada la prueba de acceso a la Universidad para mayores de 25 a\u00f1os, quedar\u00e1n exentos de la realizaci\u00f3n de la prueba.<\/em><\/p>\n\n\n\n<h3 class=\"wp-block-heading\" id=\"by-purple\">Acceso con este T\u00edtulo a otros estudios superiores<\/h3>\n\n\n\n<p>Cualquiera de las modalidades de Bachillerato.<\/p>\n\n\n\n<h3 class=\"wp-block-heading\" id=\"by-purple\">Referencia legislativa<\/h3>\n\n\n\n<p><strong>Ense\u00f1anzas m\u00ednimas:<\/strong>&nbsp;<a href=\"http:\/\/gestiona.madrid.org\/fp\/ense_fp\/catalogo_LOE\/pdf\/IFCM01\/titulo\/RD20071691.pdf\" target=\"_blank\" rel=\"noreferrer noopener\">R.D. 1691\/2007 (B.O.E. 17\/01\/2008)<\/a><\/p>\n\n\n\n<h3 class=\"wp-block-heading\" id=\"by-purple\">Cualificaciones profesionales incluidas en el t\u00edtulo<\/h3>\n\n\n\n<p><strong>Completas:<\/strong><\/p>\n\n\n\n<p><a href=\"http:\/\/gestiona.madrid.org\/fp\/ense_fp\/catalogo_LOE\/cualificaciones\/IFC078_2.pdf\" target=\"_blank\" rel=\"noreferrer noopener\">IFC078_2: Sistemas microinform\u00e1ticos (Real Decreto 295\/2004, 20 febrero).<\/a><\/p>\n\n\n\n<p><a href=\"http:\/\/gestiona.madrid.org\/fp\/ense_fp\/catalogo_LOE\/cualificaciones\/IFC298_2.pdf\" target=\"_blank\" rel=\"noreferrer noopener\">IFC298_2: Montaje y reparaci\u00f3n de sistemas microinform\u00e1ticos (Real Decreto 1201\/2007, 14 septiembre).<\/a><\/p>\n\n\n\n<p><a href=\"http:\/\/gestiona.madrid.org\/fp\/ense_fp\/catalogo_LOE\/cualificaciones\/IFC299_2.pdf\" target=\"_blank\" rel=\"noreferrer noopener\">IFC299_2: Operaci\u00f3n de redes departamentales (Real Decreto 1201\/2007, 14 septiembre).<\/a><\/p>\n\n\n\n<p><a href=\"http:\/\/gestiona.madrid.org\/fp\/ense_fp\/catalogo_LOE\/cualificaciones\/IFC300_2.pdf\" target=\"_blank\" rel=\"noreferrer noopener\">IFC300_2: Operaci\u00f3n de sistemas inform\u00e1ticos (Real Decreto 1201\/2007, 14 septiembre).<\/a><\/p>\n\n\n\n<h3 class=\"wp-block-heading\" id=\"by-purple\">Otros t\u00edtulos de esta familia profesional ofertados en la Comunidad de Madrid<\/h3>\n\n\n\n<ul class=\"wp-block-list\">\n<li>T\u00e9cnico Superior en Administraci\u00f3n de Sistemas Inform\u00e1ticos en Red.<\/li>\n\n\n\n<li>T\u00e9cnico Superior en Desarrollo de Aplicaciones Multiplataforma.<\/li>\n\n\n\n<li>T\u00e9cnico Superior en Desarrollo de Aplicaciones Web.<\/li>\n<\/ul>\n","protected":false},"excerpt":{"rendered":"<p>Familia Profesional Inform\u00e1tica y Comunicaciones Grado Medio IFCM01 Modalidad Presencial. Turno diurno y vespertino. Plan de estudios Requisitos de acceso Acceso mediante prueba Quienes no re\u00fanan ninguno de los requisitos de acceso del apartado anterior y tengan 17 a\u00f1os o los cumplan en el a\u00f1o natural de celebraci\u00f3n de la prueba. Quienes tengan superada la [&hellip;]<\/p>\n","protected":false},"author":6,"featured_media":0,"parent":0,"menu_order":0,"comment_status":"closed","ping_status":"closed","template":"template-fullwide.php","meta":{"footnotes":""},"folder":[],"class_list":["post-200","page","type-page","status-publish","hentry"],"rttpg_featured_image_url":null,"rttpg_author":{"display_name":"Luis G\u00f3mez Dom\u00ednguez","author_link":"https:\/\/site.educa.madrid.org\/ies.alonsodeavellan.alcala\/index.php\/author\/luis_gmez-domnguez\/"},"rttpg_comment":0,"rttpg_category":false,"rttpg_excerpt":"Familia Profesional Inform\u00e1tica y Comunicaciones Grado Medio IFCM01 Modalidad Presencial. Turno diurno y vespertino. Plan de estudios Requisitos de acceso Acceso mediante prueba Quienes no re\u00fanan ninguno de los requisitos de acceso del apartado anterior y tengan 17 a\u00f1os o los cumplan en el a\u00f1o natural de celebraci\u00f3n de la prueba. Quienes tengan superada la&hellip;","post_mailing_queue_ids":[],"_links":{"self":[{"href":"https:\/\/site.educa.madrid.org\/ies.alonsodeavellan.alcala\/index.php\/wp-json\/wp\/v2\/pages\/200","targetHints":{"allow":["GET"]}}],"collection":[{"href":"https:\/\/site.educa.madrid.org\/ies.alonsodeavellan.alcala\/index.php\/wp-json\/wp\/v2\/pages"}],"about":[{"href":"https:\/\/site.educa.madrid.org\/ies.alonsodeavellan.alcala\/index.php\/wp-json\/wp\/v2\/types\/page"}],"author":[{"embeddable":true,"href":"https:\/\/site.educa.madrid.org\/ies.alonsodeavellan.alcala\/index.php\/wp-json\/wp\/v2\/users\/6"}],"replies":[{"embeddable":true,"href":"https:\/\/site.educa.madrid.org\/ies.alonsodeavellan.alcala\/index.php\/wp-json\/wp\/v2\/comments?post=200"}],"version-history":[{"count":6,"href":"https:\/\/site.educa.madrid.org\/ies.alonsodeavellan.alcala\/index.php\/wp-json\/wp\/v2\/pages\/200\/revisions"}],"predecessor-version":[{"id":6440,"href":"https:\/\/site.educa.madrid.org\/ies.alonsodeavellan.alcala\/index.php\/wp-json\/wp\/v2\/pages\/200\/revisions\/6440"}],"wp:attachment":[{"href":"https:\/\/site.educa.madrid.org\/ies.alonsodeavellan.alcala\/index.php\/wp-json\/wp\/v2\/media?parent=200"}],"wp:term":[{"taxonomy":"folder","embeddable":true,"href":"https:\/\/site.educa.madrid.org\/ies.alonsodeavellan.alcala\/index.php\/wp-json\/wp\/v2\/folder?post=200"}],"curies":[{"name":"wp","href":"https:\/\/api.w.org\/{rel}","templated":true}]}}