{"id":1069,"date":"2023-11-08T15:26:23","date_gmt":"2023-11-08T14:26:23","guid":{"rendered":"https:\/\/site.educa.madrid.org\/ies.anselmolorenzo.sanmartindelavega\/?page_id=1069"},"modified":"2026-05-06T12:53:02","modified_gmt":"2026-05-06T10:53:02","slug":"recogida-de-documentacion-2","status":"publish","type":"page","link":"https:\/\/site.educa.madrid.org\/ies.anselmolorenzo.sanmartindelavega\/index.php\/secretaria\/recogida-de-documentacion-2\/","title":{"rendered":"T\u00edtulos acad\u00e9micos PAU"},"content":{"rendered":"<h4><span style=\"color: #ff6600;\">T\u00cdTULO BACHILLERATO Y PAU 2026:<\/span><\/h4>\n<p><a href=\"https:\/\/uah.es\/es\/admision-y-ayudas\/grados\/pruebas-de-acceso\/Evaluacion-para-el-Acceso-a-la-Universidad\/\"><strong>P\u00e1gina web de la Universidad de \u00c1lcala de Henares (PAU 2026)<\/strong><\/a><\/p>\n<p><strong><span style=\"color: #0000ff;\"><em>Convocatoria Ordinaria<\/em><\/span><\/strong><\/p>\n<ul>\n<li>\u00bfC\u00f3mo <strong>solicitar el t\u00edtulo de Bachiller<\/strong>? Pincha <strong><a href=\"https:\/\/site.educa.madrid.org\/ies.anselmolorenzo.sanmartindelavega\/\/wp-content\/uploads\/ies.anselmolorenzo.sanmartindelavega\/2026\/05\/instrucciones-titulo-2026.pdf\">aqu\u00ed<\/a> <\/strong>y lee con detenimiento los <strong>pasos a seguir<\/strong>.<\/li>\n<li><em><strong>Descarga<\/strong> impreso <strong><a href=\"https:\/\/site.educa.madrid.org\/ies.anselmolorenzo.sanmartindelavega\/\/wp-content\/uploads\/ies.anselmolorenzo.sanmartindelavega\/2024\/05\/Solicitud-titulo-bachiller.pdf\">Solicitud t\u00edtulo Bachiller<\/a><\/strong><\/em><\/li>\n<li>\u00bfC\u00f3mo <strong>inscribirme en la PAU?<\/strong> Pincha <strong><a href=\"https:\/\/site.educa.madrid.org\/ies.anselmolorenzo.sanmartindelavega\/\/wp-content\/uploads\/ies.anselmolorenzo.sanmartindelavega\/2026\/05\/PAU-2026-ordinaria-1.pdf\">aqu\u00ed<\/a><\/strong>\u00a0y lee con detenimiento los pasos a seguir.<\/li>\n<li><strong><em>Descarga<\/em><\/strong> formulario <em><strong><a href=\"https:\/\/site.educa.madrid.org\/ies.anselmolorenzo.sanmartindelavega\/\/wp-content\/uploads\/ies.anselmolorenzo.sanmartindelavega\/2026\/05\/ImpresoMatriculaPAU.pdf\">Impreso PAU<\/a><\/strong>.<\/em><\/li>\n<li><a href=\"https:\/\/site.educa.madrid.org\/ies.anselmolorenzo.sanmartindelavega\/\/wp-content\/uploads\/ies.anselmolorenzo.sanmartindelavega\/2026\/05\/HorarioPAUOrdinaria2026.pdf\"><b><i>Horario PAU Ordinaria<\/i><\/b><\/a><\/li>\n<\/ul>\n<p><strong><span style=\"color: #0000ff;\"><em>Convocatoria Extraordinaria<\/em><\/span><\/strong><\/p>\n<ul>\n<li>\u00bfC\u00f3mo <strong>solicitar el t\u00edtulo de Bachiller<\/strong>? Pincha <strong><a href=\"https:\/\/site.educa.madrid.org\/ies.anselmolorenzo.sanmartindelavega\/\/wp-content\/uploads\/ies.anselmolorenzo.sanmartindelavega\/2026\/05\/instrucciones-titulo-2026.pdf\">aqu\u00ed<\/a> <\/strong>y lee con detenimiento los <strong>pasos a seguir<\/strong>.<\/li>\n<li><em><strong>Descarga<\/strong> impreso <strong><a href=\"https:\/\/site.educa.madrid.org\/ies.anselmolorenzo.sanmartindelavega\/\/wp-content\/uploads\/ies.anselmolorenzo.sanmartindelavega\/2024\/05\/Solicitud-titulo-bachiller.pdf\">Solicitud t\u00edtulo Bachiller<\/a><\/strong><\/em><\/li>\n<li>\u00bfC\u00f3mo <strong>inscribirme en la PAU en convocatoria extraordinaria? <\/strong>Pincha\u00a0 <strong><a href=\"https:\/\/site.educa.madrid.org\/ies.anselmolorenzo.sanmartindelavega\/\/wp-content\/uploads\/ies.anselmolorenzo.sanmartindelavega\/2026\/05\/PAU-2026-extraordinaria.pdf\">aqu\u00ed<\/a>\u00a0<\/strong>y lee con detenimiento los pasos a seguir.<\/li>\n<li><strong><em>Descarga<\/em><\/strong> formulario <em><strong><a href=\"https:\/\/site.educa.madrid.org\/ies.anselmolorenzo.sanmartindelavega\/\/wp-content\/uploads\/ies.anselmolorenzo.sanmartindelavega\/2026\/05\/ImpresoMatriculaPAU.pdf\">Impreso PAU<\/a><\/strong>.<\/em><\/li>\n<li><a href=\"https:\/\/site.educa.madrid.org\/ies.anselmolorenzo.sanmartindelavega\/\/wp-content\/uploads\/ies.anselmolorenzo.sanmartindelavega\/2026\/05\/HorarioPAUExtraordinaria2026.pdf\"><strong>Horario PAU Extraordinaria<\/strong><\/a><\/li>\n<\/ul>\n\n\n<h4 class=\"wp-block-heading has-luminous-vivid-orange-color has-white-background-color has-text-color has-background has-link-color wp-elements-b95230107a03602e5fad93e38e1a2851\"><strong>T\u00cdTULO CICLOS FORMATIVOS (GRADO MEDIO Y SUPERIOR)<\/strong><\/h4>\n\n\n\n<ul class=\"wp-block-list\">\n<li>\u00bfC\u00f3mo <strong>solicitar el t\u00edtulo de Bachiller<\/strong>? Pincha <strong><a href=\"https:\/\/site.educa.madrid.org\/ies.anselmolorenzo.sanmartindelavega\/\/wp-content\/uploads\/ies.anselmolorenzo.sanmartindelavega\/2026\/05\/instrucciones-titulo-2026.pdf\">aqu\u00ed<\/a> <\/strong>y lee con detenimiento los <strong>pasos a seguir<\/strong>.<\/li>\n\n\n\n<li><em><strong>Descarga<\/strong> impreso <strong><a href=\"https:\/\/site.educa.madrid.org\/ies.anselmolorenzo.sanmartindelavega\/\/wp-content\/uploads\/ies.anselmolorenzo.sanmartindelavega\/2024\/05\/Solicitud-titulo-bachiller.pdf\">Solicitud t\u00edtulo de T\u00e9cnico<\/a><\/strong><\/em><\/li>\n<\/ul>\n\n\n\n<div class=\"wp-block-group\"><div class=\"wp-block-group__inner-container is-layout-constrained wp-block-group-is-layout-constrained\">\n<div class=\"wp-block-group\"><div class=\"wp-block-group__inner-container is-layout-constrained wp-block-group-is-layout-constrained\">\n<p><\/p>\n<\/div><\/div>\n<\/div><\/div>\n\n\n\n<p><\/p>\n\n\n\n<p><\/p>\n","protected":false},"excerpt":{"rendered":"<p>T\u00cdTULO BACHILLERATO Y PAU 2026: P\u00e1gina web de la Universidad de \u00c1lcala de Henares (PAU 2026) Convocatoria Ordinaria \u00bfC\u00f3mo solicitar el t\u00edtulo de Bachiller? Pincha aqu\u00ed y lee con detenimiento los pasos a seguir. Descarga impreso Solicitud t\u00edtulo Bachiller \u00bfC\u00f3mo inscribirme en la PAU? Pincha aqu\u00ed\u00a0y lee con detenimiento los pasos a seguir. Descarga formulario &hellip; <\/p>\n<p class=\"link-more\"><a href=\"https:\/\/site.educa.madrid.org\/ies.anselmolorenzo.sanmartindelavega\/index.php\/secretaria\/recogida-de-documentacion-2\/\" class=\"more-link\">Continuar leyendo<span class=\"screen-reader-text\"> \u00abT\u00edtulos acad\u00e9micos PAU\u00bb<\/span><\/a><\/p>\n","protected":false},"author":2,"featured_media":0,"parent":130,"menu_order":0,"comment_status":"closed","ping_status":"closed","template":"","meta":{"footnotes":""},"folder":[],"class_list":["post-1069","page","type-page","status-publish","hentry"],"rttpg_featured_image_url":null,"rttpg_author":{"display_name":"tic.ies.anselmolorenzo.sanmartindelavega","author_link":"https:\/\/site.educa.madrid.org\/ies.anselmolorenzo.sanmartindelavega\/index.php\/author\/cuenta_tic-ies-anselmolorenzo-sanmartindelavega\/"},"rttpg_comment":0,"rttpg_category":false,"rttpg_excerpt":"T\u00cdTULO BACHILLERATO Y PAU 2026: P\u00e1gina web de la Universidad de \u00c1lcala de Henares (PAU 2026) Convocatoria Ordinaria \u00bfC\u00f3mo solicitar el t\u00edtulo de Bachiller? Pincha aqu\u00ed y lee con detenimiento los pasos a seguir. Descarga impreso Solicitud t\u00edtulo Bachiller \u00bfC\u00f3mo inscribirme en la PAU? Pincha aqu\u00ed\u00a0y lee con detenimiento los pasos a seguir. Descarga formulario&hellip;","post_mailing_queue_ids":[],"_links":{"self":[{"href":"https:\/\/site.educa.madrid.org\/ies.anselmolorenzo.sanmartindelavega\/index.php\/wp-json\/wp\/v2\/pages\/1069","targetHints":{"allow":["GET"]}}],"collection":[{"href":"https:\/\/site.educa.madrid.org\/ies.anselmolorenzo.sanmartindelavega\/index.php\/wp-json\/wp\/v2\/pages"}],"about":[{"href":"https:\/\/site.educa.madrid.org\/ies.anselmolorenzo.sanmartindelavega\/index.php\/wp-json\/wp\/v2\/types\/page"}],"author":[{"embeddable":true,"href":"https:\/\/site.educa.madrid.org\/ies.anselmolorenzo.sanmartindelavega\/index.php\/wp-json\/wp\/v2\/users\/2"}],"replies":[{"embeddable":true,"href":"https:\/\/site.educa.madrid.org\/ies.anselmolorenzo.sanmartindelavega\/index.php\/wp-json\/wp\/v2\/comments?post=1069"}],"version-history":[{"count":31,"href":"https:\/\/site.educa.madrid.org\/ies.anselmolorenzo.sanmartindelavega\/index.php\/wp-json\/wp\/v2\/pages\/1069\/revisions"}],"predecessor-version":[{"id":4155,"href":"https:\/\/site.educa.madrid.org\/ies.anselmolorenzo.sanmartindelavega\/index.php\/wp-json\/wp\/v2\/pages\/1069\/revisions\/4155"}],"up":[{"embeddable":true,"href":"https:\/\/site.educa.madrid.org\/ies.anselmolorenzo.sanmartindelavega\/index.php\/wp-json\/wp\/v2\/pages\/130"}],"wp:attachment":[{"href":"https:\/\/site.educa.madrid.org\/ies.anselmolorenzo.sanmartindelavega\/index.php\/wp-json\/wp\/v2\/media?parent=1069"}],"wp:term":[{"taxonomy":"folder","embeddable":true,"href":"https:\/\/site.educa.madrid.org\/ies.anselmolorenzo.sanmartindelavega\/index.php\/wp-json\/wp\/v2\/folder?post=1069"}],"curies":[{"name":"wp","href":"https:\/\/api.w.org\/{rel}","templated":true}]}}