{"id":1080,"date":"2023-11-08T15:56:12","date_gmt":"2023-11-08T14:56:12","guid":{"rendered":"https:\/\/site.educa.madrid.org\/ies.anselmolorenzo.sanmartindelavega\/?page_id=1080"},"modified":"2026-04-20T09:57:00","modified_gmt":"2026-04-20T07:57:00","slug":"programacion-general-anual","status":"publish","type":"page","link":"https:\/\/site.educa.madrid.org\/ies.anselmolorenzo.sanmartindelavega\/index.php\/documentos-de-centro\/programacion-general-anual\/","title":{"rendered":"Documentos curso 2025-2026"},"content":{"rendered":"<h6><span style=\"color: #ff6600;\">PROYECTO EDUCATIVO DE CENTRO<\/span><\/h6>\n<p>Consulta el anexo con toda la informaci\u00f3n relacionada con el Proyecto Educativo de Centro pinchando <a href=\"https:\/\/site.educa.madrid.org\/ies.anselmolorenzo.sanmartindelavega\/\/wp-content\/uploads\/ies.anselmolorenzo.sanmartindelavega\/2025\/10\/ANEXO-III-PEC-2025-2026.pdf\">aqu\u00ed.<\/a><\/p>\n<h6 style=\"text-align: left;\"><span style=\"color: #ff6600;\">NORMAS DE ORGANIZACI\u00d3N Y FUNCIONAMIENTO<\/span><\/h6>\n<p>Consulta el anexo con las normas de organizaci\u00f3n y funcionamiento del centro pinchando\u00a0<a href=\"https:\/\/site.educa.madrid.org\/ies.anselmolorenzo.sanmartindelavega\/\/wp-content\/uploads\/ies.anselmolorenzo.sanmartindelavega\/2025\/10\/ANEXO-I-NOF-2025-2026.pdf\">aqu\u00ed<\/a>.<\/p>\n<h6 style=\"text-align: left;\"><span style=\"color: #ff6600;\">PROGRAMACI\u00d3N GENERAL ANUAL<\/span><\/h6>\n<p>Consulta la Programaci\u00f3n General anual del centro pinchando <a href=\"https:\/\/site.educa.madrid.org\/ies.anselmolorenzo.sanmartindelavega\/\/wp-content\/uploads\/ies.anselmolorenzo.sanmartindelavega\/2025\/10\/PGA-2025-2026.pdf\">aqu\u00ed.<\/a><\/p>\n<h6><span style=\"color: #ff6600;\">PLAN DE CONVIVENCIA<\/span><\/h6>\n<p>Consulta el anexo que contiene el plan de convivencia del centro pinchando <a href=\"https:\/\/site.educa.madrid.org\/ies.anselmolorenzo.sanmartindelavega\/\/wp-content\/uploads\/ies.anselmolorenzo.sanmartindelavega\/2025\/10\/ANEXO-II-PLAN-DE-CONVIVENCIA-2025-2026.pdf\">aqu\u00ed.<\/a><\/p>\n<h6><span style=\"color: #ff6600;\">CONCRECIONES CURRICULARES<\/span><\/h6>\n<p>Consulta las concreciones curriculares pinchando <a href=\"https:\/\/site.educa.madrid.org\/ies.anselmolorenzo.sanmartindelavega\/\/wp-content\/uploads\/ies.anselmolorenzo.sanmartindelavega\/2025\/10\/ANEXO-IV-CONCRECIONES-CURRICULARES-2025-26.pdf\">aqu\u00ed<\/a>.<\/p>\n<h6><span style=\"color: #ff6600;\">PLAN DIGITALIZACI\u00d3N DE CENTRO<\/span><\/h6>\n<p>Consulta el Plan de digitalizaci\u00f3n de centro de la ESO-Bachillerato y de Formaci\u00f3n Profesional pinchando en los siguientes links:<\/p>\n<p><a href=\"https:\/\/site.educa.madrid.org\/ies.anselmolorenzo.sanmartindelavega\/\/wp-content\/uploads\/ies.anselmolorenzo.sanmartindelavega\/2026\/01\/PDC_25-26.pdf\">Plan Digitalizaci\u00f3n de Centro ESO y Bachillerato<\/a><\/p>\n<p><a href=\"https:\/\/site.educa.madrid.org\/ies.anselmolorenzo.sanmartindelavega\/\/wp-content\/uploads\/ies.anselmolorenzo.sanmartindelavega\/2025\/11\/PDC_FP_25-26-1.pdf\">Plan de Digitalizaci\u00f3n de Centro Formaci\u00f3n Profesional<\/a><\/p>\n<h6 style=\"text-align: left;\"><span style=\"color: #ff6600;\">PROYECTOS Y PROGRAMAS DEL CENTRO<\/span><\/h6>\n<p>Consulta el documento <a href=\"https:\/\/site.educa.madrid.org\/ies.anselmolorenzo.sanmartindelavega\/\/wp-content\/uploads\/ies.anselmolorenzo.sanmartindelavega\/2026\/03\/PROYECTOS-Y-PROGRAMAS-DEL-CENTRO.pdf\">aqu\u00ed.<\/a><\/p>\n<h6 style=\"text-align: left;\"><span style=\"color: #ff6600;\">CALENDARIO DE EVALUACIONES CURSO 2025-2026<\/span><\/h6>\n<p>Consulta el calendario de evaluaciones pinchando <a href=\"https:\/\/site.educa.madrid.org\/ies.anselmolorenzo.sanmartindelavega\/\/wp-content\/uploads\/ies.anselmolorenzo.sanmartindelavega\/2026\/04\/EVALUACIONES-CURSO-25-26-1.pdf\">aqu\u00ed<\/a><a href=\"https:\/\/site.educa.madrid.org\/ies.anselmolorenzo.sanmartindelavega\/\/wp-content\/uploads\/ies.anselmolorenzo.sanmartindelavega\/2023\/11\/CALENDARIO-DE-EVALUACIONES-CURSO-GENERAL.pdf\">.<\/a><\/p>\n\n\n<p><a href=\"https:\/\/site.educa.madrid.org\/ies.anselmolorenzo.sanmartindelavega\/\/wp-content\/uploads\/ies.anselmolorenzo.sanmartindelavega\/2026\/02\/POMA.pdf\">Plan de Ordenaci\u00f3n de M\u00f3viles en el Aula (POMA)<\/a><\/p>\n\n\n\n<p class=\"has-luminous-vivid-orange-color has-text-color has-link-color wp-elements-d857b254dc04ecae4be6c20210da2d1d\"><strong>INASISTENCIA DE CLASE POR DECISI\u00d3N COLECTIVA<\/strong><\/p>\n\n\n\n<p><a href=\"https:\/\/site.educa.madrid.org\/ies.anselmolorenzo.sanmartindelavega\/\/wp-content\/uploads\/ies.anselmolorenzo.sanmartindelavega\/2026\/02\/PROTOCOLO-INASISTENCIA-A-CLASE.pdf\">Protocolo<\/a><\/p>\n\n\n\n<p class=\"has-luminous-vivid-orange-color has-text-color has-link-color wp-elements-6e35d49be25b48cb69320ba91c3ae44b\"><strong>RESULTADOS DE ENCUESTAS DE SATISFACCI\u00d3N CURSO 24-25.<\/strong><\/p>\n\n\n\n<div class=\"wp-block-group\"><div class=\"wp-block-group__inner-container is-layout-constrained wp-block-group-is-layout-constrained\">\n<p><a href=\"https:\/\/site.educa.madrid.org\/ies.anselmolorenzo.sanmartindelavega\/\/wp-content\/uploads\/ies.anselmolorenzo.sanmartindelavega\/2025\/07\/RESULTADOS-ENCUESTAS-ALUMNOS.pdf\">Alumnos<\/a><\/p>\n\n\n\n<p><a href=\"https:\/\/site.educa.madrid.org\/ies.anselmolorenzo.sanmartindelavega\/\/wp-content\/uploads\/ies.anselmolorenzo.sanmartindelavega\/2025\/07\/RESULTADOS-ENCUESTAS-ED-Y-FUNCIONAMIENTO-GRAL.pdf\">Equipo directivo y funcionamiento del centro<\/a><\/p>\n\n\n\n<p><a href=\"https:\/\/site.educa.madrid.org\/ies.anselmolorenzo.sanmartindelavega\/\/wp-content\/uploads\/ies.anselmolorenzo.sanmartindelavega\/2025\/07\/RESULTADOS-ENCUESTAS-FAMILIAS.pdf\">Familias<\/a><\/p>\n\n\n\n<p><a href=\"https:\/\/site.educa.madrid.org\/ies.anselmolorenzo.sanmartindelavega\/\/wp-content\/uploads\/ies.anselmolorenzo.sanmartindelavega\/2025\/07\/RESULTADOS-ENCUESTAS-PAS.pdf\">Personal de administraci\u00f3n y servicios.<\/a><\/p>\n<\/div><\/div>\n\n\n\n<p><\/p>\n","protected":false},"excerpt":{"rendered":"<p>PROYECTO EDUCATIVO DE CENTRO Consulta el anexo con toda la informaci\u00f3n relacionada con el Proyecto Educativo de Centro pinchando aqu\u00ed. NORMAS DE ORGANIZACI\u00d3N Y FUNCIONAMIENTO Consulta el anexo con las normas de organizaci\u00f3n y funcionamiento del centro pinchando\u00a0aqu\u00ed. PROGRAMACI\u00d3N GENERAL ANUAL Consulta la Programaci\u00f3n General anual del centro pinchando aqu\u00ed. PLAN DE CONVIVENCIA Consulta el &hellip; <\/p>\n<p class=\"link-more\"><a href=\"https:\/\/site.educa.madrid.org\/ies.anselmolorenzo.sanmartindelavega\/index.php\/documentos-de-centro\/programacion-general-anual\/\" class=\"more-link\">Continuar leyendo<span class=\"screen-reader-text\"> \u00abDocumentos curso 2025-2026\u00bb<\/span><\/a><\/p>\n","protected":false},"author":2,"featured_media":0,"parent":1076,"menu_order":0,"comment_status":"closed","ping_status":"closed","template":"","meta":{"footnotes":""},"folder":[],"class_list":["post-1080","page","type-page","status-publish","hentry"],"rttpg_featured_image_url":null,"rttpg_author":{"display_name":"tic.ies.anselmolorenzo.sanmartindelavega","author_link":"https:\/\/site.educa.madrid.org\/ies.anselmolorenzo.sanmartindelavega\/index.php\/author\/cuenta_tic-ies-anselmolorenzo-sanmartindelavega\/"},"rttpg_comment":0,"rttpg_category":false,"rttpg_excerpt":"PROYECTO EDUCATIVO DE CENTRO Consulta el anexo con toda la informaci\u00f3n relacionada con el Proyecto Educativo de Centro pinchando aqu\u00ed. NORMAS DE ORGANIZACI\u00d3N Y FUNCIONAMIENTO Consulta el anexo con las normas de organizaci\u00f3n y funcionamiento del centro pinchando\u00a0aqu\u00ed. PROGRAMACI\u00d3N GENERAL ANUAL Consulta la Programaci\u00f3n General anual del centro pinchando aqu\u00ed. PLAN DE CONVIVENCIA Consulta el&hellip;","post_mailing_queue_ids":[],"_links":{"self":[{"href":"https:\/\/site.educa.madrid.org\/ies.anselmolorenzo.sanmartindelavega\/index.php\/wp-json\/wp\/v2\/pages\/1080","targetHints":{"allow":["GET"]}}],"collection":[{"href":"https:\/\/site.educa.madrid.org\/ies.anselmolorenzo.sanmartindelavega\/index.php\/wp-json\/wp\/v2\/pages"}],"about":[{"href":"https:\/\/site.educa.madrid.org\/ies.anselmolorenzo.sanmartindelavega\/index.php\/wp-json\/wp\/v2\/types\/page"}],"author":[{"embeddable":true,"href":"https:\/\/site.educa.madrid.org\/ies.anselmolorenzo.sanmartindelavega\/index.php\/wp-json\/wp\/v2\/users\/2"}],"replies":[{"embeddable":true,"href":"https:\/\/site.educa.madrid.org\/ies.anselmolorenzo.sanmartindelavega\/index.php\/wp-json\/wp\/v2\/comments?post=1080"}],"version-history":[{"count":35,"href":"https:\/\/site.educa.madrid.org\/ies.anselmolorenzo.sanmartindelavega\/index.php\/wp-json\/wp\/v2\/pages\/1080\/revisions"}],"predecessor-version":[{"id":4111,"href":"https:\/\/site.educa.madrid.org\/ies.anselmolorenzo.sanmartindelavega\/index.php\/wp-json\/wp\/v2\/pages\/1080\/revisions\/4111"}],"up":[{"embeddable":true,"href":"https:\/\/site.educa.madrid.org\/ies.anselmolorenzo.sanmartindelavega\/index.php\/wp-json\/wp\/v2\/pages\/1076"}],"wp:attachment":[{"href":"https:\/\/site.educa.madrid.org\/ies.anselmolorenzo.sanmartindelavega\/index.php\/wp-json\/wp\/v2\/media?parent=1080"}],"wp:term":[{"taxonomy":"folder","embeddable":true,"href":"https:\/\/site.educa.madrid.org\/ies.anselmolorenzo.sanmartindelavega\/index.php\/wp-json\/wp\/v2\/folder?post=1080"}],"curies":[{"name":"wp","href":"https:\/\/api.w.org\/{rel}","templated":true}]}}