{"id":537,"date":"2022-06-29T10:28:37","date_gmt":"2022-06-29T08:28:37","guid":{"rendered":"https:\/\/site.educa.madrid.org\/ies.anselmolorenzo.sanmartindelavega\/?page_id=537"},"modified":"2025-09-23T12:58:42","modified_gmt":"2025-09-23T10:58:42","slug":"orientacion","status":"publish","type":"page","link":"https:\/\/site.educa.madrid.org\/ies.anselmolorenzo.sanmartindelavega\/index.php\/inicio\/quienes-somos\/equipo-docente\/orientacion\/","title":{"rendered":"Orientaci\u00f3n"},"content":{"rendered":"<h1 style=\"text-align: center;\"><span style=\"color: #3366ff;\"><strong>Contacto de los profesionales del departamento de Orientaci\u00f3n<\/strong><\/span><\/h1>\n<p><a href=\"https:\/\/site.educa.madrid.org\/ies.anselmolorenzo.sanmartindelavega\/\/wp-content\/uploads\/ies.anselmolorenzo.sanmartindelavega\/2025\/09\/CartelDO.jpg\"><img loading=\"lazy\" decoding=\"async\" class=\"size-full wp-image-3364 aligncenter\" src=\"https:\/\/site.educa.madrid.org\/ies.anselmolorenzo.sanmartindelavega\/\/wp-content\/uploads\/ies.anselmolorenzo.sanmartindelavega\/2025\/09\/CartelDO.jpg\" alt=\"\" width=\"451\" height=\"635\" srcset=\"https:\/\/site.educa.madrid.org\/ies.anselmolorenzo.sanmartindelavega\/\/wp-content\/uploads\/ies.anselmolorenzo.sanmartindelavega\/2025\/09\/CartelDO.jpg 451w, https:\/\/site.educa.madrid.org\/ies.anselmolorenzo.sanmartindelavega\/\/wp-content\/uploads\/ies.anselmolorenzo.sanmartindelavega\/2025\/09\/CartelDO-213x300.jpg 213w\" sizes=\"auto, (max-width: 451px) 100vw, 451px\" \/><\/a><\/p>\n\n\n<h2 class=\"wp-block-heading has-text-align-center has-large-font-size\"><strong>Enlace programa \u00abEl ORIENTA\u00bb<\/strong><\/h2>\n\n\n<p>El Programa \u00abEL ORIENTA\u00bb, est\u00e1 dirigido a trabajar con el alumnado su orientaci\u00f3n vocacional. Esto les permitir\u00e1 conocerse un poco mejor y divisar en qu\u00e9 trayectoria profesional encajar\u00edan mejor.<\/p>\n<p>Pincha sobre el siguiente enlace para acceder a la p\u00e1gina web d\u00f3nde encontrar\u00e1s todos los recursos :\u00a0<a style=\"font-size: revert;\" href=\"https:\/\/urldefense.com\/v3\/__https:\/\/www.orientaline.es\/?yafxb=68121__;!!D9dNQwwGXtA!U6nupX5IxgMDcNL7FZLeZQREMFlZYnSwTxAplhPN2rUeTuuqZ2scGf6D57tvz4L7V3_k9p1BR-CfHPWDqYaK-5iNcA$\">Programa El Orienta<\/a><\/p>\n\n\n<p class=\"has-text-align-center has-black-color has-text-color has-link-color has-large-font-size wp-elements-0af7961bfac1924204e04b3ddd477d25\">Programa de mentores de FP<\/p>\n\n\n\n<p>En estas <strong>presentaciones<\/strong> ten\u00e9is toda la informaci\u00f3n del <strong>acceso<\/strong> de los Ciclos formativos de <strong>Grado medio y Grado superior<\/strong> de las charlas que ha dado nuestra mentora de FP.<\/p>\n\n\n\n<div data-wp-interactive=\"core\/file\" class=\"wp-block-file\"><object data-wp-bind--hidden=\"!state.hasPdfPreview\" hidden class=\"wp-block-file__embed\" data=\"https:\/\/site.educa.madrid.org\/ies.anselmolorenzo.sanmartindelavega\/\/wp-content\/uploads\/ies.anselmolorenzo.sanmartindelavega\/2025\/02\/CFGM.pdf\" type=\"application\/pdf\" style=\"width:100%;height:430px\" aria-label=\"Incrustado de PRESENTACI\u00d3N DE GRADO MEDIO.\"><\/object><a id=\"wp-block-file--media-87f59334-9b5d-4ec5-b188-9d2f3a2dbbf6\" href=\"https:\/\/site.educa.madrid.org\/ies.anselmolorenzo.sanmartindelavega\/\/wp-content\/uploads\/ies.anselmolorenzo.sanmartindelavega\/2025\/02\/CFGM.pdf\">PRESENTACI\u00d3N DE GRADO MEDIO<\/a><a href=\"https:\/\/site.educa.madrid.org\/ies.anselmolorenzo.sanmartindelavega\/\/wp-content\/uploads\/ies.anselmolorenzo.sanmartindelavega\/2025\/02\/CFGM.pdf\" class=\"wp-block-file__button wp-element-button\" download aria-describedby=\"wp-block-file--media-87f59334-9b5d-4ec5-b188-9d2f3a2dbbf6\">Descarga<\/a><\/div>\n\n\n\n<div data-wp-interactive=\"core\/file\" class=\"wp-block-file aligncenter\"><object data-wp-bind--hidden=\"!state.hasPdfPreview\" hidden class=\"wp-block-file__embed\" data=\"https:\/\/site.educa.madrid.org\/ies.anselmolorenzo.sanmartindelavega\/\/wp-content\/uploads\/ies.anselmolorenzo.sanmartindelavega\/2025\/02\/CFGS-1.pdf\" type=\"application\/pdf\" style=\"width:100%;height:430px\" aria-label=\"Incrustado de PRESENTACI\u00d3N DE GRADO SUPERIOR.\"><\/object><a id=\"wp-block-file--media-70d0b5bd-c691-41e5-8ea9-0341efb22c2e\" href=\"https:\/\/site.educa.madrid.org\/ies.anselmolorenzo.sanmartindelavega\/\/wp-content\/uploads\/ies.anselmolorenzo.sanmartindelavega\/2025\/02\/CFGS-1.pdf\">PRESENTACI\u00d3N DE GRADO SUPERIOR<\/a><a href=\"https:\/\/site.educa.madrid.org\/ies.anselmolorenzo.sanmartindelavega\/\/wp-content\/uploads\/ies.anselmolorenzo.sanmartindelavega\/2025\/02\/CFGS-1.pdf\" class=\"wp-block-file__button wp-element-button\" download aria-describedby=\"wp-block-file--media-70d0b5bd-c691-41e5-8ea9-0341efb22c2e\">Descarga<\/a><\/div>\n","protected":false},"excerpt":{"rendered":"<p>Contacto de los profesionales del departamento de Orientaci\u00f3n Enlace programa \u00abEl ORIENTA\u00bb El Programa \u00abEL ORIENTA\u00bb, est\u00e1 dirigido a trabajar con el alumnado su orientaci\u00f3n vocacional. Esto les permitir\u00e1 conocerse un poco mejor y divisar en qu\u00e9 trayectoria profesional encajar\u00edan mejor. Pincha sobre el siguiente enlace para acceder a la p\u00e1gina web d\u00f3nde encontrar\u00e1s todos &hellip; <\/p>\n<p class=\"link-more\"><a href=\"https:\/\/site.educa.madrid.org\/ies.anselmolorenzo.sanmartindelavega\/index.php\/inicio\/quienes-somos\/equipo-docente\/orientacion\/\" class=\"more-link\">Continuar leyendo<span class=\"screen-reader-text\"> \u00abOrientaci\u00f3n\u00bb<\/span><\/a><\/p>\n","protected":false},"author":5,"featured_media":0,"parent":121,"menu_order":16,"comment_status":"closed","ping_status":"closed","template":"page-with-siblings-submenu.php","meta":{"footnotes":""},"folder":[],"class_list":["post-537","page","type-page","status-publish","hentry"],"rttpg_featured_image_url":null,"rttpg_author":{"display_name":"Cuenta Admin-educamadrid","author_link":"https:\/\/site.educa.madrid.org\/ies.anselmolorenzo.sanmartindelavega\/index.php\/author\/cuenta_admin-educamadrid\/"},"rttpg_comment":0,"rttpg_category":false,"rttpg_excerpt":"Contacto de los profesionales del departamento de Orientaci\u00f3n Enlace programa \u00abEl ORIENTA\u00bb El Programa \u00abEL ORIENTA\u00bb, est\u00e1 dirigido a trabajar con el alumnado su orientaci\u00f3n vocacional. Esto les permitir\u00e1 conocerse un poco mejor y divisar en qu\u00e9 trayectoria profesional encajar\u00edan mejor. Pincha sobre el siguiente enlace para acceder a la p\u00e1gina web d\u00f3nde encontrar\u00e1s todos&hellip;","post_mailing_queue_ids":[],"_links":{"self":[{"href":"https:\/\/site.educa.madrid.org\/ies.anselmolorenzo.sanmartindelavega\/index.php\/wp-json\/wp\/v2\/pages\/537","targetHints":{"allow":["GET"]}}],"collection":[{"href":"https:\/\/site.educa.madrid.org\/ies.anselmolorenzo.sanmartindelavega\/index.php\/wp-json\/wp\/v2\/pages"}],"about":[{"href":"https:\/\/site.educa.madrid.org\/ies.anselmolorenzo.sanmartindelavega\/index.php\/wp-json\/wp\/v2\/types\/page"}],"author":[{"embeddable":true,"href":"https:\/\/site.educa.madrid.org\/ies.anselmolorenzo.sanmartindelavega\/index.php\/wp-json\/wp\/v2\/users\/5"}],"replies":[{"embeddable":true,"href":"https:\/\/site.educa.madrid.org\/ies.anselmolorenzo.sanmartindelavega\/index.php\/wp-json\/wp\/v2\/comments?post=537"}],"version-history":[{"count":15,"href":"https:\/\/site.educa.madrid.org\/ies.anselmolorenzo.sanmartindelavega\/index.php\/wp-json\/wp\/v2\/pages\/537\/revisions"}],"predecessor-version":[{"id":3365,"href":"https:\/\/site.educa.madrid.org\/ies.anselmolorenzo.sanmartindelavega\/index.php\/wp-json\/wp\/v2\/pages\/537\/revisions\/3365"}],"up":[{"embeddable":true,"href":"https:\/\/site.educa.madrid.org\/ies.anselmolorenzo.sanmartindelavega\/index.php\/wp-json\/wp\/v2\/pages\/121"}],"wp:attachment":[{"href":"https:\/\/site.educa.madrid.org\/ies.anselmolorenzo.sanmartindelavega\/index.php\/wp-json\/wp\/v2\/media?parent=537"}],"wp:term":[{"taxonomy":"folder","embeddable":true,"href":"https:\/\/site.educa.madrid.org\/ies.anselmolorenzo.sanmartindelavega\/index.php\/wp-json\/wp\/v2\/folder?post=537"}],"curies":[{"name":"wp","href":"https:\/\/api.w.org\/{rel}","templated":true}]}}