{"id":2540,"date":"2025-02-03T13:11:22","date_gmt":"2025-02-03T12:11:22","guid":{"rendered":"https:\/\/site.educa.madrid.org\/ies.antoniodenebrija.mostoles\/?page_id=2540"},"modified":"2026-02-24T22:41:34","modified_gmt":"2026-02-24T21:41:34","slug":"proyecto-stem-bilingual","status":"publish","type":"page","link":"https:\/\/site.educa.madrid.org\/ies.antoniodenebrija.mostoles\/index.php\/proyecto-stem-bilingual\/","title":{"rendered":"Proyecto STEM Bilingual"},"content":{"rendered":"<div class=\"wp-block-image\">\n<figure class=\"aligncenter size-full\"><img loading=\"lazy\" decoding=\"async\" width=\"613\" height=\"304\" src=\"https:\/\/site.educa.madrid.org\/ies.antoniodenebrija.mostoles\/\/wp-content\/uploads\/ies.antoniodenebrija.mostoles\/2025\/02\/imagen-logo-STEM.jpg\" alt=\"\" class=\"wp-image-2547\" srcset=\"https:\/\/site.educa.madrid.org\/ies.antoniodenebrija.mostoles\/\/wp-content\/uploads\/ies.antoniodenebrija.mostoles\/2025\/02\/imagen-logo-STEM.jpg 613w, https:\/\/site.educa.madrid.org\/ies.antoniodenebrija.mostoles\/\/wp-content\/uploads\/ies.antoniodenebrija.mostoles\/2025\/02\/imagen-logo-STEM-300x150.jpg 300w\" sizes=\"auto, (max-width: 613px) 100vw, 613px\" \/><\/figure>\n<\/div>\n\n\n<p class=\"has-text-align-center has-vivid-red-color has-text-color has-link-color has-x-large-font-size wp-elements-a14ff7e3a3335cc0ba5ffdb772e78439\"><strong>CURSO 25\/26<\/strong><\/p>\n\n\n\n<p class=\"has-text-align-center\">El \u00abAula de la naturaleza\u00bb es el proyecto que el centro present\u00f3 el curso pasado para la obtenci\u00f3n de la categor\u00eda de \u00abCentro STEM de la Comunidad de Madrid\u00bb y con el que alcanzamos dicho objetivo.<\/p>\n\n\n\n<p class=\"has-text-align-center\">Es un proyecto interdisciplinar que implica a los departamentos de Matem\u00e1ticas, Tecnolog\u00eda, Dibujo, Ingl\u00e9s y Geograf\u00eda e Historia en el que participan alumnos del centro de diferentes niveles, de 1\u00ba de ESO a 2\u00ba de bachillerato, puesto que son ellos los que van a realzar el dise\u00f1o del aula, estudiar la climatolog\u00eda de la zona para ver qu\u00e9 plantas son las m\u00e1s apropiadas para que se planten en el aula, por d\u00f3nde han de ir la canalizaciones del riego al tiempo que se calculen las \u00e1rea a dise\u00f1ar.<\/p>\n\n\n\n<p class=\"has-text-align-center\">Es un ambicioso proyecto a cuatro a\u00f1os, este es el segundo, cuyo objetivo es que el centro cuente con una aula al aire libre en la que los alumnos puedan recibir sus clases en un ambiente que ellos mismos han contribuido a crear. Durante el primer trimestre se han hecho ya las obras de acondicionamiento previo con la eliminaci\u00f3n de maleza y el alisado del terreno as\u00ed como el anclaje y hormigonado de las mesas que tiene una capacidad total para 32 alumnos y la ubicaci\u00f3n de la estaci\u00f3n meteorol\u00f3gica. Esperemos que podamos inaugurarla en primavera para que todos pod\u00e1is disfrutarla.<\/p>\n\n\n\n<p class=\"has-text-align-right\">Chelo Moreno (directora del IES Antonio de Nebrija).<\/p>\n\n\n\n<p>As\u00ed estaba todo en un principio&#8230;<\/p>\n\n\n\n<figure class=\"wp-block-gallery has-nested-images columns-default is-cropped wp-block-gallery-1 is-layout-flex wp-block-gallery-is-layout-flex\">\n<figure class=\"wp-block-image size-large\"><img loading=\"lazy\" decoding=\"async\" width=\"1024\" height=\"768\" data-id=\"4749\" src=\"https:\/\/site.educa.madrid.org\/ies.antoniodenebrija.mostoles\/\/wp-content\/uploads\/ies.antoniodenebrija.mostoles\/2026\/02\/stem-antes-3-1024x768.jpg\" alt=\"\" class=\"wp-image-4749\" srcset=\"https:\/\/site.educa.madrid.org\/ies.antoniodenebrija.mostoles\/\/wp-content\/uploads\/ies.antoniodenebrija.mostoles\/2026\/02\/stem-antes-3-1024x768.jpg 1024w, https:\/\/site.educa.madrid.org\/ies.antoniodenebrija.mostoles\/\/wp-content\/uploads\/ies.antoniodenebrija.mostoles\/2026\/02\/stem-antes-3-300x225.jpg 300w, https:\/\/site.educa.madrid.org\/ies.antoniodenebrija.mostoles\/\/wp-content\/uploads\/ies.antoniodenebrija.mostoles\/2026\/02\/stem-antes-3-768x576.jpg 768w, https:\/\/site.educa.madrid.org\/ies.antoniodenebrija.mostoles\/\/wp-content\/uploads\/ies.antoniodenebrija.mostoles\/2026\/02\/stem-antes-3-1536x1152.jpg 1536w, https:\/\/site.educa.madrid.org\/ies.antoniodenebrija.mostoles\/\/wp-content\/uploads\/ies.antoniodenebrija.mostoles\/2026\/02\/stem-antes-3.jpg 1600w\" sizes=\"auto, (max-width: 1024px) 100vw, 1024px\" \/><\/figure>\n\n\n\n<figure class=\"wp-block-image size-large\"><img loading=\"lazy\" decoding=\"async\" width=\"768\" height=\"1024\" data-id=\"4750\" src=\"https:\/\/site.educa.madrid.org\/ies.antoniodenebrija.mostoles\/\/wp-content\/uploads\/ies.antoniodenebrija.mostoles\/2026\/02\/stem-antes-2-768x1024.jpg\" alt=\"\" class=\"wp-image-4750\" srcset=\"https:\/\/site.educa.madrid.org\/ies.antoniodenebrija.mostoles\/\/wp-content\/uploads\/ies.antoniodenebrija.mostoles\/2026\/02\/stem-antes-2-768x1024.jpg 768w, https:\/\/site.educa.madrid.org\/ies.antoniodenebrija.mostoles\/\/wp-content\/uploads\/ies.antoniodenebrija.mostoles\/2026\/02\/stem-antes-2-225x300.jpg 225w, https:\/\/site.educa.madrid.org\/ies.antoniodenebrija.mostoles\/\/wp-content\/uploads\/ies.antoniodenebrija.mostoles\/2026\/02\/stem-antes-2-300x400.jpg 300w, https:\/\/site.educa.madrid.org\/ies.antoniodenebrija.mostoles\/\/wp-content\/uploads\/ies.antoniodenebrija.mostoles\/2026\/02\/stem-antes-2-1152x1536.jpg 1152w, https:\/\/site.educa.madrid.org\/ies.antoniodenebrija.mostoles\/\/wp-content\/uploads\/ies.antoniodenebrija.mostoles\/2026\/02\/stem-antes-2.jpg 1200w\" sizes=\"auto, (max-width: 768px) 100vw, 768px\" \/><\/figure>\n\n\n\n<figure class=\"wp-block-image size-large\"><img loading=\"lazy\" decoding=\"async\" width=\"768\" height=\"1024\" data-id=\"4751\" src=\"https:\/\/site.educa.madrid.org\/ies.antoniodenebrija.mostoles\/\/wp-content\/uploads\/ies.antoniodenebrija.mostoles\/2026\/02\/stem-antes-1-768x1024.jpg\" alt=\"\" class=\"wp-image-4751\" srcset=\"https:\/\/site.educa.madrid.org\/ies.antoniodenebrija.mostoles\/\/wp-content\/uploads\/ies.antoniodenebrija.mostoles\/2026\/02\/stem-antes-1-768x1024.jpg 768w, https:\/\/site.educa.madrid.org\/ies.antoniodenebrija.mostoles\/\/wp-content\/uploads\/ies.antoniodenebrija.mostoles\/2026\/02\/stem-antes-1-225x300.jpg 225w, https:\/\/site.educa.madrid.org\/ies.antoniodenebrija.mostoles\/\/wp-content\/uploads\/ies.antoniodenebrija.mostoles\/2026\/02\/stem-antes-1-300x400.jpg 300w, https:\/\/site.educa.madrid.org\/ies.antoniodenebrija.mostoles\/\/wp-content\/uploads\/ies.antoniodenebrija.mostoles\/2026\/02\/stem-antes-1-1152x1536.jpg 1152w, https:\/\/site.educa.madrid.org\/ies.antoniodenebrija.mostoles\/\/wp-content\/uploads\/ies.antoniodenebrija.mostoles\/2026\/02\/stem-antes-1.jpg 1200w\" sizes=\"auto, (max-width: 768px) 100vw, 768px\" \/><\/figure>\n<\/figure>\n\n\n\n<p>As\u00ed est\u00e1 por el momento&#8230;<\/p>\n\n\n\n<figure class=\"wp-block-gallery has-nested-images columns-default is-cropped wp-block-gallery-2 is-layout-flex wp-block-gallery-is-layout-flex\">\n<figure class=\"wp-block-image size-large\"><img loading=\"lazy\" decoding=\"async\" width=\"808\" height=\"604\" data-id=\"4754\" src=\"https:\/\/site.educa.madrid.org\/ies.antoniodenebrija.mostoles\/\/wp-content\/uploads\/ies.antoniodenebrija.mostoles\/2026\/02\/stem-diciembre-25-1.png\" alt=\"\" class=\"wp-image-4754\" srcset=\"https:\/\/site.educa.madrid.org\/ies.antoniodenebrija.mostoles\/\/wp-content\/uploads\/ies.antoniodenebrija.mostoles\/2026\/02\/stem-diciembre-25-1.png 808w, https:\/\/site.educa.madrid.org\/ies.antoniodenebrija.mostoles\/\/wp-content\/uploads\/ies.antoniodenebrija.mostoles\/2026\/02\/stem-diciembre-25-1-300x224.png 300w, https:\/\/site.educa.madrid.org\/ies.antoniodenebrija.mostoles\/\/wp-content\/uploads\/ies.antoniodenebrija.mostoles\/2026\/02\/stem-diciembre-25-1-768x574.png 768w\" sizes=\"auto, (max-width: 808px) 100vw, 808px\" \/><\/figure>\n\n\n\n<figure class=\"wp-block-image size-large\"><img loading=\"lazy\" decoding=\"async\" width=\"372\" height=\"331\" data-id=\"4752\" src=\"https:\/\/site.educa.madrid.org\/ies.antoniodenebrija.mostoles\/\/wp-content\/uploads\/ies.antoniodenebrija.mostoles\/2026\/02\/stem-diciembre-25-2-estacion-meteorologica.png\" alt=\"\" class=\"wp-image-4752\" srcset=\"https:\/\/site.educa.madrid.org\/ies.antoniodenebrija.mostoles\/\/wp-content\/uploads\/ies.antoniodenebrija.mostoles\/2026\/02\/stem-diciembre-25-2-estacion-meteorologica.png 372w, https:\/\/site.educa.madrid.org\/ies.antoniodenebrija.mostoles\/\/wp-content\/uploads\/ies.antoniodenebrija.mostoles\/2026\/02\/stem-diciembre-25-2-estacion-meteorologica-300x267.png 300w\" sizes=\"auto, (max-width: 372px) 100vw, 372px\" \/><\/figure>\n\n\n\n<figure class=\"wp-block-image size-large\"><img loading=\"lazy\" decoding=\"async\" width=\"808\" height=\"497\" data-id=\"4753\" src=\"https:\/\/site.educa.madrid.org\/ies.antoniodenebrija.mostoles\/\/wp-content\/uploads\/ies.antoniodenebrija.mostoles\/2026\/02\/stem-diciembre-25-3-mesas.png\" alt=\"\" class=\"wp-image-4753\" srcset=\"https:\/\/site.educa.madrid.org\/ies.antoniodenebrija.mostoles\/\/wp-content\/uploads\/ies.antoniodenebrija.mostoles\/2026\/02\/stem-diciembre-25-3-mesas.png 808w, https:\/\/site.educa.madrid.org\/ies.antoniodenebrija.mostoles\/\/wp-content\/uploads\/ies.antoniodenebrija.mostoles\/2026\/02\/stem-diciembre-25-3-mesas-300x185.png 300w, https:\/\/site.educa.madrid.org\/ies.antoniodenebrija.mostoles\/\/wp-content\/uploads\/ies.antoniodenebrija.mostoles\/2026\/02\/stem-diciembre-25-3-mesas-768x472.png 768w\" sizes=\"auto, (max-width: 808px) 100vw, 808px\" \/><\/figure>\n<\/figure>\n\n\n\n<p class=\"has-text-align-center has-vivid-red-color has-text-color has-link-color has-x-large-font-size wp-elements-a035346dad6baa05a75cf9661559253f\"><strong>CURSO 24\/25<\/strong><\/p>\n\n\n<p style=\"text-align: center;\">El <strong>IES Antonio de Nebrija<\/strong> ha sido acreditado como centro <strong>STEM Bilingual<\/strong> en su primera convocatoria biling\u00fce, premiando as\u00ed su amplia trayectoria en el impulso de materias STEM.<\/p>\n<p style=\"text-align: center;\">En l\u00ednea con las demandas educativas actuales, queremos seguir impulsando el desarrollo de competencias STEM (Ciencia, Tecnolog\u00eda, Ingenier\u00eda y Matem\u00e1ticas) con el objetivo de transformar a los estudiantes en creadores activos de tecnolog\u00eda, m\u00e1s all\u00e1 de ser meros observadores. Para lograrlo, vamos a desarrollar el proyecto STEM<strong> \u00abEl aula de la naturaleza: Espacios Verdes para Aprender y Crecer\u00bb <\/strong>en el que se implementan intervenciones, innovaciones y mejoras educativas que proporcionan los conocimientos y habilidades necesarias para potenciar las competencias STEM, promoviendo un modelo de ense\u00f1anza que prepare a los estudiantes para los retos del futuro.<\/p>\n<p style=\"text-align: center;\">El enfoque pedag\u00f3gico se basa en proyectos interdisciplinares que integran las disciplinas STEM con las humanidades y las artes, fomentando as\u00ed un aprendizaje m\u00e1s completo y significativo. El desarrollo de esta iniciativa se sustenta en cuatro pilares fundamentales:<\/p>\n<ul>\n<li style=\"text-align: center;\">Uso de la ciencia y la tecnolog\u00eda en beneficio de la sociedad.<\/li>\n<li style=\"text-align: center;\">Fomento de la inclusi\u00f3n y la igualdad, garantizando oportunidades para todos los estudiantes.<\/li>\n<li style=\"text-align: center;\">Integraci\u00f3n de la sostenibilidad, en consonancia con los Objetivos de Desarrollo Sostenible de la Agenda 2030<\/li>\n<li style=\"text-align: center;\">Aplicaci\u00f3n de metodolog\u00edas innovadoras, incentivando la creatividad y el esp\u00edritu emprendedor.<\/li>\n<\/ul>\n<p style=\"text-align: right;\">Ana Le\u00f3n (coordinadora del Proyecto STEM en el curso 24-25)<\/p>","protected":false},"excerpt":{"rendered":"<p>CURSO 25\/26 El \u00abAula de la naturaleza\u00bb es el proyecto que el centro present\u00f3 el curso pasado para la obtenci\u00f3n de la categor\u00eda de \u00abCentro STEM de la Comunidad de &#8230;<\/p>\n","protected":false},"author":11,"featured_media":2547,"parent":0,"menu_order":0,"comment_status":"closed","ping_status":"closed","template":"","meta":{"footnotes":""},"folder":[],"class_list":["post-2540","page","type-page","status-publish","has-post-thumbnail","hentry"],"rttpg_featured_image_url":{"full":["https:\/\/site.educa.madrid.org\/ies.antoniodenebrija.mostoles\/\/wp-content\/uploads\/ies.antoniodenebrija.mostoles\/2025\/02\/imagen-logo-STEM.jpg",613,304,false],"landscape":["https:\/\/site.educa.madrid.org\/ies.antoniodenebrija.mostoles\/\/wp-content\/uploads\/ies.antoniodenebrija.mostoles\/2025\/02\/imagen-logo-STEM.jpg",613,304,false],"portraits":["https:\/\/site.educa.madrid.org\/ies.antoniodenebrija.mostoles\/\/wp-content\/uploads\/ies.antoniodenebrija.mostoles\/2025\/02\/imagen-logo-STEM.jpg",613,304,false],"thumbnail":["https:\/\/site.educa.madrid.org\/ies.antoniodenebrija.mostoles\/\/wp-content\/uploads\/ies.antoniodenebrija.mostoles\/2025\/02\/imagen-logo-STEM-150x150.jpg",150,150,true],"medium":["https:\/\/site.educa.madrid.org\/ies.antoniodenebrija.mostoles\/\/wp-content\/uploads\/ies.antoniodenebrija.mostoles\/2025\/02\/imagen-logo-STEM-300x149.jpg",300,149,true],"large":["https:\/\/site.educa.madrid.org\/ies.antoniodenebrija.mostoles\/\/wp-content\/uploads\/ies.antoniodenebrija.mostoles\/2025\/02\/imagen-logo-STEM.jpg",613,304,false],"thumblist":["https:\/\/site.educa.madrid.org\/ies.antoniodenebrija.mostoles\/\/wp-content\/uploads\/ies.antoniodenebrija.mostoles\/2025\/02\/imagen-logo-STEM-300x300.jpg",300,300,true],"thumbrelated":["https:\/\/site.educa.madrid.org\/ies.antoniodenebrija.mostoles\/\/wp-content\/uploads\/ies.antoniodenebrija.mostoles\/2025\/02\/imagen-logo-STEM-500x304.jpg",500,304,true],"meccarouselthumb":["https:\/\/site.educa.madrid.org\/ies.antoniodenebrija.mostoles\/\/wp-content\/uploads\/ies.antoniodenebrija.mostoles\/2025\/02\/imagen-logo-STEM-474x304.jpg",474,304,true],"gridsquare":["https:\/\/site.educa.madrid.org\/ies.antoniodenebrija.mostoles\/\/wp-content\/uploads\/ies.antoniodenebrija.mostoles\/2025\/02\/imagen-logo-STEM-391x260.jpg",391,260,true],"tileview":["https:\/\/site.educa.madrid.org\/ies.antoniodenebrija.mostoles\/\/wp-content\/uploads\/ies.antoniodenebrija.mostoles\/2025\/02\/imagen-logo-STEM-300x304.jpg",300,304,true],"1536x1536":["https:\/\/site.educa.madrid.org\/ies.antoniodenebrija.mostoles\/\/wp-content\/uploads\/ies.antoniodenebrija.mostoles\/2025\/02\/imagen-logo-STEM.jpg",613,304,false],"2048x2048":["https:\/\/site.educa.madrid.org\/ies.antoniodenebrija.mostoles\/\/wp-content\/uploads\/ies.antoniodenebrija.mostoles\/2025\/02\/imagen-logo-STEM.jpg",613,304,false],"onepress-blog-small":["https:\/\/site.educa.madrid.org\/ies.antoniodenebrija.mostoles\/\/wp-content\/uploads\/ies.antoniodenebrija.mostoles\/2025\/02\/imagen-logo-STEM-300x150.jpg",300,150,true],"onepress-small":["https:\/\/site.educa.madrid.org\/ies.antoniodenebrija.mostoles\/\/wp-content\/uploads\/ies.antoniodenebrija.mostoles\/2025\/02\/imagen-logo-STEM-480x300.jpg",480,300,true],"onepress-medium":["https:\/\/site.educa.madrid.org\/ies.antoniodenebrija.mostoles\/\/wp-content\/uploads\/ies.antoniodenebrija.mostoles\/2025\/02\/imagen-logo-STEM.jpg",613,304,false],"sow-carousel-default":["https:\/\/site.educa.madrid.org\/ies.antoniodenebrija.mostoles\/\/wp-content\/uploads\/ies.antoniodenebrija.mostoles\/2025\/02\/imagen-logo-STEM-272x182.jpg",272,182,true],"sow-post-carousel-overlay-theme":["https:\/\/site.educa.madrid.org\/ies.antoniodenebrija.mostoles\/\/wp-content\/uploads\/ies.antoniodenebrija.mostoles\/2025\/02\/imagen-logo-STEM.jpg",360,179,false],"sow-post-carousel-cards-theme":["https:\/\/site.educa.madrid.org\/ies.antoniodenebrija.mostoles\/\/wp-content\/uploads\/ies.antoniodenebrija.mostoles\/2025\/02\/imagen-logo-STEM.jpg",360,179,false],"rt_custom":["https:\/\/site.educa.madrid.org\/ies.antoniodenebrija.mostoles\/\/wp-content\/uploads\/ies.antoniodenebrija.mostoles\/2025\/02\/imagen-logo-STEM.jpg",613,304,false]},"rttpg_author":{"display_name":"Alicia C\u00e1ceres Garc\u00eda","author_link":"https:\/\/site.educa.madrid.org\/ies.antoniodenebrija.mostoles\/index.php\/author\/alicia_caceres-garcia\/"},"rttpg_comment":0,"rttpg_category":false,"rttpg_excerpt":"CURSO 25\/26 El \u00abAula de la naturaleza\u00bb es el proyecto que el centro present\u00f3 el curso pasado para la obtenci\u00f3n de la categor\u00eda de \u00abCentro STEM de la Comunidad de ...","post_mailing_queue_ids":[],"_links":{"self":[{"href":"https:\/\/site.educa.madrid.org\/ies.antoniodenebrija.mostoles\/index.php\/wp-json\/wp\/v2\/pages\/2540","targetHints":{"allow":["GET"]}}],"collection":[{"href":"https:\/\/site.educa.madrid.org\/ies.antoniodenebrija.mostoles\/index.php\/wp-json\/wp\/v2\/pages"}],"about":[{"href":"https:\/\/site.educa.madrid.org\/ies.antoniodenebrija.mostoles\/index.php\/wp-json\/wp\/v2\/types\/page"}],"author":[{"embeddable":true,"href":"https:\/\/site.educa.madrid.org\/ies.antoniodenebrija.mostoles\/index.php\/wp-json\/wp\/v2\/users\/11"}],"replies":[{"embeddable":true,"href":"https:\/\/site.educa.madrid.org\/ies.antoniodenebrija.mostoles\/index.php\/wp-json\/wp\/v2\/comments?post=2540"}],"version-history":[{"count":4,"href":"https:\/\/site.educa.madrid.org\/ies.antoniodenebrija.mostoles\/index.php\/wp-json\/wp\/v2\/pages\/2540\/revisions"}],"predecessor-version":[{"id":4755,"href":"https:\/\/site.educa.madrid.org\/ies.antoniodenebrija.mostoles\/index.php\/wp-json\/wp\/v2\/pages\/2540\/revisions\/4755"}],"wp:featuredmedia":[{"embeddable":true,"href":"https:\/\/site.educa.madrid.org\/ies.antoniodenebrija.mostoles\/index.php\/wp-json\/wp\/v2\/media\/2547"}],"wp:attachment":[{"href":"https:\/\/site.educa.madrid.org\/ies.antoniodenebrija.mostoles\/index.php\/wp-json\/wp\/v2\/media?parent=2540"}],"wp:term":[{"taxonomy":"folder","embeddable":true,"href":"https:\/\/site.educa.madrid.org\/ies.antoniodenebrija.mostoles\/index.php\/wp-json\/wp\/v2\/folder?post=2540"}],"curies":[{"name":"wp","href":"https:\/\/api.w.org\/{rel}","templated":true}]}}