{"id":2593,"date":"2025-02-04T13:10:46","date_gmt":"2025-02-04T12:10:46","guid":{"rendered":"https:\/\/site.educa.madrid.org\/ies.antoniodenebrija.mostoles\/?page_id=2593"},"modified":"2025-02-04T13:57:23","modified_gmt":"2025-02-04T12:57:23","slug":"examenes-de-cambridge-4o-eso","status":"publish","type":"page","link":"https:\/\/site.educa.madrid.org\/ies.antoniodenebrija.mostoles\/index.php\/examenes-de-cambridge-4o-eso\/","title":{"rendered":"Ex\u00e1menes de Cambridge 4\u00ba ESO"},"content":{"rendered":"<div class=\"wp-block-image\">\n<figure class=\"alignright size-large is-resized\"><img loading=\"lazy\" decoding=\"async\" width=\"1024\" height=\"682\" src=\"https:\/\/site.educa.madrid.org\/ies.antoniodenebrija.mostoles\/\/wp-content\/uploads\/ies.antoniodenebrija.mostoles\/2025\/02\/write-a-review-6640061_1280-1024x682.jpg\" alt=\"\" class=\"wp-image-2596\" style=\"width:290px;height:auto\" srcset=\"https:\/\/site.educa.madrid.org\/ies.antoniodenebrija.mostoles\/\/wp-content\/uploads\/ies.antoniodenebrija.mostoles\/2025\/02\/write-a-review-6640061_1280-1024x682.jpg 1024w, https:\/\/site.educa.madrid.org\/ies.antoniodenebrija.mostoles\/\/wp-content\/uploads\/ies.antoniodenebrija.mostoles\/2025\/02\/write-a-review-6640061_1280-300x200.jpg 300w, https:\/\/site.educa.madrid.org\/ies.antoniodenebrija.mostoles\/\/wp-content\/uploads\/ies.antoniodenebrija.mostoles\/2025\/02\/write-a-review-6640061_1280-768x512.jpg 768w, https:\/\/site.educa.madrid.org\/ies.antoniodenebrija.mostoles\/\/wp-content\/uploads\/ies.antoniodenebrija.mostoles\/2025\/02\/write-a-review-6640061_1280-391x260.jpg 391w, https:\/\/site.educa.madrid.org\/ies.antoniodenebrija.mostoles\/\/wp-content\/uploads\/ies.antoniodenebrija.mostoles\/2025\/02\/write-a-review-6640061_1280-272x182.jpg 272w, https:\/\/site.educa.madrid.org\/ies.antoniodenebrija.mostoles\/\/wp-content\/uploads\/ies.antoniodenebrija.mostoles\/2025\/02\/write-a-review-6640061_1280.jpg 1280w\" sizes=\"auto, (max-width: 1024px) 100vw, 1024px\" \/><\/figure>\n<\/div>\n\n<p><span style=\"font-weight: 400; color: #000000;\">En el tercer trimestre, los alumnos de 4\u00ba de ESO realizar\u00e1n las pruebas externas de ingl\u00e9s que la Comunidad de Madrid establece para los centros p\u00fablicos biling\u00fces. Estas pruebas las llevan a cabo centros examinadores oficiales de Cambridge y permiten obtener un certificado de alguno de los niveles que aparecen a continuaci\u00f3n.<\/span><\/p>\n<p><span style=\"color: #000000;\"><strong><i>Key English Test (KET) for schools<\/i><\/strong><\/span><\/p>\n<p><span style=\"font-weight: 400;\">Este examen certifica un nivel A2 de ingl\u00e9s.\u00a0<\/span><\/p>\n<p><a href=\"https:\/\/www.cambridgeenglish.org\/es\/exams-and-tests\/key-for-schools\/exam-format\/\"><span style=\"font-weight: 400;\">FORMATO DE EXAMEN<\/span><\/a><\/p>\n<p><a href=\"https:\/\/www.cambridgeenglish.org\/es\/Images\/506886-a2-key-2020-vocabulary-list.pdf\"><span style=\"font-weight: 400;\">LISTA DE VOCABULARIO \u00daTIL<\/span><\/a><\/p>\n<p><span style=\"color: #000000;\"><b><i>Preliminary English Test (PET) for schools<\/i><\/b><\/span><\/p>\n<p><span style=\"font-weight: 400;\">Este examen certifica un nivel B1 de ingl\u00e9s.\u00a0<\/span><\/p>\n<p><a href=\"https:\/\/www.cambridgeenglish.org\/es\/exams-and-tests\/preliminary-for-schools\/exam-format\/\"><span style=\"font-weight: 400;\">FORMATO DEL EXAMEN<\/span><\/a><\/p>\n<p><a href=\"https:\/\/www.cambridgeenglish.org\/es\/Images\/506887-b1-preliminary-2020-vocabulary-list.pdf\"><span style=\"font-weight: 400;\">LISTA DE VOCABULARIO<\/span><\/a><\/p>\n<p><span style=\"color: #000000;\"><b><i>First Certificate in English (FCE) for schools<\/i><\/b><\/span><\/p>\n<p><span style=\"font-weight: 400;\">Este examen certifica un nivel B2 de ingl\u00e9s.\u00a0<\/span><\/p>\n<p><a href=\"https:\/\/www.cambridgeenglish.org\/es\/exams-and-tests\/first-for-schools\/exam-format\/\"><span style=\"font-weight: 400;\">FORMATO DE EXAMEN<\/span><\/a><\/p>\n<p><a href=\"https:\/\/www.cambridgeenglish.org\/es\/exams-and-tests\/first-for-schools\/preparation\/#learner-essentials\"><span style=\"font-weight: 400;\">MATERIALES PARA PREPARAR EL EXAMEN<\/span><\/a> <span style=\"font-weight: 400;\">(Aparecen enlaces a materiales, videos del examen oral y aplicaciones gratuitas para practicar algunos aspectos del examen)<\/span><\/p>\n<p><span style=\"color: #000000;\"><b><i>Certificate in Advanced English (CAE)<\/i><\/b><\/span><\/p>\n<p><span style=\"font-weight: 400;\">Este examen certifica un nivel C1 de ingl\u00e9s.\u00a0<\/span><\/p>\n<p><a href=\"https:\/\/www.cambridgeenglish.org\/es\/exams-and-tests\/advanced\/exam-format\/\"><span style=\"font-weight: 400;\">FORMATO DEL EXAMEN<\/span><\/a><\/p>\n<p><a href=\"https:\/\/www.cambridgeenglish.org\/es\/exams-and-tests\/advanced\/preparation\/#exam-essentials\"><span style=\"font-weight: 400;\">INFORMACI\u00d3N GENERAL Y VIDEOS DEL EXAMEN ORAL<\/span><\/a><\/p>\n<p><a href=\"https:\/\/www.cambridgeenglish.org\/es\/exams-and-tests\/advanced\/preparation\/#learner-essentials\"><span style=\"font-weight: 400;\">MATERIALES PARA PREPARAR EL EXAMEN <\/span><\/a><span style=\"font-weight: 400;\">(Aparecen enlaces a materiales, videos del examen oral y aplicaciones gratuitas para practicar algunos aspectos del examen)<\/span><\/p>","protected":false},"excerpt":{"rendered":"<p>En el tercer trimestre, los alumnos de 4\u00ba de ESO realizar\u00e1n las pruebas externas de ingl\u00e9s que la Comunidad de Madrid establece para los centros p\u00fablicos biling\u00fces. Estas pruebas las &#8230;<\/p>\n","protected":false},"author":16,"featured_media":0,"parent":0,"menu_order":0,"comment_status":"closed","ping_status":"closed","template":"","meta":{"footnotes":""},"folder":[],"class_list":["post-2593","page","type-page","status-publish","hentry"],"rttpg_featured_image_url":null,"rttpg_author":{"display_name":"M.Cristina de Gu\u00eda Bravo","author_link":"https:\/\/site.educa.madrid.org\/ies.antoniodenebrija.mostoles\/index.php\/author\/m-cristina-de_gua-bravo\/"},"rttpg_comment":0,"rttpg_category":false,"rttpg_excerpt":"En el tercer trimestre, los alumnos de 4\u00ba de ESO realizar\u00e1n las pruebas externas de ingl\u00e9s que la Comunidad de Madrid establece para los centros p\u00fablicos biling\u00fces. Estas pruebas las ...","post_mailing_queue_ids":[],"_links":{"self":[{"href":"https:\/\/site.educa.madrid.org\/ies.antoniodenebrija.mostoles\/index.php\/wp-json\/wp\/v2\/pages\/2593","targetHints":{"allow":["GET"]}}],"collection":[{"href":"https:\/\/site.educa.madrid.org\/ies.antoniodenebrija.mostoles\/index.php\/wp-json\/wp\/v2\/pages"}],"about":[{"href":"https:\/\/site.educa.madrid.org\/ies.antoniodenebrija.mostoles\/index.php\/wp-json\/wp\/v2\/types\/page"}],"author":[{"embeddable":true,"href":"https:\/\/site.educa.madrid.org\/ies.antoniodenebrija.mostoles\/index.php\/wp-json\/wp\/v2\/users\/16"}],"replies":[{"embeddable":true,"href":"https:\/\/site.educa.madrid.org\/ies.antoniodenebrija.mostoles\/index.php\/wp-json\/wp\/v2\/comments?post=2593"}],"version-history":[{"count":4,"href":"https:\/\/site.educa.madrid.org\/ies.antoniodenebrija.mostoles\/index.php\/wp-json\/wp\/v2\/pages\/2593\/revisions"}],"predecessor-version":[{"id":2601,"href":"https:\/\/site.educa.madrid.org\/ies.antoniodenebrija.mostoles\/index.php\/wp-json\/wp\/v2\/pages\/2593\/revisions\/2601"}],"wp:attachment":[{"href":"https:\/\/site.educa.madrid.org\/ies.antoniodenebrija.mostoles\/index.php\/wp-json\/wp\/v2\/media?parent=2593"}],"wp:term":[{"taxonomy":"folder","embeddable":true,"href":"https:\/\/site.educa.madrid.org\/ies.antoniodenebrija.mostoles\/index.php\/wp-json\/wp\/v2\/folder?post=2593"}],"curies":[{"name":"wp","href":"https:\/\/api.w.org\/{rel}","templated":true}]}}