{"id":1037,"date":"2023-02-27T08:32:06","date_gmt":"2023-02-27T07:32:06","guid":{"rendered":"https:\/\/site.educa.madrid.org\/ies.becquer.algete\/?page_id=1037"},"modified":"2023-02-27T09:26:09","modified_gmt":"2023-02-27T08:26:09","slug":"intervencion","status":"publish","type":"page","link":"https:\/\/site.educa.madrid.org\/ies.becquer.algete\/index.php\/inicio\/servicios-y-actividades\/aula-tgd\/intervencion\/","title":{"rendered":"Intervenci\u00f3n"},"content":{"rendered":"\n<div class=\"wp-block-image\"><figure class=\"aligncenter size-large is-resized\"><img loading=\"lazy\" decoding=\"async\" src=\"https:\/\/site.educa.madrid.org\/ies.becquer.algete\/\/wp-content\/uploads\/ies.becquer.algete\/2023\/02\/intervencion-1024x682.jpg\" alt=\"\" class=\"wp-image-1075\" width=\"543\" height=\"361\" srcset=\"https:\/\/site.educa.madrid.org\/ies.becquer.algete\/\/wp-content\/uploads\/ies.becquer.algete\/2023\/02\/intervencion-1024x682.jpg 1024w, https:\/\/site.educa.madrid.org\/ies.becquer.algete\/\/wp-content\/uploads\/ies.becquer.algete\/2023\/02\/intervencion-300x200.jpg 300w, https:\/\/site.educa.madrid.org\/ies.becquer.algete\/\/wp-content\/uploads\/ies.becquer.algete\/2023\/02\/intervencion-768x512.jpg 768w, https:\/\/site.educa.madrid.org\/ies.becquer.algete\/\/wp-content\/uploads\/ies.becquer.algete\/2023\/02\/intervencion-391x260.jpg 391w, https:\/\/site.educa.madrid.org\/ies.becquer.algete\/\/wp-content\/uploads\/ies.becquer.algete\/2023\/02\/intervencion-272x182.jpg 272w, https:\/\/site.educa.madrid.org\/ies.becquer.algete\/\/wp-content\/uploads\/ies.becquer.algete\/2023\/02\/intervencion.jpg 1280w\" sizes=\"auto, (max-width: 543px) 100vw, 543px\" \/><\/figure><\/div>\n\n\n\n<p>La intervenci\u00f3n se realiza tanto dentro como fuera del aula TEA y es de dos tipos:<\/p>\n\n\n\n<ul class=\"wp-block-list\"><li><strong>Apoyo curricular:<\/strong> Una vez conocidas las necesidades del alumno se le apoya, con ayudas puntuales o sistem\u00e1ticas (siguiendo un horario de clases de apoyo), en aquellas materias en las que necesite ser reforzado: Lengua Castellana y Literatura; Matem\u00e1ticas; Ampliaci\u00f3n de matem\u00e1ticas; Biolog\u00eda, F\u00edsica y Qu\u00edmica; Geograf\u00eda e Historia; M\u00fasica; Educaci\u00f3n F\u00edsica, Tecnolog\u00eda, TPR; Valores \u00c9ticos\u2026 dentro del aula de referencia o del aula de apoyo, seg\u00fan se requiera, priorizando su proceso de normalizaci\u00f3n e integraci\u00f3n.<\/li><li><strong>Apoyo a la interacci\u00f3n social mediante diferentes programas:<\/strong> proyecto patios inclusivos, c\u00edrculo de amigos\u2026<\/li><\/ul>\n","protected":false},"excerpt":{"rendered":"<p>La intervenci\u00f3n se realiza tanto dentro como fuera del aula TEA y es de dos tipos: Apoyo curricular: Una vez conocidas las necesidades del alumno se le apoya, con ayudas puntuales o sistem\u00e1ticas (siguiendo un horario de clases de apoyo), en aquellas materias en las que necesite ser reforzado: Lengua Castellana y Literatura; Matem\u00e1ticas; Ampliaci\u00f3n &hellip; <\/p>\n<p class=\"link-more\"><a href=\"https:\/\/site.educa.madrid.org\/ies.becquer.algete\/index.php\/inicio\/servicios-y-actividades\/aula-tgd\/intervencion\/\" class=\"more-link\">Continuar leyendo<span class=\"screen-reader-text\"> \u00abIntervenci\u00f3n\u00bb<\/span><\/a><\/p>\n","protected":false},"author":3,"featured_media":0,"parent":741,"menu_order":5,"comment_status":"closed","ping_status":"closed","template":"page-with-siblings-submenu.php","meta":{"footnotes":""},"folder":[],"class_list":["post-1037","page","type-page","status-publish","hentry"],"rttpg_featured_image_url":null,"rttpg_author":{"display_name":"ies.becquer.algete","author_link":"https:\/\/site.educa.madrid.org\/ies.becquer.algete\/index.php\/author\/cuenta_ies-becquer-algete\/"},"rttpg_comment":0,"rttpg_category":false,"rttpg_excerpt":"La intervenci\u00f3n se realiza tanto dentro como fuera del aula TEA y es de dos tipos: Apoyo curricular: Una vez conocidas las necesidades del alumno se le apoya, con ayudas puntuales o sistem\u00e1ticas (siguiendo un horario de clases de apoyo), en aquellas materias en las que necesite ser reforzado: Lengua Castellana y Literatura; Matem\u00e1ticas; Ampliaci\u00f3n&hellip;","post_mailing_queue_ids":[],"_links":{"self":[{"href":"https:\/\/site.educa.madrid.org\/ies.becquer.algete\/index.php\/wp-json\/wp\/v2\/pages\/1037","targetHints":{"allow":["GET"]}}],"collection":[{"href":"https:\/\/site.educa.madrid.org\/ies.becquer.algete\/index.php\/wp-json\/wp\/v2\/pages"}],"about":[{"href":"https:\/\/site.educa.madrid.org\/ies.becquer.algete\/index.php\/wp-json\/wp\/v2\/types\/page"}],"author":[{"embeddable":true,"href":"https:\/\/site.educa.madrid.org\/ies.becquer.algete\/index.php\/wp-json\/wp\/v2\/users\/3"}],"replies":[{"embeddable":true,"href":"https:\/\/site.educa.madrid.org\/ies.becquer.algete\/index.php\/wp-json\/wp\/v2\/comments?post=1037"}],"version-history":[{"count":3,"href":"https:\/\/site.educa.madrid.org\/ies.becquer.algete\/index.php\/wp-json\/wp\/v2\/pages\/1037\/revisions"}],"predecessor-version":[{"id":1077,"href":"https:\/\/site.educa.madrid.org\/ies.becquer.algete\/index.php\/wp-json\/wp\/v2\/pages\/1037\/revisions\/1077"}],"up":[{"embeddable":true,"href":"https:\/\/site.educa.madrid.org\/ies.becquer.algete\/index.php\/wp-json\/wp\/v2\/pages\/741"}],"wp:attachment":[{"href":"https:\/\/site.educa.madrid.org\/ies.becquer.algete\/index.php\/wp-json\/wp\/v2\/media?parent=1037"}],"wp:term":[{"taxonomy":"folder","embeddable":true,"href":"https:\/\/site.educa.madrid.org\/ies.becquer.algete\/index.php\/wp-json\/wp\/v2\/folder?post=1037"}],"curies":[{"name":"wp","href":"https:\/\/api.w.org\/{rel}","templated":true}]}}