{"id":117,"date":"2022-06-06T09:28:10","date_gmt":"2022-06-06T07:28:10","guid":{"rendered":"https:\/\/site.educa.madrid.org\/ies.becquer.algete\/?page_id=117"},"modified":"2023-03-04T16:18:18","modified_gmt":"2023-03-04T15:18:18","slug":"donde-estamos","status":"publish","type":"page","link":"https:\/\/site.educa.madrid.org\/ies.becquer.algete\/index.php\/inicio\/nuestro-centro\/donde-estamos\/","title":{"rendered":"D\u00f3nde estamos"},"content":{"rendered":"\n<iframe loading=\"lazy\" width=\"1200\" height=\"350\" frameborder=\"0\" scrolling=\"no\" marginheight=\"0\" marginwidth=\"0\" src=\"https:\/\/www.openstreetmap.org\/export\/embed.html?bbox=-3.5159790515899663%2C40.597857174805235%2C-3.5086834430694585%2C40.60237010507962&amp;layer=mapnik\" style=\"border: 1px solid black\"><\/iframe><br><small><a href=\"https:\/\/www.openstreetmap.org\/#map=17\/40.60011\/-3.51233\">Ver mapa m\u00e1s grande<\/a><\/small>\n\n\n\n<p><strong>IES Gustavo Adolfo B\u00e9cquer<br><\/strong>Avda. Europa, s\/n<br>28110 Algete (Madrid)<\/p>\n\n\n\n<p>El I.E.S. Gustavo Adolfo B\u00e9cquer se encuentra en la Avda. de Europa s\/n de Algete.<\/p>\n\n\n\n<p>Si se viene desde Madrid, el itinerario m\u00e1s sencillo es tomar la A-1 (direcci\u00f3n Burgos) hasta la salida 23 (M-100. Cobe\u00f1a-Algete).<\/p>\n\n\n\n<p>Entrando en la M-100 y siguiendo luego por la M-106 se llega al desv\u00edo que conduce a la Carretera de Torrelaguna-Fuente el Saz (M-103).<\/p>\n\n\n\n<p>La zona escolar se encuentra a la izquierda de esta \u00faltima v\u00eda. Para acceder a ella es preciso hacer el cambio de sentido en la primera glorieta.<\/p>\n\n\n\n<p><strong>Transporte p\u00fablico\u00a0<\/strong><\/p>\n\n\n\n<p>En transporte p\u00fablico se llega con los autobuses de las l\u00edneas 181, 182, 183, 184 y 185, que unen la localidad con Madrid (Intercambiador de Plaza de Castilla, and\u00e9n 7), con una frecuencia variable de 10, 15, 20, 30 minutos.<\/p>\n\n\n\n<p>La l\u00ednea 180 permite llegar a Alcobendas (Estaci\u00f3n Renfe-Cercan\u00edas), de la empresa BERNAL-CAR (INTERBUS).\u00a0<\/p>\n\n\n\n<p>La l\u00ednea 183 desde Madrid (Pza. Castilla) pasa por Algete y Cobe\u00f1a y llega hasta el pueblo de Barajas (Estaci\u00f3n de Metro), pr\u00f3xima al aeropuerto.&nbsp;<\/p>\n\n\n\n<p>La l\u00ednea 254 de Alcal\u00e1 de Henares a Fuente el Saz tiene paradas en Daganzo, Ajalvir, Cobe\u00f1a y Algete (C\/ Sta. Teresa de Jes\u00fas).\u00a0\u00a0<\/p>\n\n\n\n<p>La l\u00ednea 171 desde Madrid (Pza. Castilla) lleva a la Urbanizaci\u00f3n Santo Domingo.<\/p>\n\n\n\n<p>Los autobuses urbanos unen distintos barrios del municipio, desde Montesoro, Casco Antiguo, Palomares, Plaza Toros, Nuevo Algete, Valderrey, Polideportivo &#8211; Institutos, Pol\u00edgonos Industriales y Santo Domingo, aunque no en todos los horarios realizan el recorrido completo. Otra l\u00ednea une Algete con Fuente el Saz y Prado Norte y una tercera que funciona los fines de semana, une Fuente el Saz y Algete con el Parque Corredor en Torrej\u00f3n.\u00a0<\/p>\n","protected":false},"excerpt":{"rendered":"<p>Ver mapa m\u00e1s grande IES Gustavo Adolfo B\u00e9cquerAvda. Europa, s\/n28110 Algete (Madrid) El I.E.S. Gustavo Adolfo B\u00e9cquer se encuentra en la Avda. de Europa s\/n de Algete. Si se viene desde Madrid, el itinerario m\u00e1s sencillo es tomar la A-1 (direcci\u00f3n Burgos) hasta la salida 23 (M-100. Cobe\u00f1a-Algete). Entrando en la M-100 y siguiendo luego &hellip; <\/p>\n<p class=\"link-more\"><a href=\"https:\/\/site.educa.madrid.org\/ies.becquer.algete\/index.php\/inicio\/nuestro-centro\/donde-estamos\/\" class=\"more-link\">Continuar leyendo<span class=\"screen-reader-text\"> \u00abD\u00f3nde estamos\u00bb<\/span><\/a><\/p>\n","protected":false},"author":5,"featured_media":0,"parent":664,"menu_order":2,"comment_status":"closed","ping_status":"closed","template":"page-with-siblings-submenu.php","meta":{"footnotes":""},"folder":[],"class_list":["post-117","page","type-page","status-publish","hentry"],"rttpg_featured_image_url":null,"rttpg_author":{"display_name":"Cuenta Admin-educamadrid","author_link":"https:\/\/site.educa.madrid.org\/ies.becquer.algete\/index.php\/author\/cuenta_admin-educamadrid\/"},"rttpg_comment":0,"rttpg_category":false,"rttpg_excerpt":"Ver mapa m\u00e1s grande IES Gustavo Adolfo B\u00e9cquerAvda. Europa, s\/n28110 Algete (Madrid) El I.E.S. Gustavo Adolfo B\u00e9cquer se encuentra en la Avda. de Europa s\/n de Algete. Si se viene desde Madrid, el itinerario m\u00e1s sencillo es tomar la A-1 (direcci\u00f3n Burgos) hasta la salida 23 (M-100. Cobe\u00f1a-Algete). Entrando en la M-100 y siguiendo luego&hellip;","post_mailing_queue_ids":[],"_links":{"self":[{"href":"https:\/\/site.educa.madrid.org\/ies.becquer.algete\/index.php\/wp-json\/wp\/v2\/pages\/117","targetHints":{"allow":["GET"]}}],"collection":[{"href":"https:\/\/site.educa.madrid.org\/ies.becquer.algete\/index.php\/wp-json\/wp\/v2\/pages"}],"about":[{"href":"https:\/\/site.educa.madrid.org\/ies.becquer.algete\/index.php\/wp-json\/wp\/v2\/types\/page"}],"author":[{"embeddable":true,"href":"https:\/\/site.educa.madrid.org\/ies.becquer.algete\/index.php\/wp-json\/wp\/v2\/users\/5"}],"replies":[{"embeddable":true,"href":"https:\/\/site.educa.madrid.org\/ies.becquer.algete\/index.php\/wp-json\/wp\/v2\/comments?post=117"}],"version-history":[{"count":9,"href":"https:\/\/site.educa.madrid.org\/ies.becquer.algete\/index.php\/wp-json\/wp\/v2\/pages\/117\/revisions"}],"predecessor-version":[{"id":1289,"href":"https:\/\/site.educa.madrid.org\/ies.becquer.algete\/index.php\/wp-json\/wp\/v2\/pages\/117\/revisions\/1289"}],"up":[{"embeddable":true,"href":"https:\/\/site.educa.madrid.org\/ies.becquer.algete\/index.php\/wp-json\/wp\/v2\/pages\/664"}],"wp:attachment":[{"href":"https:\/\/site.educa.madrid.org\/ies.becquer.algete\/index.php\/wp-json\/wp\/v2\/media?parent=117"}],"wp:term":[{"taxonomy":"folder","embeddable":true,"href":"https:\/\/site.educa.madrid.org\/ies.becquer.algete\/index.php\/wp-json\/wp\/v2\/folder?post=117"}],"curies":[{"name":"wp","href":"https:\/\/api.w.org\/{rel}","templated":true}]}}