{"id":122,"date":"2022-06-06T09:28:10","date_gmt":"2022-06-06T07:28:10","guid":{"rendered":"https:\/\/site.educa.madrid.org\/ies.becquer.algete\/?page_id=122"},"modified":"2023-03-02T19:59:43","modified_gmt":"2023-03-02T18:59:43","slug":"alumnos","status":"publish","type":"page","link":"https:\/\/site.educa.madrid.org\/ies.becquer.algete\/index.php\/inicio\/nuestro-centro\/alumnos\/","title":{"rendered":"Alumnos"},"content":{"rendered":"\n<figure class=\"wp-block-gallery has-nested-images columns-default is-cropped wp-block-gallery-1 is-layout-flex wp-block-gallery-is-layout-flex\">\n<figure class=\"wp-block-image size-large\"><img loading=\"lazy\" decoding=\"async\" width=\"1024\" height=\"683\" data-id=\"281\" src=\"https:\/\/site.educa.madrid.org\/ies.becquer.algete\/\/wp-content\/uploads\/ies.becquer.algete\/2022\/06\/priscilla-du-preez-WFBVn6fSgys-unsplash-1-1024x683.jpg\" alt=\"tres chicas abraz\u00e1ndose y sonriendo\" class=\"wp-image-281\" srcset=\"https:\/\/site.educa.madrid.org\/ies.becquer.algete\/\/wp-content\/uploads\/ies.becquer.algete\/2022\/06\/priscilla-du-preez-WFBVn6fSgys-unsplash-1-1024x683.jpg 1024w, https:\/\/site.educa.madrid.org\/ies.becquer.algete\/\/wp-content\/uploads\/ies.becquer.algete\/2022\/06\/priscilla-du-preez-WFBVn6fSgys-unsplash-1-300x200.jpg 300w, https:\/\/site.educa.madrid.org\/ies.becquer.algete\/\/wp-content\/uploads\/ies.becquer.algete\/2022\/06\/priscilla-du-preez-WFBVn6fSgys-unsplash-1-768x512.jpg 768w, https:\/\/site.educa.madrid.org\/ies.becquer.algete\/\/wp-content\/uploads\/ies.becquer.algete\/2022\/06\/priscilla-du-preez-WFBVn6fSgys-unsplash-1-391x260.jpg 391w, https:\/\/site.educa.madrid.org\/ies.becquer.algete\/\/wp-content\/uploads\/ies.becquer.algete\/2022\/06\/priscilla-du-preez-WFBVn6fSgys-unsplash-1-1536x1024.jpg 1536w, https:\/\/site.educa.madrid.org\/ies.becquer.algete\/\/wp-content\/uploads\/ies.becquer.algete\/2022\/06\/priscilla-du-preez-WFBVn6fSgys-unsplash-1-272x182.jpg 272w, https:\/\/site.educa.madrid.org\/ies.becquer.algete\/\/wp-content\/uploads\/ies.becquer.algete\/2022\/06\/priscilla-du-preez-WFBVn6fSgys-unsplash-1.jpg 1920w\" sizes=\"auto, (max-width: 706px) 89vw, (max-width: 767px) 82vw, 740px\" \/><\/figure>\n<\/figure>\n\n\n\n<p>En este curso escolar, el centro cuenta con <strong>820 alumnos: 640 alumnos est\u00e1n cursando la etapa de Educaci\u00f3n Secundaria Obligatoria y 180 Bachillerato.<\/strong><\/p>\n\n\n\n<p>Alrededor del <strong>4% de alumnos son de necesidades educativas especiales<\/strong> y, adem\u00e1s de realizar trabajos en sus cursos de referencia, trabajan con especialistas en Pedagog\u00eda Terap\u00e9utica.<\/p>\n\n\n\n<p>La mayor\u00eda de alumnos residen en el barrio, aunque tanto al inicio como a lo largo del curso escolar se matriculan alumnos que provienen de otros municipios, comunidades o pa\u00edses. Estos casos son muy puntuales y reciben una respuesta r\u00e1pida por parte del centro para que los alumnos puedan adaptarse r\u00e1pidamente dentro de la comunidad educativa.<strong> El n\u00famero de alumnos extranjeros representa aproximadamente un 5% del total.<\/strong><\/p>\n\n\n\n<p><strong>El nivel socio-econ\u00f3mico y cultural de las familias es muy variado<\/strong>, predominando el nivel medio en todas sus variables.<\/p>\n","protected":false},"excerpt":{"rendered":"<p>En este curso escolar, el centro cuenta con 820 alumnos: 640 alumnos est\u00e1n cursando la etapa de Educaci\u00f3n Secundaria Obligatoria y 180 Bachillerato. Alrededor del 4% de alumnos son de necesidades educativas especiales y, adem\u00e1s de realizar trabajos en sus cursos de referencia, trabajan con especialistas en Pedagog\u00eda Terap\u00e9utica. La mayor\u00eda de alumnos residen en &hellip; <\/p>\n<p class=\"link-more\"><a href=\"https:\/\/site.educa.madrid.org\/ies.becquer.algete\/index.php\/inicio\/nuestro-centro\/alumnos\/\" class=\"more-link\">Continuar leyendo<span class=\"screen-reader-text\"> \u00abAlumnos\u00bb<\/span><\/a><\/p>\n","protected":false},"author":5,"featured_media":0,"parent":664,"menu_order":7,"comment_status":"closed","ping_status":"closed","template":"page-with-siblings-submenu.php","meta":{"footnotes":""},"folder":[],"class_list":["post-122","page","type-page","status-publish","hentry"],"rttpg_featured_image_url":null,"rttpg_author":{"display_name":"Cuenta Admin-educamadrid","author_link":"https:\/\/site.educa.madrid.org\/ies.becquer.algete\/index.php\/author\/cuenta_admin-educamadrid\/"},"rttpg_comment":0,"rttpg_category":false,"rttpg_excerpt":"En este curso escolar, el centro cuenta con 820 alumnos: 640 alumnos est\u00e1n cursando la etapa de Educaci\u00f3n Secundaria Obligatoria y 180 Bachillerato. Alrededor del 4% de alumnos son de necesidades educativas especiales y, adem\u00e1s de realizar trabajos en sus cursos de referencia, trabajan con especialistas en Pedagog\u00eda Terap\u00e9utica. La mayor\u00eda de alumnos residen en&hellip;","post_mailing_queue_ids":[],"_links":{"self":[{"href":"https:\/\/site.educa.madrid.org\/ies.becquer.algete\/index.php\/wp-json\/wp\/v2\/pages\/122","targetHints":{"allow":["GET"]}}],"collection":[{"href":"https:\/\/site.educa.madrid.org\/ies.becquer.algete\/index.php\/wp-json\/wp\/v2\/pages"}],"about":[{"href":"https:\/\/site.educa.madrid.org\/ies.becquer.algete\/index.php\/wp-json\/wp\/v2\/types\/page"}],"author":[{"embeddable":true,"href":"https:\/\/site.educa.madrid.org\/ies.becquer.algete\/index.php\/wp-json\/wp\/v2\/users\/5"}],"replies":[{"embeddable":true,"href":"https:\/\/site.educa.madrid.org\/ies.becquer.algete\/index.php\/wp-json\/wp\/v2\/comments?post=122"}],"version-history":[{"count":9,"href":"https:\/\/site.educa.madrid.org\/ies.becquer.algete\/index.php\/wp-json\/wp\/v2\/pages\/122\/revisions"}],"predecessor-version":[{"id":1126,"href":"https:\/\/site.educa.madrid.org\/ies.becquer.algete\/index.php\/wp-json\/wp\/v2\/pages\/122\/revisions\/1126"}],"up":[{"embeddable":true,"href":"https:\/\/site.educa.madrid.org\/ies.becquer.algete\/index.php\/wp-json\/wp\/v2\/pages\/664"}],"wp:attachment":[{"href":"https:\/\/site.educa.madrid.org\/ies.becquer.algete\/index.php\/wp-json\/wp\/v2\/media?parent=122"}],"wp:term":[{"taxonomy":"folder","embeddable":true,"href":"https:\/\/site.educa.madrid.org\/ies.becquer.algete\/index.php\/wp-json\/wp\/v2\/folder?post=122"}],"curies":[{"name":"wp","href":"https:\/\/api.w.org\/{rel}","templated":true}]}}